000
CXUS54 KJAN 011410
CF6GLH
PRELIMINARY LOCAL CLIMATOLOGICAL DATA (WS FORM: F-6)
STATION: GREENVILLE
MONTH: JUNE
YEAR: 2023
LATITUDE: 33 29 N
LONGITUDE: 90 59 W
TEMPERATURE IN F: :PCPN: SNOW: WIND :SUNSHINE: SKY :PK WND
================================================================================
1 2 3 4 5 6A 6B 7 8 9 10 11 12 13 14 15 16 17 18
12Z AVG MX 2MIN
DY MAX MIN AVG DEP HDD CDD WTR SNW DPTH SPD SPD DIR MIN PSBL S-S WX SPD DR
================================================================================
1 90 62 76 -1 0 11 0.00 0.0 0 5.7 12 110 M M 2 16 130
2 93 65 79 2 0 14 0.00 0.0 0 2.3 15 280 M M 1 3 19 330
3 93 65 79 2 0 14 0.00 0.0 0 4.6 13 90 M M 1 18 90
4 95 64 80 3 0 15 0.00 0.0 0 3.2 9 120 M M 0 18 14 70
5 93 65 79 1 0 14 0.34 0.0 0 3.3 18 50 M M 1 138 27 140
6 88 66 77 -1 0 12 0.01 0.0 0 2.8 10 90 M M 1 138 13 90
7 92 67 80 2 0 15 0.00 0.0 0 2.5 9 10 M M 1 1 19 330
8 93 67 80 2 0 15 0.10 0.0 0 4.1 17 270 M M 0 138 24 280
9 88 69 79 1 0 14 0.00 0.0 0 3.5 8 20 M M 0 1 11 50
10 92 68 80 2 0 15 0.24 0.0 0 6.6 37 280 M M 3 13 49 290
11 90 66 78 -1 0 13 1.37 0.0 0 10.6 26 10 M M 0 13 37 340
12 80 67 74 -5 0 9 0.02 0.0 0 5.9 15 10 M M 3 138 22 10
13 80 65 73 -6 0 8 0.01 0.0 0 5.7 14 190 M M 4 13 18 190
14 87 69 78 -1 0 13 1.87 0.0 0 8.3 32 310 M M 7 13 48 300
15 90 70 80 1 0 15 0.09 0.0 0 3.8 10 200 M M 5 13 14 290
16 90 72 81 1 0 16 T 0.0 0 6.5 24 30 M M 3 3 32 20
17 92 70 81 1 0 16 0.00 0.0 0 4.1 12 40 M M 1 15 40
18 87 70 79 -1 0 14 0.37 0.0 0 8.6 31 310 M M 5 13 45 320
19 90 69 80 0 0 15 T 0.0 0 4.4 13 310 M M 1 1 16 320
20 91 69 80 0 0 15 0.00 0.0 0 3.9 12 10 M M 0 1 16 M
21 89 70 80 0 0 15 0.00 0.0 0 6.9 17 20 M M 1 1 27 20
22 88 66 77 -3 0 12 T 0.0 0 6.3 13 60 M M 1 17 60
23 91 64 78 -3 0 13 0.00 0.0 0 3.1 9 230 M M 0 1 13 140
24 94 66 80 -1 0 15 0.00 0.0 0 6.3 15 190 M M 0 20 180
25 95 71 83 2 0 18 0.62 0.0 0 10.8 31 360 M M 2 13 46 350
26 91 72 82 1 0 17 0.00 0.0 0 7.1 22 240 M M 3 3 29 240
27 95 73 84 3 0 19 T 0.0 0 5.2 15 160 M M 3 3 21 360
28 94 72 83 2 0 18 0.00 0.0 0 5.5 14 180 M M 1 1 19 200
29 97 77 87 6 0 22 0.00 0.0 0 6.8 13 220 M M 1 17 220
30 97 77 87 5 0 22 0.00 0.0 0 5.7 15 230 M M 0 1 19 230
================================================================================
SM 2725 2053 0 444 5.04 0.0 164.1 M 51
================================================================================
AV 90.8 68.4 5.5 FASTST M M 2 MAX(MPH)
MISC ----> 37 280 49 290
================================================================================
NOTES:
# LAST OF SEVERAL OCCURRENCES
COLUMN 17 PEAK WIND IN M.P.H.
PRELIMINARY LOCAL CLIMATOLOGICAL DATA (WS FORM: F-6) , PAGE 2
STATION: GREENVILLE
MONTH: JUNE
YEAR: 2023
LATITUDE: 33 29 N
LONGITUDE: 90 59 W
[TEMPERATURE DATA] [PRECIPITATION DATA] SYMBOLS USED IN COLUMN 16
AVERAGE MONTHLY: 79.6 TOTAL FOR MONTH: 5.04 1 = FOG OR MIST
DPTR FM NORMAL: 0.2 DPTR FM NORMAL: 1.72 2 = FOG REDUCING VISIBILITY
HIGHEST: 97 ON 30,29 GRTST 24HR 1.87 ON 14-14 TO 1/4 MILE OR LESS
LOWEST: 62 ON 1 3 = THUNDER
SNOW, ICE PELLETS, HAIL 4 = ICE PELLETS
TOTAL MONTH: 0.0 INCH 5 = HAIL
GRTST 24HR 0.0 6 = FREEZING RAIN OR DRIZZLE
GRTST DEPTH: 0 7 = DUSTSTORM OR SANDSTORM:
VSBY 1/2 MILE OR LESS
8 = SMOKE OR HAZE
[NO. OF DAYS WITH] [WEATHER - DAYS WITH] 9 = BLOWING SNOW
X = TORNADO
MAX 32 OR BELOW: 0 0.01 INCH OR MORE: 11
MAX 90 OR ABOVE: 22 0.10 INCH OR MORE: 7
MIN 32 OR BELOW: 0 0.50 INCH OR MORE: 3
MIN 0 OR BELOW: 0 1.00 INCH OR MORE: 2
[HDD (BASE 65) ]
TOTAL THIS MO. 0 CLEAR (SCALE 0-3) 25
DPTR FM NORMAL 0 PTCLDY (SCALE 4-7) 5
TOTAL FM JUL 1 1954 CLOUDY (SCALE 8-10) 0
DPTR FM NORMAL -665
[CDD (BASE 65) ]
TOTAL THIS MO. 444
DPTR FM NORMAL 14 [PRESSURE DATA]
TOTAL FM JAN 1 834 HIGHEST SLP 30.03 ON 23
DPTR FM NORMAL 52 LOWEST SLP 29.67 ON 10
[REMARKS]
#FINAL-06-23#