000
CXUS54 KJAN 011414
CF6GLH
PRELIMINARY LOCAL CLIMATOLOGICAL DATA (WS FORM: F-6)
STATION: GREENVILLE
MONTH: JUNE
YEAR: 2020
LATITUDE: 33 29 N
LONGITUDE: 90 59 W
TEMPERATURE IN F: :PCPN: SNOW: WIND :SUNSHINE: SKY :PK WND
================================================================================
1 2 3 4 5 6A 6B 7 8 9 10 11 12 13 14 15 16 17 18
12Z AVG MX 2MIN
DY MAX MIN AVG DEP HDD CDD WTR SNW DPTH SPD SPD DIR MIN PSBL S-S WX SPD DR
================================================================================
1 87 63 75 -1 0 10 0.00 0.0 0 5.2 12 100 M M 0 16 50
2 89 62 76 0 0 11 T 0.0 0 3.5 10 240 M M 0 15 200
3 92 71 82 5 0 17 0.00 0.0 0 7.2 22 180 M M 4 29 180
4 92 72 82 5 0 17 0.00 0.0 0 9.9 20 220 M M 1 28 240
5 95 72 84 7 0 19 0.45 0.0 0 7.4 30 70 M M 1 1 49 70
6 90 71 81 4 0 16 0.00 0.0 0 6.5 14 60 M M 2 20 50
7 92 74 83 6 0 18 0.00 0.0 0 12.3 22 70 M M 1 32 50
8 82 74 78 0 0 13 1.76 0.0 0 18.9 30 200 M M 9 1 39 170
9 90 75 83 5 0 18 0.07 0.0 0 16.0 25 200 M M 5 1 34 210
10 84 65 75 -3 0 10 0.28 0.0 0 11.3 31 260 M M 2 13 44 260
11 85 62 74 -4 0 9 0.00 0.0 0 5.9 16 360 M M 0 1 21 20
12 89 62 76 -3 0 11 0.00 0.0 0 8.1 21 70 M M 0 27 30
13 91 63 77 -2 0 12 0.00 0.0 0 7.5 16 60 M M 0 25 50
14 93 67 80 1 0 15 0.00 0.0 0 4.1 9 70 M M 1 14 110
15 93 70 82 3 0 17 0.00 0.0 0 4.3 13 70 M M 1 18 70
16 87 63 75 -4 0 10 0.00 0.0 0 5.4 14 40 M M 0 19 50
17 89 64 77 -3 0 12 0.00 0.0 0 2.2 9 360 M M 3 13 350
18 91 65 78 -2 0 13 0.00 0.0 0 2.2 9 240 M M 1 13 190
19 93 65 79 -1 0 14 0.00 0.0 0 3.0 10 140 M M 0 14 140
20 94 69 82 2 0 17 0.00 0.0 0 8.3 17 200 M M 2 24 190
21 92 71 82 2 0 17 0.12 0.0 0 9.9 26 350 M M 5 13 35 10
22 84 69 77 -3 0 12 0.23 0.0 0 11.3 29 170 M M 6 1 39 170
23 87 75 81 0 0 16 0.00 0.0 0 8.2 20 230 M M 3 25 210
24 88 71 80 -1 0 15 T 0.0 0 5.3 15 150 M M 4 22 140
25 86 70 78 -3 0 13 0.13 0.0 0 5.9 28 220 M M 5 13 35 220
26 77 70 74 -7 0 9 0.75 0.0 0 6.4 24 230 M M 7 1 36 240
27 91 76 84 3 0 19 T 0.0 0 9.5 20 230 M M 1 1 27 220
28 92 76 84 3 0 19 T 0.0 0 9.2 18 210 M M 3 24 210
29 88 75 82 1 0 17 0.00 0.0 0 7.7 17 180 M M 2 21 190
30 93 76 85 4 0 20 T 0.0 0 10.9 20 220 M M 1 28 230
================================================================================
SM 2676 2078 0 436 3.79 0.0 233.5 M 70
================================================================================
AV 89.2 69.3 7.8 FASTST M M 2 MAX(MPH)
MISC ----> # 31 260 # 49 70
================================================================================
NOTES:
# LAST OF SEVERAL OCCURRENCES
COLUMN 17 PEAK WIND IN M.P.H.
PRELIMINARY LOCAL CLIMATOLOGICAL DATA (WS FORM: F-6) , PAGE 2
STATION: GREENVILLE
MONTH: JUNE
YEAR: 2020
LATITUDE: 33 29 N
LONGITUDE: 90 59 W
[TEMPERATURE DATA] [PRECIPITATION DATA] SYMBOLS USED IN COLUMN 16
AVERAGE MONTHLY: 79.2 TOTAL FOR MONTH: 3.79 1 = FOG OR MIST
DPTR FM NORMAL: 0.2 DPTR FM NORMAL: -0.25 2 = FOG REDUCING VISIBILITY
HIGHEST: 95 ON 5 GRTST 24HR 1.76 ON 8- 8 TO 1/4 MILE OR LESS
LOWEST: 62 ON 12,11 3 = THUNDER
SNOW, ICE PELLETS, HAIL 4 = ICE PELLETS
TOTAL MONTH: 0.0 INCH 5 = HAIL
GRTST 24HR 0.0 6 = FREEZING RAIN OR DRIZZLE
GRTST DEPTH: 0 7 = DUSTSTORM OR SANDSTORM:
VSBY 1/2 MILE OR LESS
8 = SMOKE OR HAZE
[NO. OF DAYS WITH] [WEATHER - DAYS WITH] 9 = BLOWING SNOW
X = TORNADO
MAX 32 OR BELOW: 0 0.01 INCH OR MORE: 8
MAX 90 OR ABOVE: 16 0.10 INCH OR MORE: 7
MIN 32 OR BELOW: 0 0.50 INCH OR MORE: 2
MIN 0 OR BELOW: 0 1.00 INCH OR MORE: 1
[HDD (BASE 65) ]
TOTAL THIS MO. 0 CLEAR (SCALE 0-3) 21
DPTR FM NORMAL 0 PTCLDY (SCALE 4-7) 8
TOTAL FM JUL 1 2245 CLOUDY (SCALE 8-10) 1
DPTR FM NORMAL -529
[CDD (BASE 65) ]
TOTAL THIS MO. 436
DPTR FM NORMAL 16 [PRESSURE DATA]
TOTAL FM JAN 1 773 HIGHEST SLP M ON M
DPTR FM NORMAL 31 LOWEST SLP 29.40 ON 8
[REMARKS]
#FINAL-06-20#