000
CXUS54 KJAN 011444
CLMGLH
CLIMATE REPORT
NATIONAL WEATHER SERVICE JACKSON MS
944 AM CDT FRI SEP 01 2023
...................................
...THE GREENVILLE CLIMATE SUMMARY FOR THE MONTH OF AUGUST 2023...
CLIMATE NORMAL PERIOD: 1991 TO 2020
CLIMATE RECORD PERIOD: 1903 TO 2023
WEATHER OBSERVED NORMAL DEPART LAST YEAR`S
VALUE DATE(S) VALUE FROM VALUE DATE(S)
NORMAL
................................................................
TEMPERATURE (F)
RECORD
HIGH 107 08/08/1935
08/08/1930
LOW 50 08/14/2004
HIGHEST 105 08/25 MM MM 99 08/15
LOWEST 59 08/17 MM MM 68 08/13
08/19
08/27
AVG. MAXIMUM 95.6 92.3 3.3 91.0
AVG. MINIMUM 72.1 70.9 1.2 73.3
MEAN 83.8 81.6 2.2 82.1
DAYS MAX >= 90 26 23.4 2.6 22
DAYS MAX <= 32 0 0.0 0.0 0
DAYS MIN <= 32 0 0.0 0.0 0
DAYS MIN <= 0 0 0.0 0.0 0
PRECIPITATION (INCHES)
RECORD
MAXIMUM 8.10 1923
MINIMUM 0.05 1983
TOTALS 1.94 2.83 -0.89 4.05
DAILY AVG. 0.06 0.09 -0.03 0.13
DAYS >= .01 5 7.5 -2.5 13
DAYS >= .10 2 4.8 -2.8 6
DAYS >= .50 1 2.0 -1.0 3
DAYS >= 1.00 1 1.0 0.0 2
GREATEST
24 HR. TOTAL 1.71 08/07 TO 08/08 1.21
08/08 TO 08/09
SNOWFALL (INCHES)
TOTALS 0.0
DEGREE DAYS
HEATING TOTAL 0 0 0 0
SINCE 7/1 0 0 0 MM
COOLING TOTAL 592 514 78 540
SINCE 1/1 1968 1837 131 MM
................................................................
WIND (MPH)
AVERAGE WIND SPEED 5.7
HIGHEST WIND SPEED/DIRECTION 30/190 DATE 08/07
30/280 08/08
HIGHEST GUST SPEED/DIRECTION 40/190 DATE 08/07
40/290 08/08
SKY COVER
POSSIBLE SUNSHINE (PERCENT) MM
AVERAGE SKY COVER 0.09
NUMBER OF DAYS FAIR 29
NUMBER OF DAYS PC 2
NUMBER OF DAYS CLOUDY 0
AVERAGE RH (PERCENT) 72
WEATHER CONDITIONS. NUMBER OF DAYS WITH
THUNDERSTORM 6 MIXED PRECIP 0
HEAVY RAIN 1 RAIN 2
LIGHT RAIN 7 FREEZING RAIN 0
LT FREEZING RAIN 0 HAIL 0
HEAVY SNOW 0 SNOW 0
LIGHT SNOW 0 SLEET 0
FOG 7 FOG W/VIS <= 1/4 MILE 1
HAZE 1
- INDICATES NEGATIVE NUMBERS.
R INDICATES RECORD WAS SET OR TIED.
MM INDICATES DATA IS MISSING.
T INDICATES TRACE AMOUNT.
$$