981
CXUS54 KMAF 011110
CF6GNC
PRELIMINARY LOCAL CLIMATOLOGICAL DATA (WS FORM: F-6)
STATION: GAINES COUNTY AIRPORT
MONTH: MAY
YEAR: 2020
LATITUDE: 32 40 N
LONGITUDE: 102 39 W
TEMPERATURE IN F: :PCPN: SNOW: WIND :SUNSHINE: SKY :PK WND
================================================================================
1 2 3 4 5 6A 6B 7 8 9 10 11 12 13 14 15 16 17 18
12Z AVG MX 2MIN
DY MAX MIN AVG DEP HDD CDD WTR SNW DPTH SPD SPD DIR MIN PSBL S-S WX SPD DR
================================================================================
1 101 61 81 M 0 16 M M M 10.5 14 250 M M 0 25 270
2 100 60 80 M 0 15 M M M 11.0 17 290 M M 0 40 260
3 97 61 79 M 0 14 M M M 8.4 13 320 M M 0 18 360
4 99 62 81 M 0 16 M M M 8.1 15 290 M M 0 29 320
5 78 59 69 M 0 4 M M M 13.6 28 50 M M 2 33 50
6 84 50 67 M 0 2 M M M 7.3 13 120 M M 0 21 150
7 102 56 79 M 0 14 M M M 11.3 22 250 M M 0 33 240
8 75 51 63 M 2 0 M M M 15.6 25 30 M M 1 8 43 30
9 80 43 62 M 3 0 M M M 7.3 14 110 M M 0 21 140
10 79 52 66 M 0 1 M M M 9.4 16 140 M M 0 26 140
11 85 55 70 M 0 5 M M M 11.3 20 190 M M 1 29 190
12 92 54 73 M 0 8 M M M 6.7 15 100 M M 1 32 130
13 92 64 78 M 0 13 M M M 12.8 32 180 M M 1 40 180
14 94 63 79 M 0 14 M M M 10.3 17 240 M M 0 22 270
15 90 59 75 M 0 10 0.06 M M 7.6 16 130 M M 1 30 130
16 82 56 69 M 0 4 M M M 8.5 15 100 M M 3 24 80
17 91 56 74 M 0 9 M M M 7.2 14 140 M M 0 21 170
18 102 59 81 M 0 16 M M M 5.8 12 200 M M 0 22 200
19 105 64 85 M 0 20 M M M 9.1 22 260 M M 1 28 260
20 99 65 82 M 0 17 M M M 8.6 20 110 M M 0 29 110
21 96 58 77 M 0 12 M M M 10.8 21 220 M M 0 29 220
22 96 59 78 M 0 13 M M M 7.1 16 210 M M 0 23 210
23 96 58 77 M 0 12 M M M 9.2 29 180 M M 0 8 35 180
24 94 57 76 M 0 11 M M M 6.1 23 150 M M 0 30 150
25 73 58 66 M 0 1 M M M 9.8 18 50 M M 5 24 20
26 85 46 66 M 0 1 M M M 2.5 9 260 M M 0 22 250
27 94 55 75 M 0 10 M M M 4.7 13 70 M M 0 21 50
28 87 63 75 M 0 10 M M M 7.4 20 50 M M 0 25 30
29 87 55 71 M 0 6 M M M 6.8 15 130 M M 0 20 140
30 89 58 74 M 0 9 M M M 7.6 14 120 M M 0 23 130
31 86 58 72 M 0 7 M M M 7.0 14 120 M M 0 20 130
================================================================================
SM 2810 1775 5 290 0.06 M 269.3 M 16
================================================================================
AV 90.6 57.3 8.7 FASTST M M 1 MAX(MPH)
MISC ----> 32 180 43 30
================================================================================
NOTES:
# LAST OF SEVERAL OCCURRENCES
COLUMN 17 PEAK WIND IN M.P.H.
PRELIMINARY LOCAL CLIMATOLOGICAL DATA (WS FORM: F-6) , PAGE 2
STATION: GAINES COUNTY AIRPORT
MONTH: MAY
YEAR: 2020
LATITUDE: 32 40 N
LONGITUDE: 102 39 W
[TEMPERATURE DATA] [PRECIPITATION DATA] SYMBOLS USED IN COLUMN 16
AVERAGE MONTHLY: 74.0 TOTAL FOR MONTH: 0.06 1 = FOG OR MIST
DPTR FM NORMAL: 0.0 DPTR FM NORMAL: M 2 = FOG REDUCING VISIBILITY
HIGHEST: 105 ON 19 GRTST 24HR 0.06 ON 15-15 TO 1/4 MILE OR LESS
LOWEST: 43 ON 9 3 = THUNDER
SNOW, ICE PELLETS, HAIL 4 = ICE PELLETS
TOTAL MONTH: M 5 = HAIL
GRTST 24HR M ON M 6 = FREEZING RAIN OR DRIZZLE
GRTST DEPTH: M ON M 7 = DUSTSTORM OR SANDSTORM:
VSBY 1/2 MILE OR LESS
8 = SMOKE OR HAZE
[NO. OF DAYS WITH] [WEATHER - DAYS WITH] 9 = BLOWING SNOW
X = TORNADO
MAX 32 OR BELOW: 0 0.01 INCH OR MORE: 1
MAX 90 OR ABOVE: 18 0.10 INCH OR MORE: 0
MIN 32 OR BELOW: 0 0.50 INCH OR MORE: 0
MIN 0 OR BELOW: 0 1.00 INCH OR MORE: 0
[HDD (BASE 65) ]
TOTAL THIS MO. 5 CLEAR (SCALE 0-3) 30
DPTR FM NORMAL M PTCLDY (SCALE 4-7) 1
TOTAL FM JUL 1 2809 CLOUDY (SCALE 8-10) 0
DPTR FM NORMAL M
[CDD (BASE 65) ]
TOTAL THIS MO. 290
DPTR FM NORMAL M [PRESSURE DATA]
TOTAL FM JAN 1 356 HIGHEST SLP M ON M
DPTR FM NORMAL M LOWEST SLP M ON M
[REMARKS]
#FINAL-05-20#