000
CXUS52 KJAX 011416
CLMGNV
CLIMATE REPORT
NATIONAL WEATHER SERVICE JACKSONVILLE FL
916 AM EST THU FEB 01 2024
...................................
...THE GAINESVILLE CLIMATE SUMMARY FOR THE MONTH OF JANUARY 2024...
CLIMATE NORMAL PERIOD: 1991 TO 2020
CLIMATE RECORD PERIOD: 1890 TO 2024
WEATHER OBSERVED NORMAL DEPART LAST YEAR`S
VALUE DATE(S) VALUE FROM VALUE DATE(S)
NORMAL
................................................................
TEMPERATURE (F)
RECORD
HIGH 89 01/27/1943
01/30/1902
LOW 10 01/21/1985
HIGHEST 84 01/27 81 3 86 01/30
LOWEST 30 01/21 25 5 27 01/15
AVG. MAXIMUM 68.5 67.1 1.4 72.5
AVG. MINIMUM 44.8 42.6 2.2 44.6
MEAN 56.6 54.8 1.8 58.5
DAYS MAX >= 90 0 0.0 0.0 0
DAYS MIN <= 32 2 6.2 -4.2 5
PRECIPITATION (INCHES)
RECORD
MAXIMUM 11.79 1904
MINIMUM 0.11 1950
TOTALS 3.44 3.29 0.15 1.65
DAILY AVG. 0.11 0.11 0.00 0.05
DAYS >= .01 12 8.2 3.8 5
DAYS >= .10 6 5.2 0.8 4
DAYS >= .50 2 2.3 -0.3 1
DAYS >= 1.00 1 1.1 -0.1 0
GREATEST
24 HR. TOTAL 1.58 01/09 TO 01/09
SNOWFALL (INCHES)
RECORDS
TOTAL T 1996
TOTALS 0.0 0.0 0.0 0.0
DEGREE DAYS
HEATING TOTAL 287 330 -43 233
SINCE 7/1 593 757 -164 MM
COOLING TOTAL 36 16 20 40
SINCE 1/1 36 16 20 MM
................................................................
WIND (MPH)
AVERAGE WIND SPEED 6.6
HIGHEST WIND SPEED/DIRECTION 37/270 DATE 01/09
HIGHEST GUST SPEED/DIRECTION 52/260 DATE 01/09
SKY COVER
AVERAGE SKY COVER 0.32
AVERAGE RH (PERCENT) 72
WEATHER CONDITIONS. NUMBER OF DAYS WITH
THUNDERSTORM 3 MIXED PRECIP 0
HEAVY RAIN 7 RAIN 9
LIGHT RAIN 14 FREEZING RAIN 0
LT FREEZING RAIN 0 HAIL 0
HEAVY SNOW 0 SNOW 0
LIGHT SNOW 0 SLEET 0
FOG 16 FOG W/VIS <= 1/4 MILE 3
HAZE 0
- INDICATES NEGATIVE NUMBERS.
R INDICATES RECORD WAS SET OR TIED.
MM INDICATES DATA IS MISSING.
T INDICATES TRACE AMOUNT.
$$