000
CXUS54 KOUN 010810
CF6GOK
PRELIMINARY LOCAL CLIMATOLOGICAL DATA (WS FORM: F-6)
STATION: GUTHRIE MUNICIPAL
MONTH: AUGUST
YEAR: 2022
LATITUDE: 35 50 N
LONGITUDE: 97 25 W
TEMPERATURE IN F: :PCPN: SNOW: WIND :SUNSHINE: SKY :PK WND
================================================================================
1 2 3 4 5 6A 6B 7 8 9 10 11 12 13 14 15 16 17 18
12Z AVG MX 2MIN
DY MAX MIN AVG DEP HDD CDD WTR SNW DPTH SPD SPD DIR MIN PSBL S-S WX SPD DR
================================================================================
1 94 77 86 2 0 21 0.00 M M 11.5 23 200 M M 1 29 220
2 102 77 90 6 0 25 0.00 M M 12.4 20 190 M M 0 31 180
3 104 80 92 8 0 27 0.00 M M 12.9 22 220 M M 0 28 220
4 95 78 87 3 0 22 0.01 M M 11.2 22 140 M M 3 3 29 140
5 102 77 90 6 0 25 0.00 M M 9.2 16 170 M M 3 3 21 180
6 102 80 91 7 0 26 0.00 M M 11.6 20 170 M M 1 28 190
7 99 77 88 5 0 23 0.00 M M 10.3 18 190 M M 1 26 200
8 100 78 89 6 0 24 0.00 M M 8.1 22 280 M M 0 27 280
9 98 73 86 3 0 21 0.18 M M 4.8 30 230 M M 2 13 38 230
10 97 70 84 1 0 19 0.00 M M 4.2 14 50 M M 1 1 32 330
11 95 67 81 -2 0 16 0.00 M M 5.3 13 60 M M 0 23 340
12 96 68 82 -1 0 17 0.00 M M 7.4 17 90 M M 0 27 110
13 98 73 86 3 0 21 0.00 M M 7.9 15 180 M M 1 21 200
14 100 71 86 4 0 21 0.00 M M 7.4 16 210 M M 0 20 210
15 100 72 86 4 0 21 0.00 M M 7.9 17 200 M M 0 23 170
16 104 75 90 8 0 25 0.03 M M 8.2 13 220 M M 2 3 23 190
17 76 68 72 -10 0 7 0.11 M M 5.6 12 50 M M 7 13 17 210
18 86 63 75 -7 0 10 0.00 M M 5.8 15 80 M M 3 12 20 120
19 93 63 78 -4 0 13 0.00 M M 6.2 14 190 M M 0 19 200
20 97 70 84 2 0 19 0.05 M M 6.5 25 240 M M 1 34 220
21 79 70 75 -6 0 10 0.11 M M 2.9 9 270 M M 5 1 12 280
22 91 68 80 -1 0 15 0.00 M M 5.9 15 110 M M 3 1 21 70
23 91 67 79 -2 0 14 0.00 M M 4.9 15 90 M M 5 20 100
24 93 65 79 -2 0 14 0.00 M M 5.3 14 100 M M 1 19 80
25 94 64 79 -1 0 14 0.00 M M 5.0 14 80 M M 0 8 20 110
26 96 65 81 1 0 16 0.00 M M 5.5 14 190 M M 1 21 180
27 96 71 84 4 0 19 0.00 M M 8.8 17 170 M M 1 23 160
28 99 69 84 4 0 19 1.64 M M 12.7 29 170 M M 4 138 36 180
29 87 68 78 -1 0 13 0.00 M M 7.1 17 190 M M 1 3 22 30
30 93 65 79 0 0 14 0.00 M M 5.7 15 80 M M 0 20 50
31 94 68 81 2 0 16 0.00 M M 5.6 12 80 M M 1 20 90
================================================================================
SM 2951 2197 0 567 2.13 M 233.8 M 48
================================================================================
AV 95.2 70.9 7.5 FASTST M M 2 MAX(MPH)
MISC ----> 30 230 38 230
================================================================================
NOTES:
# LAST OF SEVERAL OCCURRENCES
COLUMN 17 PEAK WIND IN M.P.H.
PRELIMINARY LOCAL CLIMATOLOGICAL DATA (WS FORM: F-6) , PAGE 2
STATION: GUTHRIE MUNICIPAL
MONTH: AUGUST
YEAR: 2022
LATITUDE: 35 50 N
LONGITUDE: 97 25 W
[TEMPERATURE DATA] [PRECIPITATION DATA] SYMBOLS USED IN COLUMN 16
AVERAGE MONTHLY: 83.0 TOTAL FOR MONTH: 2.13 1 = FOG OR MIST
DPTR FM NORMAL: 1.1 DPTR FM NORMAL: -0.84 2 = FOG REDUCING VISIBILITY
HIGHEST: 104 ON 16, 3 GRTST 24HR 1.64 ON 28-28 TO 1/4 MILE OR LESS
LOWEST: 63 ON 19,18 3 = THUNDER
SNOW, ICE PELLETS, HAIL 4 = ICE PELLETS
TOTAL MONTH: M 5 = HAIL
GRTST 24HR M ON M 6 = FREEZING RAIN OR DRIZZLE
GRTST DEPTH: M ON M 7 = DUSTSTORM OR SANDSTORM:
VSBY 1/2 MILE OR LESS
8 = SMOKE OR HAZE
[NO. OF DAYS WITH] [WEATHER - DAYS WITH] 9 = BLOWING SNOW
X = TORNADO
MAX 32 OR BELOW: 0 0.01 INCH OR MORE: 7
MAX 90 OR ABOVE: 27 0.10 INCH OR MORE: 4
MIN 32 OR BELOW: 0 0.50 INCH OR MORE: 1
MIN 0 OR BELOW: 0 1.00 INCH OR MORE: 1
[HDD (BASE 65) ]
TOTAL THIS MO. 0 CLEAR (SCALE 0-3) 25
DPTR FM NORMAL 0 PTCLDY (SCALE 4-7) 6
TOTAL FM JUL 1 0 CLOUDY (SCALE 8-10) 0
DPTR FM NORMAL 0
[CDD (BASE 65) ]
TOTAL THIS MO. 567
DPTR FM NORMAL 43 [PRESSURE DATA]
TOTAL FM JAN 1 2046 HIGHEST SLP M ON M
DPTR FM NORMAL 317 LOWEST SLP 29.67 ON 28
[REMARKS]
#FINAL-08-22#