000
CXUS54 KLIX 010910
CF6GPT
PRELIMINARY LOCAL CLIMATOLOGICAL DATA (WS FORM: F-6)
STATION: GULFPORT
MONTH: FEBRUARY
YEAR: 2022
LATITUDE: 30 23 N
LONGITUDE: 89 4 W
TEMPERATURE IN F: :PCPN: SNOW: WIND :SUNSHINE: SKY :PK WND
================================================================================
1 2 3 4 5 6A 6B 7 8 9 10 11 12 13 14 15 16 17 18
12Z AVG MX 2MIN
DY MAX MIN AVG DEP HDD CDD WTR SNW DPTH SPD SPD DIR MIN PSBL S-S WX SPD DR
================================================================================
1 68 57 63 10 2 0 0.05 M M 18.8 30 110 M M 7 1 40 100
2 65 59 62 9 3 0 1.22 M M 12.6 28 130 M M 10 1 35 130
3 71 46 59 6 6 0 1.09 M M 11.5 24 350 M M 10 123 32 310
4 46 33 40 -14 25 0 0.59 M M 14.5 22 340 M M 10 1 27 350
5 52 31 42 -12 23 0 0.00 M M 9.8 21 350 M M 2 26 360
6 57 29 43 -11 22 0 0.00 M M 1.8 10 150 M M 0 14 160
7 55 36 46 -8 19 0 T M M 4.9 13 360 M M 2 16 360
8 61 36 49 -5 16 0 0.00 M M 4.7 13 170 M M 0 16 40
9 62 32 47 -7 18 0 0.00 0.0 M 3.4 14 200 M M 0 19 190
10 68 36 52 -3 13 0 0.00 0.0 M 2.3 12 160 M M 0 1 17 160
11 66 37 52 -3 13 0 0.00 0.0 M 3.6 17 140 M M 2 12 20 130
12 71 42 57 2 8 0 0.00 M M 5.4 18 340 M M 3 12 25 340
13 57 32 45 -10 20 0 0.06 M M 11.5 23 350 M M 2 1 29 360
14 64 29 47 -8 18 0 0.00 M M 3.5 15 180 M M 0 20 190
15 65 36 51 -5 14 0 0.00 0.0 M 9.4 22 110 M M 1 27 110
16 71 49 60 4 5 0 0.02 M M 16.1 25 120 M M 7 18 32 120
17 73 64 69 13 0 4 0.43 M M 11.7 22 330 M M 10 1 29 340
18 67 43 55 -1 10 0 0.00 0.0 M 11.9 21 340 M M 6 27 340
19 65 37 51 -5 14 0 0.00 0.0 M 7.5 16 20 M M 0 8 23 360
20 65 38 52 -4 13 0 0.00 M M 9.7 22 100 M M 3 8 26 110
21 74 59 67 10 0 2 0.00 M M 9.8 15 160 M M 7 1 22 160
22 77 65 71 14 0 6 0.00 M M 10.3 16 180 M M 9 18 21 170
23 77 65 71 14 0 6 0.00 0.0 M 7.2 14 150 M M 7 12 19 150
24 77 67 72 15 0 7 0.00 0.0 M 8.0 17 160 M M 10 12 23 160
25 70 50 60 2 5 0 0.03 0.0 M 11.8 21 360 M M 10 12 28 350
26 69 48 59 1 6 0 0.00 M M 6.4 14 10 M M 8 19 20
27 61 46 54 -4 11 0 0.36 M M 9.5 20 350 M M 9 1 26 330
28 68 43 56 -2 9 0 0.00 M M 9.2 20 340 M M 3 8 27 360
================================================================================
SM 1842 1245 293 25 3.85 0.0 246.8 M 138
================================================================================
AV 65.8 44.5 8.8 FASTST M M 5 MAX(MPH)
MISC ----> 30 110 40 100
================================================================================
NOTES:
# LAST OF SEVERAL OCCURRENCES
COLUMN 17 PEAK WIND IN M.P.H.
PRELIMINARY LOCAL CLIMATOLOGICAL DATA (WS FORM: F-6) , PAGE 2
STATION: GULFPORT
MONTH: FEBRUARY
YEAR: 2022
LATITUDE: 30 23 N
LONGITUDE: 89 4 W
[TEMPERATURE DATA] [PRECIPITATION DATA] SYMBOLS USED IN COLUMN 16
AVERAGE MONTHLY: 55.1 TOTAL FOR MONTH: 3.85 1 = FOG OR MIST
DPTR FM NORMAL: -0.4 DPTR FM NORMAL: -0.59 2 = FOG REDUCING VISIBILITY
HIGHEST: 77 ON 24,23 GRTST 24HR 1.65 ON 3- 4 TO 1/4 MILE OR LESS
LOWEST: 29 ON 14, 6 3 = THUNDER
SNOW, ICE PELLETS, HAIL 4 = ICE PELLETS
TOTAL MONTH: 0.0 INCH 5 = HAIL
GRTST 24HR 0.0 6 = FREEZING RAIN OR DRIZZLE
GRTST DEPTH: M ON M 7 = DUSTSTORM OR SANDSTORM:
VSBY 1/2 MILE OR LESS
8 = SMOKE OR HAZE
[NO. OF DAYS WITH] [WEATHER - DAYS WITH] 9 = BLOWING SNOW
X = TORNADO
MAX 32 OR BELOW: 0 0.01 INCH OR MORE: 9
MAX 90 OR ABOVE: 0 0.10 INCH OR MORE: 5
MIN 32 OR BELOW: 5 0.50 INCH OR MORE: 3
MIN 0 OR BELOW: 0 1.00 INCH OR MORE: 2
[HDD (BASE 65) ]
TOTAL THIS MO. 293 CLEAR (SCALE 0-3) 14
DPTR FM NORMAL 11 PTCLDY (SCALE 4-7) 5
TOTAL FM JUL 1 1123 CLOUDY (SCALE 8-10) 9
DPTR FM NORMAL -168
[CDD (BASE 65) ]
TOTAL THIS MO. 25
DPTR FM NORMAL 9 [PRESSURE DATA]
TOTAL FM JAN 1 38 HIGHEST SLP 30.48 ON 5
DPTR FM NORMAL 12 LOWEST SLP 29.84 ON 3
[REMARKS]
#FINAL-02-22#