552
CXUS53 KGRB 121558
CF6GRB
PRELIMINARY LOCAL CLIMATOLOGICAL DATA (WS FORM: F-6)
STATION: GREEN BAY WI
MONTH: APRIL
YEAR: 2020
LATITUDE: 44 28 N
LONGITUDE: 88 8 W
TEMPERATURE IN F: :PCPN: SNOW: WIND :SUNSHINE: SKY :PK WND
================================================================================
1 2 3 4 5 6A 6B 7 8 9 10 11 12 13 14 15 16 17 18
12Z AVG MX 2MIN
DY MAX MIN AVG DEP HDD CDD WTR SNW DPTH SPD SPD DIR MIN PSBL S-S WX SPD DR
================================================================================
1 48 34 41 3 24 0 T T 0 5.7 14 40 M M 7 18 50
2 58 30 44 6 21 0 0.00 0.0 0 4.2 13 150 M M 1 1 17 150
3 58 40 49 11 16 0 0.02 0.0 0 7.3 16 160 M M 8 20 150
4 52 34 43 4 22 0 0.07 0.0 0 9.4 18 310 M M 5 1 25 320
5 53 33 43 4 22 0 0.00 0.0 0 4.9 12 220 M M 4 1 17 130
6 57 32 45 5 20 0 T 0.0 0 4.0 12 100 M M 6 17 140
7 62 43 53 13 12 0 0.01 0.0 0 5.1 17 320 M M 9 128 22 280
8 61 44 53 12 12 0 0.01 0.0 0 7.3 23 260 M M 7 12 32 270
9 45 35 40 -1 25 0 0.04 0.2 0 16.1 29 310 M M 5 8 39 310
10 46 33 40 -2 25 0 0.00 0.0 0 9.3 16 280 M M 8 24 320
11 58 29 44 2 21 0 0.00 0.0 0 7.2 18 200 M M 2 28 200
12 48 33 41 -1 24 0 0.73 0.2 T 17.6 31 40 M M 10 148 45 40
13 38 30 34 -9 31 0 0.06 0.7 0 17.9 29 270 M M 6 1 40 250
14 34 26 30 -13 35 0 T T 0 14.5 26 260 M M 3 8 37 260
15 35 23 29 -15 36 0 0.00 0.0 0 9.4 20 280 M M 4 26 280
16 43 26 35 -9 30 0 0.00 0.0 0 11.2 23 280 M M 1 33 250
17 50 32 41 -4 24 0 0.00 0.0 0 6.3 20 270 M M 3 27 260
18 62 32 47 2 18 0 0.04 0.0 0 13.0 28 220 M M 2 42 210
19 53 31 42 -3 23 0 T 0.0 0 9.1 23 340 M M 3 31 320
20 60 29 45 -1 20 0 0.15 0.0 0 12.7 39 290 M M 5 13 54 290
21 43 30 37 -9 28 0 0.00 0.0 0 14.1 25 310 M M 2 36 320
22 44 33 39 -8 26 0 T T 0 10.9 20 100 M M 9 30 110
23 41 37 39 -8 26 0 0.00 0.0 0 11.0 17 20 M M 10 18 22 20
24 53 36 45 -2 20 0 0.00 0.0 0 8.2 15 70 M M 5 21 70
25 56 33 45 -3 20 0 0.00 0.0 0 7.4 15 30 M M 0 1 20 50
26 59 35 47 -1 18 0 0.00 0.0 0 8.0 18 50 M M 0 24 60
27 52 38 45 -4 20 0 0.26 0.0 0 5.4 14 140 M M 8 12 17 130
28 49 40 45 -4 20 0 0.06 0.0 0 11.8 28 50 M M 10 12 37 40
29 48 43 46 -3 19 0 0.22 0.0 0 25.0 41 20 M M 10 1 57 10
30 64 39 52 2 13 0 0.01 0.0 0 14.3 28 360 M M 3 37 350
================================================================================
SM 1530 1013 671 0 1.68 1.1 308.3 M 156
================================================================================
AV 51.0 33.8 10.3 FASTST M M 5 MAX(MPH)
MISC ----> # 41 20 # 57 10
================================================================================
NOTES:
# LAST OF SEVERAL OCCURRENCES
COLUMN 17 PEAK WIND IN M.P.H.
PRELIMINARY LOCAL CLIMATOLOGICAL DATA (WS FORM: F-6) , PAGE 2
STATION: GREEN BAY WI
MONTH: APRIL
YEAR: 2020
LATITUDE: 44 28 N
LONGITUDE: 88 8 W
[TEMPERATURE DATA] [PRECIPITATION DATA] SYMBOLS USED IN COLUMN 16
AVERAGE MONTHLY: 42.4 TOTAL FOR MONTH: 1.68 1 = FOG OR MIST
DPTR FM NORMAL: -1.5 DPTR FM NORMAL: -0.95 2 = FOG REDUCING VISIBILITY
HIGHEST: 64 ON 30 GRTST 24HR 0.73 ON 12-12 TO 1/4 MILE OR LESS
LOWEST: 23 ON 15 3 = THUNDER
SNOW, ICE PELLETS, HAIL 4 = ICE PELLETS
TOTAL MONTH: 1.1 INCHES 5 = HAIL
GRTST 24HR 0.7 ON 13-13 6 = FREEZING RAIN OR DRIZZLE
GRTST DEPTH: T 7 = DUSTSTORM OR SANDSTORM:
VSBY 1/2 MILE OR LESS
8 = SMOKE OR HAZE
[NO. OF DAYS WITH] [WEATHER - DAYS WITH] 9 = BLOWING SNOW
X = TORNADO
MAX 32 OR BELOW: 0 0.01 INCH OR MORE: 13
MAX 90 OR ABOVE: 0 0.10 INCH OR MORE: 4
MIN 32 OR BELOW: 12 0.50 INCH OR MORE: 1
MIN 0 OR BELOW: 0 1.00 INCH OR MORE: 0
[HDD (BASE 65) ]
TOTAL THIS MO. 671 CLEAR (SCALE 0-3) 9
DPTR FM NORMAL 34 PTCLDY (SCALE 4-7) 15
TOTAL FM JUL 1 6931 CLOUDY (SCALE 8-10) 6
DPTR FM NORMAL -606
[CDD (BASE 65) ]
TOTAL THIS MO. 0
DPTR FM NORMAL -2 [PRESSURE DATA]
TOTAL FM JAN 1 0 HIGHEST SLP 30.27 ON 5
DPTR FM NORMAL -2 LOWEST SLP 29.41 ON 20
[REMARKS]
#FINAL-04-20#