000
CXUS53 KGID 011407
CF6GRI
PRELIMINARY LOCAL CLIMATOLOGICAL DATA (WS FORM: F-6)
STATION: GRAND ISLAND NE
MONTH: FEBRUARY
YEAR: 2022
LATITUDE: 40 58 N
LONGITUDE: 98 19 W
TEMPERATURE IN F: :PCPN: SNOW: WIND :SUNSHINE: SKY :PK WND
================================================================================
1 2 3 4 5 6A 6B 7 8 9 10 11 12 13 14 15 16 17 18
12Z AVG MX 2MIN
DY MAX MIN AVG DEP HDD CDD WTR SNW DPTH SPD SPD DIR MIN PSBL S-S WX SPD DR
================================================================================
1 38 19 29 2 36 0 0.00 0.0 0 17.5 25 20 M M 2 35 20
2 19 7 13 -14 52 0 0.00 0.0 0 17.2 24 30 M M 6 32 30
3 21 -2 10 -17 55 0 0.00 0.0 0 7.5 16 20 M M 1 20 210
4 34 9 22 -5 43 0 0.00 0.0 0 11.5 21 330 M M 2 28 340
5 57 18 38 11 27 0 0.00 0.0 0 9.2 20 230 M M 0 26 170
6 46 22 34 6 31 0 0.00 0.0 0 14.8 36 340 M M 2 46 340
7 62 28 45 17 20 0 0.00 0.0 0 12.2 22 310 M M 3 32 280
8 59 30 45 17 20 0 0.00 0.0 0 15.9 32 340 M M 0 42 330
9 53 30 42 14 23 0 0.00 0.0 0 13.8 31 330 M M 2 40 320
10 61 22 42 14 23 0 0.00 0.0 0 13.1 30 240 M M 2 39 250
11 50 12 31 3 34 0 0.00 0.0 0 21.5 37 340 M M 2 50 330
12 44 5 25 -4 40 0 0.00 0.0 0 9.0 24 290 M M 5 32 310
13 41 13 27 -2 38 0 0.00 0.0 0 9.4 23 210 M M 1 29 210
14 46 21 34 5 31 0 0.00 0.0 0 8.3 17 10 M M 0 22 360
15 56 25 41 11 24 0 0.00 0.0 0 9.9 18 180 M M 0 23 170
16 39 24 32 2 33 0 0.00 0.0 0 19.5 31 10 M M 4 1 41 10
17 33 12 23 -7 42 0 0.00 0.0 0 15.5 30 360 M M 3 42 360
18 62 27 45 15 20 0 0.00 0.0 0 17.8 33 280 M M 2 55 280
19 44 18 31 0 34 0 0.00 0.0 0 14.8 28 190 M M 2 38 190
20 67 33 50 19 15 0 0.00 0.0 0 10.6 22 210 M M 0 32 210
21 42 4 23 -8 42 0 T T 0 20.3 32 350 M M 7 18 43 350
22 11 -3 4 -28 61 0 0.01 0.5 T 24.1 35 340 M M 6 18 44 340
23 15 -3 6 -26 59 0 0.00 0.0 0 12.5 24 340 M M 4 29 340
24 19 -2 9 -23 56 0 T T T 8.8 18 350 M M 4 8 23 340
25 34 -4 15 -18 50 0 0.00 0.0 0 7.9 16 220 M M 0 22 200
26 51 14 33 0 32 0 0.00 0.0 0 10.6 18 270 M M 0 25 240
27 61 16 39 5 26 0 0.00 0.0 0 10.4 21 250 M M 0 28 250
28 70 23 47 13 18 0 0.00 0.0 0 8.3 16 220 M M 0 21 220
================================================================================
SM 1235 418 985 0 0.01 0.5 371.9 M 60
================================================================================
AV 44.1 14.9 13.3 FASTST M M 2 MAX(MPH)
MISC ----> 37 340 55 280
================================================================================
NOTES:
# LAST OF SEVERAL OCCURRENCES
COLUMN 17 PEAK WIND IN M.P.H.
PRELIMINARY LOCAL CLIMATOLOGICAL DATA (WS FORM: F-6) , PAGE 2
STATION: GRAND ISLAND NE
MONTH: FEBRUARY
YEAR: 2022
LATITUDE: 40 58 N
LONGITUDE: 98 19 W
[TEMPERATURE DATA] [PRECIPITATION DATA] SYMBOLS USED IN COLUMN 16
AVERAGE MONTHLY: 29.5 TOTAL FOR MONTH: 0.01 1 = FOG OR MIST
DPTR FM NORMAL: -0.2 DPTR FM NORMAL: -0.73 2 = FOG REDUCING VISIBILITY
HIGHEST: 70 ON 28 GRTST 24HR 0.01 ON 21-22 TO 1/4 MILE OR LESS
LOWEST: -4 ON 25 3 = THUNDER
SNOW, ICE PELLETS, HAIL 4 = ICE PELLETS
TOTAL MONTH: 0.5 INCH 5 = HAIL
GRTST 24HR 0.5 ON 22-22 6 = FREEZING RAIN OR DRIZZLE
GRTST DEPTH: T 7 = DUSTSTORM OR SANDSTORM:
VSBY 1/2 MILE OR LESS
8 = SMOKE OR HAZE
[NO. OF DAYS WITH] [WEATHER - DAYS WITH] 9 = BLOWING SNOW
X = TORNADO
MAX 32 OR BELOW: 5 0.01 INCH OR MORE: 1
MAX 90 OR ABOVE: 0 0.10 INCH OR MORE: 0
MIN 32 OR BELOW: 27 0.50 INCH OR MORE: 0
MIN 0 OR BELOW: 5 1.00 INCH OR MORE: 0
[HDD (BASE 65) ]
TOTAL THIS MO. 985 CLEAR (SCALE 0-3) 21
DPTR FM NORMAL -2 PTCLDY (SCALE 4-7) 7
TOTAL FM JUL 1 3932 CLOUDY (SCALE 8-10) 0
DPTR FM NORMAL -622
[CDD (BASE 65) ]
TOTAL THIS MO. 0
DPTR FM NORMAL 0 [PRESSURE DATA]
TOTAL FM JAN 1 0 HIGHEST SLP 30.79 ON 23
DPTR FM NORMAL 0 LOWEST SLP 29.61 ON 10
[REMARKS]
#FINAL-02-22#