000
CXUS53 KGID 011532
CF6GRI
PRELIMINARY LOCAL CLIMATOLOGICAL DATA (WS FORM: F-6)
STATION: GRAND ISLAND NE
MONTH: APRIL
YEAR: 2020
LATITUDE: 40 58 N
LONGITUDE: 98 19 W
TEMPERATURE IN F: :PCPN: SNOW: WIND :SUNSHINE: SKY :PK WND
================================================================================
1 2 3 4 5 6A 6B 7 8 9 10 11 12 13 14 15 16 17 18
12Z AVG MX 2MIN
DY MAX MIN AVG DEP HDD CDD WTR SNW DPTH SPD SPD DIR MIN PSBL S-S WX SPD DR
================================================================================
1 75 44 60 15 5 0 0.00 0.0 0 14.6 31 170 M M 2 41 180
2 57 21 39 -7 26 0 T 0.0 0 21.7 29 340 M M 10 168 40 350
3 37 20 29 -17 36 0 T T 0 17.3 29 340 M M 8 38 340
4 50 24 37 -9 28 0 0.00 0.0 0 7.4 20 140 M M 5 25 130
5 59 31 45 -2 20 0 0.00 0.0 0 12.7 23 150 M M 2 18 34 130
6 78 49 64 17 1 0 0.00 0.0 0 8.1 17 200 M M 5 8 22 210
7 86 42 64 16 1 0 0.00 0.0 0 10.7 30 300 M M 0 18 42 310
8 70 36 53 5 12 0 0.00 0.0 0 14.9 33 10 M M 0 44 10
9 55 25 40 -8 25 0 0.00 0.0 0 14.9 36 330 M M 1 49 340
10 64 22 43 -5 22 0 0.00 0.0 0 12.7 29 200 M M 1 39 190
11 73 37 55 6 10 0 0.00 0.0 0 13.1 28 40 M M 0 35 40
12 46 26 36 -13 29 0 0.01 0.1 0 26.5 36 360 M M 8 168 50 360
13 41 20 31 -19 34 0 0.00 0.0 0 13.9 28 310 M M 0 38 290
14 52 17 35 -15 30 0 0.00 0.0 0 12.6 29 250 M M 5 39 250
15 56 20 38 -12 27 0 0.06 0.0 0 7.9 18 320 M M 4 36 10
16 39 27 33 -18 32 0 0.34 3.8 0 16.5 26 60 M M 10 128 33 60
17 52 23 38 -13 27 0 0.00 0.0 4 8.8 21 250 M M 3 12 27 240
18 75 33 54 2 11 0 0.00 0.0 0 11.9 25 230 M M 0 34 230
19 63 38 51 -1 14 0 0.00 0.0 0 8.7 17 40 M M 1 25 50
20 71 38 55 3 10 0 0.00 0.0 0 12.8 31 310 M M 3 40 310
21 77 34 56 3 9 0 0.00 0.0 0 10.3 24 220 M M 0 32 230
22 76 48 62 9 3 0 0.00 0.0 0 9.2 21 220 M M 3 30 230
23 80 41 61 8 4 0 0.00 0.0 0 8.9 26 10 M M 2 35 10
24 63 43 53 -1 12 0 0.34 0.0 0 10.3 23 20 M M 5 1 29 20
25 68 39 54 0 11 0 0.00 0.0 0 10.3 24 330 M M 2 31 320
26 74 37 56 2 9 0 T 0.0 0 12.9 26 150 M M 2 35 140
27 84 53 69 14 0 4 0.00 0.0 0 9.3 18 180 M M 0 26 180
28 75 52 64 9 1 0 0.01 0.0 0 17.6 40 340 M M 1 52 350
29 66 44 55 0 10 0 0.00 0.0 0 17.8 35 340 M M 4 45 340
30 79 39 59 3 6 0 0.00 0.0 0 10.3 21 160 M M 0 30 170
================================================================================
SM 1941 1023 465 4 0.76 3.9 384.6 M 87
================================================================================
AV 64.7 34.1 12.8 FASTST M M 3 MAX(MPH)
MISC ----> # 40 340 # 52 350
================================================================================
NOTES:
# LAST OF SEVERAL OCCURRENCES
COLUMN 17 PEAK WIND IN M.P.H.
PRELIMINARY LOCAL CLIMATOLOGICAL DATA (WS FORM: F-6) , PAGE 2
STATION: GRAND ISLAND NE
MONTH: APRIL
YEAR: 2020
LATITUDE: 40 58 N
LONGITUDE: 98 19 W
[TEMPERATURE DATA] [PRECIPITATION DATA] SYMBOLS USED IN COLUMN 16
AVERAGE MONTHLY: 49.4 TOTAL FOR MONTH: 0.76 1 = FOG OR MIST
DPTR FM NORMAL: -1.2 DPTR FM NORMAL: -1.77 2 = FOG REDUCING VISIBILITY
HIGHEST: 86 ON 7 GRTST 24HR 0.34 ON 24-24 TO 1/4 MILE OR LESS
LOWEST: 17 ON 14 3 = THUNDER
SNOW, ICE PELLETS, HAIL 4 = ICE PELLETS
TOTAL MONTH: 3.9 INCHES 5 = HAIL
GRTST 24HR 3.8 ON 16-16 6 = FREEZING RAIN OR DRIZZLE
GRTST DEPTH: 4 ON 17 7 = DUSTSTORM OR SANDSTORM:
VSBY 1/2 MILE OR LESS
8 = SMOKE OR HAZE
[NO. OF DAYS WITH] [WEATHER - DAYS WITH] 9 = BLOWING SNOW
X = TORNADO
MAX 32 OR BELOW: 0 0.01 INCH OR MORE: 5
MAX 90 OR ABOVE: 0 0.10 INCH OR MORE: 2
MIN 32 OR BELOW: 12 0.50 INCH OR MORE: 0
MIN 0 OR BELOW: 0 1.00 INCH OR MORE: 0
[HDD (BASE 65) ]
TOTAL THIS MO. 465 CLEAR (SCALE 0-3) 18
DPTR FM NORMAL 20 PTCLDY (SCALE 4-7) 10
TOTAL FM JUL 1 5622 CLOUDY (SCALE 8-10) 2
DPTR FM NORMAL -380
[CDD (BASE 65) ]
TOTAL THIS MO. 4
DPTR FM NORMAL -7 [PRESSURE DATA]
TOTAL FM JAN 1 4 HIGHEST SLP 30.38 ON 14
DPTR FM NORMAL -7 LOWEST SLP 29.56 ON 11
[REMARKS]
#FINAL-04-20#