000
CXUS52 KRAH 010845
CF6GSO
PRELIMINARY LOCAL CLIMATOLOGICAL DATA (WS FORM: F-6)
STATION: GREENSBORO NC
MONTH: MARCH
YEAR: 2023
LATITUDE: 36 4 N
LONGITUDE: 79 57 W
TEMPERATURE IN F: :PCPN: SNOW: WIND :SUNSHINE: SKY :PK WND
================================================================================
1 2 3 4 5 6A 6B 7 8 9 10 11 12 13 14 15 16 17 18
12Z AVG MX 2MIN
DY MAX MIN AVG DEP HDD CDD WTR SNW DPTH SPD SPD DIR MIN PSBL S-S WX SPD DR
================================================================================
1 62 47 55 9 10 0 0.00 0.0 0 4.8 15 60 M M 7 19 40
2 62 52 57 11 8 0 0.85 0.0 0 4.3 13 310 M M 10 13 15 310
3 70 51 61 14 4 0 0.18 0.0 0 7.1 35 190 M M 10 12 48 180
4 63 47 55 8 10 0 0.00 0.0 0 11.9 24 320 M M 1 32 320
5 66 35 51 4 14 0 0.00 0.0 0 2.4 9 250 M M 2 13 230
6 70 39 55 7 10 0 0.00 0.0 0 7.1 16 230 M M 5 22 240
7 72 44 58 10 7 0 0.00 0.0 0 13.7 30 310 M M 2 37 320
8 61 38 50 2 15 0 0.00 0.0 0 6.9 14 30 M M 4 20 330
9 61 40 51 3 14 0 0.00 0.0 0 4.2 13 160 M M 8 16 260
10 55 43 49 0 16 0 0.19 0.0 0 8.3 21 330 M M 8 1 29 330
11 54 35 45 -4 20 0 0.00 0.0 0 9.0 20 320 M M 7 25 320
12 37 32 35 -14 30 0 0.30 T 0 6.7 10 50 M M 10 146 15 80
13 56 34 45 -4 20 0 0.00 0.0 0 9.1 21 310 M M 7 1 28 320
14 46 28 37 -13 28 0 0.00 0.0 0 14.0 30 320 M M 2 37 290
15 55 25 40 -10 25 0 0.00 0.0 0 7.1 21 320 M M 1 26 320
16 65 28 47 -3 18 0 0.00 0.0 0 7.0 18 230 M M 6 24 240
17 59 50 55 5 10 0 0.59 0.0 0 13.5 24 220 M M 9 18 31 230
18 55 40 48 -3 17 0 0.03 0.0 0 9.8 21 300 M M 8 1 25 300
19 45 32 39 -12 26 0 0.00 0.0 0 8.9 16 310 M M 3 23 320
20 51 26 39 -12 26 0 0.00 0.0 0 3.5 13 50 M M 2 17 360
21 62 29 46 -6 19 0 0.00 0.0 0 4.7 15 170 M M 5 20 170
22 55 46 51 -1 14 0 0.01 0.0 0 7.2 15 220 M M 10 1 22 280
23 79 49 64 12 1 0 0.00 0.0 0 12.3 22 230 M M 8 1 27 230
24 84 56 70 18 0 5 0.00 0.0 0 10.4 23 210 M M 6 31 240
25 76 55 66 13 0 1 0.26 0.0 0 10.4 23 210 M M 6 13 30 220
26 65 52 59 6 6 0 0.02 0.0 0 5.1 14 160 M M 5 17 180
27 76 54 65 11 0 0 0.19 0.0 0 7.6 15 250 M M 8 13 19 250
28 66 48 57 3 8 0 0.19 0.0 0 5.3 15 50 M M 8 1 20 340
29 59 41 50 -4 15 0 0.00 0.0 0 7.0 14 60 M M 4 20 40
30 66 38 52 -2 13 0 0.00 0.0 0 4.1 13 220 M M 1 20 150
31 63 48 56 1 9 0 0.01 0.0 0 8.3 23 210 M M 9 28 210
================================================================================
SM 1916 1282 413 6 2.82 T 241.7 M 182
================================================================================
AV 61.8 41.4 7.8 FASTST M M 6 MAX(MPH)
MISC ----> 35 190 48 180
================================================================================
NOTES:
# LAST OF SEVERAL OCCURRENCES
COLUMN 17 PEAK WIND IN M.P.H.
PRELIMINARY LOCAL CLIMATOLOGICAL DATA (WS FORM: F-6) , PAGE 2
STATION: GREENSBORO NC
MONTH: MARCH
YEAR: 2023
LATITUDE: 36 4 N
LONGITUDE: 79 57 W
[TEMPERATURE DATA] [PRECIPITATION DATA] SYMBOLS USED IN COLUMN 16
AVERAGE MONTHLY: 51.6 TOTAL FOR MONTH: 2.82 1 = FOG OR MIST
DPTR FM NORMAL: 1.3 DPTR FM NORMAL: -0.90 2 = FOG REDUCING VISIBILITY
HIGHEST: 84 ON 24 GRTST 24HR 0.85 ON 2- 2 TO 1/4 MILE OR LESS
LOWEST: 25 ON 15 3 = THUNDER
SNOW, ICE PELLETS, HAIL 4 = ICE PELLETS
TOTAL MONTH: T 5 = HAIL
GRTST 24HR T ON 12-12 6 = FREEZING RAIN OR DRIZZLE
GRTST DEPTH: 0 7 = DUSTSTORM OR SANDSTORM:
VSBY 1/2 MILE OR LESS
8 = SMOKE OR HAZE
[NO. OF DAYS WITH] [WEATHER - DAYS WITH] 9 = BLOWING SNOW
X = TORNADO
MAX 32 OR BELOW: 0 0.01 INCH OR MORE: 12
MAX 90 OR ABOVE: 0 0.10 INCH OR MORE: 8
MIN 32 OR BELOW: 7 0.50 INCH OR MORE: 2
MIN 0 OR BELOW: 0 1.00 INCH OR MORE: 0
[HDD (BASE 65) ]
TOTAL THIS MO. 413 CLEAR (SCALE 0-3) 8
DPTR FM NORMAL -49 PTCLDY (SCALE 4-7) 15
TOTAL FM JUL 1 2861 CLOUDY (SCALE 8-10) 8
DPTR FM NORMAL -371
[CDD (BASE 65) ]
TOTAL THIS MO. 6
DPTR FM NORMAL 0 [PRESSURE DATA]
TOTAL FM JAN 1 13 HIGHEST SLP 30.46 ON 21
DPTR FM NORMAL 6 LOWEST SLP 29.31 ON 3
[REMARKS]
#FINAL-03-23#