497
CXUS52 KRAH 262353 RRA
CLSGSO
CLIMATE REPORT
NATIONAL WEATHER SERVICE RALEIGH NC
734 PM EDT FRI JUN 26 2020
...................................
...THE PIEDMONT TRIAD INTL AIRPORT NC CLIMATE SUMMARY FOR THE SEASON, FROM
3/1/2020 TO 5/31/2020...
CLIMATE NORMAL PERIOD 1981 TO 2010
CLIMATE RECORD PERIOD 1903 TO 2020
WEATHER OBSERVED NORMAL DEPART LAST YEAR`S
VALUE DATE(S) VALUE FROM VALUE
NORMAL
..............................................................
TEMPERATURE (F)
RECORD
HIGH 100 05/12/1916
05/27/1911
LOW 5 03/06/1960
HIGHEST 88 03/28
LOWEST 22 03/01
AVG. MAXIMUM 69.0 69.5 -0.5
AVG. MINIMUM 48.6 47.5 1.1
MEAN 58.8 58.5 0.3
DAYS MAX >= 90 0 0.8 -0.8
DAYS MAX <= 32 0 0.1 -0.1
DAYS MIN <= 32 3 8.2 -5.2
DAYS MIN <= 0 0 0.0 0.0
PRECIPITATION (INCHES)
RECORD
MAXIMUM 19.91 2003
MINIMUM 3.59 1986
TOTALS 15.92 10.68 5.24
DAYS >= .01 38 29.9 8.1
DAYS >= 1.00 5 2.3 2.7
GREATEST
24 HR. TOTAL 2.65 05/19 TO 05/20
SNOWFALL (INCHES)
RECORDS
TOTAL 21.3 1960
TOTALS 0.0 0.8 -0.8
DAYS >= TRACE 0 0.4 -0.4
DAYS >= 1.0 0 0.3 -0.3
GREATEST
SNOW DEPTH 0
DEGREE DAYS
HEATING TOTAL 686 757 -71
SINCE 7/1 3148 3613 -465
COOLING TOTAL 140 160 -20
SINCE 1/1 141 159 -18
..............................................................
WIND (MPH)
AVERAGE WIND SPEED 8.8
HIGHEST WIND SPEED/DIRECTION 36/240 DATE 04/13
HIGHEST GUST SPEED/DIRECTION 46/210 DATE 04/13
SKY COVER
POSSIBLE SUNSHINE (PERCENT) MM
AVERAGE SKY COVER 0.65
NUMBER OF DAYS FAIR 14
NUMBER OF DAYS PC 36
NUMBER OF DAYS CLOUDY 42
AVERAGE RH (PERCENT) 66
WEATHER CONDITIONS. NUMBER OF DAYS WITH
THUNDERSTORM 7 MIXED PRECIP 0
HEAVY RAIN 10 RAIN 17
LIGHT RAIN 45 FREEZING RAIN 0
LT FREEZING RAIN 0 HAIL 0
HEAVY SNOW 0 SNOW 0
LIGHT SNOW 0 SLEET 0
FOG 37 FOG W/VIS <= 1/4 MILE 4
HAZE 7
- INDICATES NEGATIVE NUMBERS.
R INDICATES RECORD WAS SET OR TIED.
MM INDICATES DATA IS MISSING.
T INDICATES TRACE AMOUNT.
$$