000
CXUS56 KTFX 220803
CF6GTF
PRELIMINARY LOCAL CLIMATOLOGICAL DATA (WS FORM: F-6)
STATION: GREAT FALLS MT
MONTH: MARCH
YEAR: 2023
LATITUDE: 47 28 N
LONGITUDE: 111 22 W
TEMPERATURE IN F: :PCPN: SNOW: WIND :SUNSHINE: SKY :PK WND
================================================================================
1 2 3 4 5 6A 6B 7 8 9 10 11 12 13 14 15 16 17 18
12Z AVG MX 2MIN
DY MAX MIN AVG DEP HDD CDD WTR SNW DPTH SPD SPD DIR MIN PSBL S-S WX SPD DR
================================================================================
1 37 19 28 -1 37 0 0.00 0.0 T 8.1 22 230 M M 5 28 220
2 44 24 34 5 31 0 0.00 0.0 T 24.2 43 220 M M 1 55 230
3 37 16 27 -3 38 0 0.00 0.0 0 18.4 35 260 M M 0 43 250
4 39 21 30 0 35 0 0.00 0.0 0 11.7 22 200 M M 2 29 210
5 21 8 15 -15 50 0 0.10 2.1 0 10.5 17 320 M M 8 1 22 310
6 19 9 14 -17 51 0 0.08 0.9 2 6.3 12 270 M M 10 18 14 280
7 26 -3 12 -19 53 0 T T 2 6.7 14 20 M M 6 1 18 50
8 18 9 14 -17 51 0 0.03 1.3 2 7.7 13 360 M M 10 1 16 20
9 22 6 14 -18 51 0 T 0.3 4 7.1 18 80 M M 5 1 22 80
10 17 2 10 -22 55 0 0.31 6.1 3 9.5 23 320 M M 8 12 31 320
11 19 3 11 -21 54 0 0.05 0.2 8 8.5 18 280 M M 7 19 27 250
12 20 0 10 -23 55 0 0.00 0.0 7 4.1 12 130 M M 4 13 130
13 47 11 29 -4 36 0 0.00 0.0 6 16.1 28 200 M M 1 35 190
14 46 29 38 4 27 0 0.13 1.1 1 18.9 38 210 M M 3 1 49 200
15 31 20 26 -8 39 0 0.39 3.9 3 8.6 20 330 M M 7 1 25 330
16 35 14 25 -9 40 0 0.00 0.0 3 5.9 13 240 M M 4 18 280
17 38 11 25 -10 40 0 0.00 0.0 3 7.8 15 200 M M 0 17 240
18 47 23 35 0 30 0 0.00 0.0 2 14.6 24 190 M M 0 32 200
19 48 22 35 0 30 0 0.00 0.0 1 7.6 17 50 M M 1 22 60
20 30 20 25 -11 40 0 0.00 T T 4.0 10 50 M M 7 1 14 50
21 41 19 30 -6 35 0 T T T 4.7 12 20 M M 3 1 17 40
22 44 17 31 -5 34 0 0.00 0.0 0 5.1 13 210 M M 3 12 15 190
23 51 25 38 1 27 0 0.00 0.0 0 14.8 25 250 M M 0 32 250
24 48 27 38 1 27 0 T T 0 9.6 24 350 M M 7 12 31 350
25 39 27 33 -4 32 0 T 0.3 T 4.9 10 30 M M 10 1 13 70
26 38 22 30 -8 35 0 T 0.1 0 8.4 18 30 M M 9 1 22 40
27 45 16 31 -7 34 0 T T T 8.8 24 30 M M 6 1 38 360
28 40 21 31 -7 34 0 0.00 0.0 0 9.3 22 50 M M 6 27 50
29 41 18 30 -8 35 0 0.01 0.1 0 5.7 15 50 M M 7 1 19 50
30 31 24 28 -11 37 0 0.13 1.0 T 4.2 9 10 M M 10 1 12 20
31 51 22 37 -2 28 0 0.00 0.0 T 15.7 29 250 M M 1 40 230
================================================================================
SM 1110 502 1201 0 1.23 17.4 297.5 M 151
================================================================================
AV 35.8 16.2 9.6 FASTST M M 5 MAX(MPH)
MISC ----> 43 220 55 230
================================================================================
NOTES:
# LAST OF SEVERAL OCCURRENCES
COLUMN 17 PEAK WIND IN M.P.H.
PRELIMINARY LOCAL CLIMATOLOGICAL DATA (WS FORM: F-6) , PAGE 2
STATION: GREAT FALLS MT
MONTH: MARCH
YEAR: 2023
LATITUDE: 47 28 N
LONGITUDE: 111 22 W
[TEMPERATURE DATA] [PRECIPITATION DATA] SYMBOLS USED IN COLUMN 16
AVERAGE MONTHLY: 26.0 TOTAL FOR MONTH: 1.23 1 = FOG OR MIST
DPTR FM NORMAL: -8.1 DPTR FM NORMAL: 0.55 2 = FOG REDUCING VISIBILITY
HIGHEST: 51 ON 31,23 GRTST 24HR 0.52 ON 14-15 TO 1/4 MILE OR LESS
LOWEST: -3 ON 7 3 = THUNDER
SNOW, ICE PELLETS, HAIL 4 = ICE PELLETS
TOTAL MONTH: 17.4 INCHES 5 = HAIL
GRTST 24HR 6.1 ON 10-10 6 = FREEZING RAIN OR DRIZZLE
GRTST DEPTH: 8 ON 11 7 = DUSTSTORM OR SANDSTORM:
VSBY 1/2 MILE OR LESS
8 = SMOKE OR HAZE
[NO. OF DAYS WITH] [WEATHER - DAYS WITH] 9 = BLOWING SNOW
X = TORNADO
MAX 32 OR BELOW: 11 0.01 INCH OR MORE: 9
MAX 90 OR ABOVE: 0 0.10 INCH OR MORE: 5
MIN 32 OR BELOW: 31 0.50 INCH OR MORE: 0
MIN 0 OR BELOW: 2 1.00 INCH OR MORE: 0
[HDD (BASE 65) ]
TOTAL THIS MO. 1201 CLEAR (SCALE 0-3) 12
DPTR FM NORMAL 243 PTCLDY (SCALE 4-7) 13
TOTAL FM JUL 1 6667 CLOUDY (SCALE 8-10) 6
DPTR FM NORMAL 238
[CDD (BASE 65) ]
TOTAL THIS MO. 0
DPTR FM NORMAL 0 [PRESSURE DATA]
TOTAL FM JAN 1 0 HIGHEST SLP 30.52 ON 17
DPTR FM NORMAL 0 LOWEST SLP 29.47 ON 14
[REMARKS]
#FINAL-03-23#