000
CXUS54 KAMA 010710
CF6GUY
PRELIMINARY LOCAL CLIMATOLOGICAL DATA (WS FORM: F-6)
STATION: GUYMON
MONTH: APRIL
YEAR: 2020
LATITUDE: 36 41 N
LONGITUDE: 101 30 W
TEMPERATURE IN F: :PCPN: SNOW: WIND :SUNSHINE: SKY :PK WND
================================================================================
1 2 3 4 5 6A 6B 7 8 9 10 11 12 13 14 15 16 17 18
12Z AVG MX 2MIN
DY MAX MIN AVG DEP HDD CDD WTR SNW DPTH SPD SPD DIR MIN PSBL S-S WX SPD DR
================================================================================
1 82 48 65 14 0 0 0.00 M M 15.7 26 170 M M 0 34 170
2 57 29 43 -8 22 0 0.00 M M 17.6 31 10 M M 4 37 10
3 50 24 37 -15 28 0 0.00 M M 15.8 26 360 M M 3 32 350
4 58 28 43 -9 22 0 0.00 M M 6.5 16 140 M M 1 22 150
5 78 35 57 5 8 0 0.00 M M 17.0 30 160 M M 2 40 160
6 86 48 67 15 0 2 0.00 M M 14.9 29 230 M M 0 37 220
7 86 49 68 15 0 3 0.00 M M 10.5 20 260 M M 0 8 23 260
8 83 42 63 10 2 0 0.00 M M 12.4 28 10 M M 0 33 360
9 65 41 53 0 12 0 0.00 M M 11.4 20 60 M M 0 24 60
10 72 36 54 0 11 0 0.00 M M 17.3 38 210 M M 3 45 200
11 83 50 67 13 0 2 0.00 M M 16.7 28 220 M M 0 8 35 220
12 57 31 44 -10 21 0 T M M 26.3 40 360 M M 6 8 50 360
13 35 26 31 -23 34 0 0.01 M M 7.9 22 20 M M 10 1 27 20
14 49 28 39 -16 26 0 0.02 M M 5.8 15 220 M M 7 1 21 230
15 67 26 47 -8 18 0 0.00 M M 7.4 21 200 M M 0 25 210
16 70 32 51 -4 14 0 0.00 M M 15.8 39 350 M M 1 8 48 360
17 56 29 43 -13 22 0 0.00 M M 9.9 29 360 M M 3 33 360
18 79 39 59 3 6 0 0.00 M M 16.0 31 210 M M 0 40 200
19 75 42 59 3 6 0 T M M 8.7 22 320 M M 3 29 320
20 72 50 61 4 4 0 0.11 M M 6.7 28 10 M M 4 3 32 360
21 70 48 59 2 6 0 0.01 M M 6.0 14 100 M M 6 19 100
22 70 48 59 2 6 0 0.70 M M 9.5 23 20 M M 5 13 30 40
23 80 45 63 5 2 0 0.00 M M 6.3 18 240 M M 2 26 280
24 69 44 57 -1 8 0 0.00 M M 18.5 35 360 M M 2 42 340
25 70 44 57 -1 8 0 0.00 M M 8.1 17 20 M M 4 22 10
26 81 43 62 4 3 0 0.00 M M 13.4 32 200 M M 0 40 210
27 86 51 69 10 0 4 0.00 M M 8.8 18 10 M M 0 27 20
28 85 50 68 9 0 3 0.00 M M 15.4 31 360 M M 0 40 10
29 77 46 62 2 3 0 0.00 M M 13.8 33 10 M M 1 41 350
30 94 40 67 7 0 2 0.00 M M 12.3 26 200 M M 0 34 190
================================================================================
SM 2142 1192 292 16 0.85 M 372.4 M 67
================================================================================
AV 71.4 39.7 12.4 FASTST M M 2 MAX(MPH)
MISC ----> 40 360 50 360
================================================================================
NOTES:
# LAST OF SEVERAL OCCURRENCES
COLUMN 17 PEAK WIND IN M.P.H.
PRELIMINARY LOCAL CLIMATOLOGICAL DATA (WS FORM: F-6) , PAGE 2
STATION: GUYMON
MONTH: APRIL
YEAR: 2020
LATITUDE: 36 41 N
LONGITUDE: 101 30 W
[TEMPERATURE DATA] [PRECIPITATION DATA] SYMBOLS USED IN COLUMN 16
AVERAGE MONTHLY: 55.6 TOTAL FOR MONTH: 0.85 1 = FOG OR MIST
DPTR FM NORMAL: 0.4 DPTR FM NORMAL: -0.66 2 = FOG REDUCING VISIBILITY
HIGHEST: 94 ON 30 GRTST 24HR 0.71 ON 21-22 TO 1/4 MILE OR LESS
LOWEST: 24 ON 3 3 = THUNDER
SNOW, ICE PELLETS, HAIL 4 = ICE PELLETS
TOTAL MONTH: M 5 = HAIL
GRTST 24HR M ON M 6 = FREEZING RAIN OR DRIZZLE
GRTST DEPTH: M ON M 7 = DUSTSTORM OR SANDSTORM:
VSBY 1/2 MILE OR LESS
8 = SMOKE OR HAZE
[NO. OF DAYS WITH] [WEATHER - DAYS WITH] 9 = BLOWING SNOW
X = TORNADO
MAX 32 OR BELOW: 0 0.01 INCH OR MORE: 5
MAX 90 OR ABOVE: 1 0.10 INCH OR MORE: 2
MIN 32 OR BELOW: 9 0.50 INCH OR MORE: 1
MIN 0 OR BELOW: 0 1.00 INCH OR MORE: 0
[HDD (BASE 65) ]
TOTAL THIS MO. 292 CLEAR (SCALE 0-3) 22
DPTR FM NORMAL -13 PTCLDY (SCALE 4-7) 7
TOTAL FM JUL 1 4083 CLOUDY (SCALE 8-10) 1
DPTR FM NORMAL -271
[CDD (BASE 65) ]
TOTAL THIS MO. 16
DPTR FM NORMAL 3 [PRESSURE DATA]
TOTAL FM JAN 1 20 HIGHEST SLP M ON M
DPTR FM NORMAL 5 LOWEST SLP 29.26 ON 12
[REMARKS]
#FINAL-04-20#