000
CXUS54 KAMA 011145
CLMGUY
CLIMATE REPORT
NATIONAL WEATHER SERVICE AMARILLO
645 AM CDT THU JUN 01 2023
...................................
...THE GUYMON CLIMATE SUMMARY FOR THE MONTH OF MAY 2023...
CLIMATE NORMAL PERIOD: 1991 TO 2020
CLIMATE RECORD PERIOD: 1998 TO 2023
WEATHER OBSERVED NORMAL DEPART LAST YEAR`S
VALUE DATE(S) VALUE FROM VALUE DATE(S)
NORMAL
................................................................
TEMPERATURE (F)
HIGHEST 97 05/09 105 05/17
LOWEST 41 05/01 41 05/03
AVG. MAXIMUM 79.6 80.6 -1.0 86.8
AVG. MINIMUM 54.8 51.4 3.4 54.5
MEAN 67.2 66.0 1.2 70.6
DAYS MAX >= 90 3 7.6 -4.6 15
DAYS MAX <= 32 0 0.0 0.0 0
DAYS MIN <= 32 0 0.2 -0.2 0
DAYS MIN <= 0 0 0.0 0.0 0
PRECIPITATION (INCHES)
TOTALS 5.49 2.25 3.24 1.25
DAILY AVG. 0.18 0.07 0.11 0.04
DAYS >= .01 15 7.2 7.8 8
DAYS >= .10 15 3.9 11.1 3
DAYS >= .50 4 1.4 2.6 1
DAYS >= 1.00 1 0.3 0.7 0
GREATEST
24 HR. TOTAL 1.16 05/31 TO 05/31
SNOWFALL (INCHES)
TOTALS MM MM MM MM
SINCE 7/1 MM MM MM MM
DAYS >= TRACE MM MM MM
DAYS >= 1.0 MM MM MM MM
GREATEST
SNOW DEPTH MM
24 HR TOTAL MM
DEGREE DAYS
HEATING TOTAL 29 90 -61 67
SINCE 7/1 4242 4290 -48 MM
COOLING TOTAL 106 121 -15 234
SINCE 1/1 134 144 -10 MM
................................................................
WIND (MPH)
AVERAGE WIND SPEED 11.2
HIGHEST WIND SPEED/DIRECTION 38/240 DATE 05/31
HIGHEST GUST SPEED/DIRECTION 53/240 DATE 05/31
SKY COVER
POSSIBLE SUNSHINE (PERCENT) MM
NUMBER OF DAYS FAIR 22
NUMBER OF DAYS PC 5
NUMBER OF DAYS CLOUDY 4
AVERAGE RH (PERCENT) 67
WEATHER CONDITIONS. NUMBER OF DAYS WITH
THUNDERSTORM 12 MIXED PRECIP 0
HEAVY RAIN 6 RAIN 11
LIGHT RAIN 16 FREEZING RAIN 0
LT FREEZING RAIN 0 HEAVY SNOW 0
SNOW 0 LIGHT SNOW 0
SLEET 0 FOG 11
FOG W/VIS <= 1/4 MILE 0 HAZE 1
- INDICATES NEGATIVE NUMBERS.
R INDICATES RECORD WAS SET OR TIED.
MM INDICATES DATA IS MISSING.
T INDICATES TRACE AMOUNT.
$$