000
CXUS54 KJAN 281410
CF6GWO
PRELIMINARY LOCAL CLIMATOLOGICAL DATA (WS FORM: F-6)
STATION: GREENWOOD
MONTH: MARCH
YEAR: 2024
LATITUDE: 33 30 N
LONGITUDE: 90 5 W
TEMPERATURE IN F: :PCPN: SNOW: WIND :SUNSHINE: SKY :PK WND
================================================================================
1 2 3 4 5 6A 6B 7 8 9 10 11 12 13 14 15 16 17 18
12Z AVG MX 2MIN
DY MAX MIN AVG DEP HDD CDD WTR SNW DPTH SPD SPD DIR MIN PSBL S-S WX SPD DR
================================================================================
1 54 42 48 -4 17 0 0.70 0.0 M 2.5 10 120 M M 10 13 14 160
2 74 51 63 11 2 0 0.00 0.0 M 4.6 12 150 M M 5 1 15 160
3 79 55 67 14 0 2 0.00 0.0 M 7.6 15 200 M M 4 1 20 200
4 84 60 72 19 0 7 0.07 0.0 0 8.0 21 160 M M 5 3 26 170
5 71 58 65 12 0 0 0.34 0.0 0 4.7 12 60 M M 6 13 16 60
6 64 53 59 5 6 0 0.00 0.0 0 2.8 10 20 M M 9 12 14 360
7 73 51 62 8 3 0 0.00 0.0 0 4.0 10 110 M M 0 1 14 100
8 67 58 63 9 2 0 1.09 0.0 M 6.5 20 120 M M 8 1 27 110
9 61 43 52 -2 13 0 0.00 0.0 M 5.9 15 350 M M 9 24 350
10 64 36 50 -5 15 0 0.00 0.0 0 3.0 12 350 M M 1 1 18 350
11 70 38 54 -1 11 0 0.00 0.0 0 2.9 9 80 M M 0 14 130
12 75 39 57 2 8 0 0.00 0.0 0 4.3 14 210 M M 1 19 210
13 81 50 66 11 0 1 0.00 0.0 0 9.2 17 180 M M 3 22 180
14 83 61 72 16 0 7 0.00 0.0 0 11.8 22 190 M M 4 29 190
15 75 57 66 10 0 1 1.44 0.0 0 8.5 36 350 M M 9 13 53 360
16 68 54 61 5 4 0 0.02 0.0 0 3.3 10 40 M M 6 1 14 360
17 70 53 62 6 3 0 0.04 0.0 0 3.4 13 340 M M 9 20 330
18 56 34 45 -12 20 0 0.00 0.0 0 8.2 21 350 M M 0 33 330
19 59 30 45 -12 20 0 0.00 0.0 0 5.3 14 230 M M 0 22 230
20 73 42 58 1 7 0 0.00 0.0 0 4.4 13 240 M M 0 18 250
21 73 45 59 1 6 0 0.00 0.0 0 4.0 12 90 M M 2 16 100
22 64 55 60 2 5 0 0.06 0.0 0 6.5 15 20 M M 9 18 21 20
23 65 44 55 -3 10 0 0.00 0.0 M 9.1 18 20 M M 3 26 350
24 69 42 56 -2 9 0 0.00 0.0 0 8.4 17 150 M M 0 25 150
25 69 60 65 7 0 0 0.85 0.0 0 16.7 40 150 M M 9 13 54 140
26 69 48 59 0 6 0 0.00 0.0 0 5.7 14 210 M M 3 20 250
27 65 42 54 -5 11 0 0.00 0.0 0 6.4 14 360 M M 0 19 360
================================================================================
SM 1875 1301 178 18 4.61 0.0 167.7 M 115
================================================================================
AV 69.4 48.2 6.2 FASTST M M 4 MAX(MPH)
MISC ----> 40 150 54 140
================================================================================
NOTES:
# LAST OF SEVERAL OCCURRENCES
COLUMN 17 PEAK WIND IN M.P.H.
PRELIMINARY LOCAL CLIMATOLOGICAL DATA (WS FORM: F-6) , PAGE 2
STATION: GREENWOOD
MONTH: MARCH
YEAR: 2024
LATITUDE: 33 30 N
LONGITUDE: 90 5 W
[TEMPERATURE DATA] [PRECIPITATION DATA] SYMBOLS USED IN COLUMN 16
AVERAGE MONTHLY: 58.8 TOTAL FOR MONTH: 4.61 1 = FOG OR MIST
DPTR FM NORMAL: 3.2 DPTR FM NORMAL: 0.52 2 = FOG REDUCING VISIBILITY
HIGHEST: 84 ON 4 GRTST 24HR 1.44 ON 15-15 TO 1/4 MILE OR LESS
LOWEST: 30 ON 19 3 = THUNDER
SNOW, ICE PELLETS, HAIL 4 = ICE PELLETS
TOTAL MONTH: 0.0 INCH 5 = HAIL
GRTST 24HR 0.0 6 = FREEZING RAIN OR DRIZZLE
GRTST DEPTH: 0 7 = DUSTSTORM OR SANDSTORM:
VSBY 1/2 MILE OR LESS
8 = SMOKE OR HAZE
[NO. OF DAYS WITH] [WEATHER - DAYS WITH] 9 = BLOWING SNOW
X = TORNADO
MAX 32 OR BELOW: 0 0.01 INCH OR MORE: 9
MAX 90 OR ABOVE: 0 0.10 INCH OR MORE: 5
MIN 32 OR BELOW: 1 0.50 INCH OR MORE: 4
MIN 0 OR BELOW: 0 1.00 INCH OR MORE: 2
[HDD (BASE 65) ]
TOTAL THIS MO. 178 CLEAR (SCALE 0-3) 13
DPTR FM NORMAL -94 PTCLDY (SCALE 4-7) 7
TOTAL FM JUL 1 1953 CLOUDY (SCALE 8-10) 7
DPTR FM NORMAL -466
[CDD (BASE 65) ]
TOTAL THIS MO. 18
DPTR FM NORMAL -1 [PRESSURE DATA]
TOTAL FM JAN 1 29 HIGHEST SLP M ON M
DPTR FM NORMAL 2 LOWEST SLP 29.44 ON 25
[REMARKS]