000
CXUS54 KFWD 010830
CF6GYI
PRELIMINARY LOCAL CLIMATOLOGICAL DATA (WS FORM: F-6)
STATION: SHERMAN/DENISON
MONTH: FEBRUARY
YEAR: 2022
LATITUDE: 33 42 N
LONGITUDE: 96 40 W
TEMPERATURE IN F: :PCPN: SNOW: WIND :SUNSHINE: SKY :PK WND
================================================================================
1 2 3 4 5 6A 6B 7 8 9 10 11 12 13 14 15 16 17 18
12Z AVG MX 2MIN
DY MAX MIN AVG DEP HDD CDD WTR SNW DPTH SPD SPD DIR MIN PSBL S-S WX SPD DR
================================================================================
1 70 55 63 19 2 0 0.00 M M 11.1 17 160 M M 8 21 190
2 57 29 43 -1 22 0 0.29 M M 10.6 18 340 M M 9 1 29 360
3 28 20 24 -20 41 0 0.09 M M 8.4 12 350 M M 10 8 M M
4 36 20 28 -16 37 0 0.00 M M 6.5 14 320 M M 5 18 320
5 46 17 32 -12 33 0 0.00 M M 6.1 14 170 M M 0 M M
6 55 28 42 -2 23 0 0.00 M M 6.3 13 200 M M 0 M M
7 57 27 42 -3 23 0 0.00 M M 5.1 12 300 M M 0 18 340
8 67 36 52 7 13 0 0.00 M M 11.3 16 230 M M 0 25 210
9 69 31 50 5 15 0 0.00 M M 3.5 10 220 M M 0 18 220
10 69 37 53 8 12 0 0.00 M M 2.6 9 210 M M 1 M M
11 75 45 60 14 5 0 0.00 M M 11.5 20 40 M M 0 25 30
12 54 24 39 -7 26 0 0.00 M M 11.0 21 360 M M 6 33 20
13 62 25 44 -2 21 0 0.00 M M 4.3 15 310 M M 0 16 260
14 71 37 54 8 11 0 0.00 M M 9.7 16 180 M M 0 25 190
15 71 44 58 12 7 0 0.00 M M 17.3 25 180 M M 0 36 180
16 71 60 66 19 0 1 0.00 M M 21.8 31 180 M M 9 39 180
17 65 31 48 1 17 0 M M M 16.5 23 310 M M 10 31 310
18 52 22 37 -10 28 0 0.00 M M 3.0 13 340 M M 1 M M
19 66 31 49 2 16 0 0.00 M M 4.4 12 150 M M 0 M M
20 69 39 54 6 11 0 0.00 M M 13.9 23 180 M M 0 31 180
21 79 54 67 19 0 2 0.48 M M 13.1 18 190 M M 6 13 25 190
22 64 29 47 -1 18 0 0.43 M M 15.1 25 210 M M 4 3 36 210
23 29 21 25 -23 40 0 M M M 13.9 24 50 M M 9 1 29 20
24 29 21 25 -24 40 0 0.00 M M 8.0 13 340 M M 10 1 17 340
25 36 21 29 -20 36 0 0.00 M M 10.6 15 360 M M 4 21 20
26 42 32 37 -12 28 0 M M M 4.5 9 20 M M 10 8 M M
27 57 27 42 -7 23 0 0.00 M M 4.6 12 320 M M 0 21 320
28 65 27 46 -4 19 0 0.00 M M 4.6 9 170 M M 0 M M
================================================================================
SM 1611 890 567 3 1.29 M 259.1 M 102
================================================================================
AV 57.5 31.8 9.3 FASTST M M 4 MAX(MPH)
MISC ----> 31 180 39 180
================================================================================
NOTES:
# LAST OF SEVERAL OCCURRENCES
COLUMN 17 PEAK WIND IN M.P.H.
PRELIMINARY LOCAL CLIMATOLOGICAL DATA (WS FORM: F-6) , PAGE 2
STATION: SHERMAN/DENISON
MONTH: FEBRUARY
YEAR: 2022
LATITUDE: 33 42 N
LONGITUDE: 96 40 W
[TEMPERATURE DATA] [PRECIPITATION DATA] SYMBOLS USED IN COLUMN 16
AVERAGE MONTHLY: 44.7 TOTAL FOR MONTH: 1.29 1 = FOG OR MIST
DPTR FM NORMAL: -1.7 DPTR FM NORMAL: -1.65 2 = FOG REDUCING VISIBILITY
HIGHEST: 79 ON 21 GRTST 24HR 0.48 ON 21-21 TO 1/4 MILE OR LESS
LOWEST: 17 ON 5 3 = THUNDER
SNOW, ICE PELLETS, HAIL 4 = ICE PELLETS
TOTAL MONTH: M 5 = HAIL
GRTST 24HR M ON M 6 = FREEZING RAIN OR DRIZZLE
GRTST DEPTH: M ON M 7 = DUSTSTORM OR SANDSTORM:
VSBY 1/2 MILE OR LESS
8 = SMOKE OR HAZE
[NO. OF DAYS WITH] [WEATHER - DAYS WITH] 9 = BLOWING SNOW
X = TORNADO
MAX 32 OR BELOW: 3 0.01 INCH OR MORE: 4
MAX 90 OR ABOVE: 0 0.10 INCH OR MORE: 3
MIN 32 OR BELOW: 19 0.50 INCH OR MORE: 0
MIN 0 OR BELOW: 0 1.00 INCH OR MORE: 0
[HDD (BASE 65) ]
TOTAL THIS MO. 567 CLEAR (SCALE 0-3) 15
DPTR FM NORMAL 45 PTCLDY (SCALE 4-7) 6
TOTAL FM JUL 1 1862 CLOUDY (SCALE 8-10) 7
DPTR FM NORMAL -500
[CDD (BASE 65) ]
TOTAL THIS MO. 3
DPTR FM NORMAL 2 [PRESSURE DATA]
TOTAL FM JAN 1 3 HIGHEST SLP M ON M
DPTR FM NORMAL 3 LOWEST SLP M ON M
[REMARKS]
#FINAL-02-22#