000
CXUS51 KGYX 020856
CF6GYX
PRELIMINARY LOCAL CLIMATOLOGICAL DATA (WS FORM: F-6)
STATION: GRAY ME
MONTH: JULY
YEAR: 2022
LATITUDE: 43 53 N
LONGITUDE: 70 15 W
TEMPERATURE IN F: :PCPN: SNOW: WIND :SUNSHINE: SKY :PK WND
================================================================================
1 2 3 4 5 6A 6B 7 8 9 10 11 12 13 14 15 16 17 18
12Z AVG MX 2MIN
DY MAX MIN AVG DEP HDD CDD WTR SNW DPTH SPD SPD DIR MIN PSBL S-S WX SPD DR
================================================================================
1 86 58 72 4 0 7 0.00 0.0 0 M M M M M M M M
2 85 67 76 8 0 11 0.02 0.0 0 M M M M M M M M
3 83 62 73 5 0 8 0.00 0.0 0 M M M M M M M M
4 81 59 70 1 0 5 0.00 0.0 0 M M M M M M M M
5 76 61 69 0 0 4 0.22 0.0 0 M M M M M M M M
6 78 60 69 0 0 4 0.05 0.0 0 M M M M M M M M
7 76 57 67 -2 0 2 0.00 0.0 0 M M M M M M M M
8 83 58 71 2 0 6 0.00 0.0 0 M M M M M M M M
9 79 60 70 1 0 5 0.00 0.0 0 M M M M M M M M
10 80 55 68 -1 0 3 0.00 0.0 0 M M M M M M M M
11 83 58 71 1 0 6 0.00 0.0 0 M M M M M M M M
12 85 62 74 4 0 9 0.26 0.0 0 M M M M M M 3 M M
13 84 64 74 4 0 9 0.00 0.0 0 M M M M M M M M
14 81 62 72 2 0 7 0.03 0.0 0 M M M M M M 3 M M
15 83 60 72 2 0 7 0.00 0.0 0 M M M M M M M M
16 84 62 73 3 0 8 0.00 0.0 0 M M M M M M M M
17 86 63 75 5 0 10 0.00 0.0 0 M M M M M M M M
18 81 63 72 2 0 7 0.65 0.0 0 M M M M M M 13 M M
19 91 70 81 11 0 16 0.24 0.0 0 M M M M M M M M
20 90 69 80 10 0 15 T 0.0 0 M M M M M M M M
21 88 67 78 8 0 13 0.44 0.0 0 M M M M M M 3 M M
22 90 67 79 9 0 14 0.00 0.0 0 M M M M M M M M
23 93 69 81 11 0 16 0.00 0.0 0 M M M M M M M M
24 89 68 79 9 0 14 T 0.0 0 M M M M M M M M
25 82 66 74 4 0 9 0.40 0.0 0 M M M M M M M M
26 79 61 70 0 0 5 0.00 0.0 0 M M M M M M M M
27 82 60 71 1 0 6 0.00 0.0 0 M M M M M M M M
28 83 62 73 3 0 8 0.49 0.0 0 M M M M M M 3 M M
29 86 67 77 7 0 12 0.01 0.0 0 M M M M M M 1 M M
30 81 65 73 3 0 8 T 0.0 0 M M M M M M M M
31 82 61 72 2 0 7 0.00 0.0 0 M M M M M M M M
================================================================================
SM 2590 1943 0 261 2.81 0.0 M M M
================================================================================
AV 83.5 62.7 M FASTST M M M MAX(MPH)
MISC ----> M M M M
================================================================================
NOTES:
# LAST OF SEVERAL OCCURRENCES
COLUMN 17 PEAK WIND IN M.P.H.
PRELIMINARY LOCAL CLIMATOLOGICAL DATA (WS FORM: F-6) , PAGE 2
STATION: GRAY ME
MONTH: JULY
YEAR: 2022
LATITUDE: 43 53 N
LONGITUDE: 70 15 W
[TEMPERATURE DATA] [PRECIPITATION DATA] SYMBOLS USED IN COLUMN 16
AVERAGE MONTHLY: 73.1 TOTAL FOR MONTH: 2.81 1 = FOG OR MIST
DPTR FM NORMAL: 3.6 DPTR FM NORMAL: -0.92 2 = FOG REDUCING VISIBILITY
HIGHEST: 93 ON 23 GRTST 24HR 0.65 ON 18-18 TO 1/4 MILE OR LESS
LOWEST: 55 ON 10 3 = THUNDER
SNOW, ICE PELLETS, HAIL 4 = ICE PELLETS
TOTAL MONTH: 0.0 INCH 5 = HAIL
GRTST 24HR 0.0 6 = FREEZING RAIN OR DRIZZLE
GRTST DEPTH: 0 7 = DUSTSTORM OR SANDSTORM:
VSBY 1/2 MILE OR LESS
8 = SMOKE OR HAZE
[NO. OF DAYS WITH] [WEATHER - DAYS WITH] 9 = BLOWING SNOW
X = TORNADO
MAX 32 OR BELOW: 0 0.01 INCH OR MORE: 11
MAX 90 OR ABOVE: 4 0.10 INCH OR MORE: 7
MIN 32 OR BELOW: 0 0.50 INCH OR MORE: 1
MIN 0 OR BELOW: 0 1.00 INCH OR MORE: 0
[HDD (BASE 65) ]
TOTAL THIS MO. 0 CLEAR (SCALE 0-3) 0
DPTR FM NORMAL -15 PTCLDY (SCALE 4-7) 0
TOTAL FM JUL 1 0 CLOUDY (SCALE 8-10) 31
DPTR FM NORMAL -9
[CDD (BASE 65) ]
TOTAL THIS MO. 261
DPTR FM NORMAL 105 [PRESSURE DATA]
TOTAL FM JAN 1 341 HIGHEST SLP M ON M
DPTR FM NORMAL 115 LOWEST SLP M ON M
[REMARKS]
#FINAL-07-22#