000
CXUS54 KJAN 011414
CF6HBG
PRELIMINARY LOCAL CLIMATOLOGICAL DATA (WS FORM: F-6)
STATION: HATTIESBURG
MONTH: JUNE
YEAR: 2020
LATITUDE: 31 16 N
LONGITUDE: 89 15 W
TEMPERATURE IN F: :PCPN: SNOW: WIND :SUNSHINE: SKY :PK WND
================================================================================
1 2 3 4 5 6A 6B 7 8 9 10 11 12 13 14 15 16 17 18
12Z AVG MX 2MIN
DY MAX MIN AVG DEP HDD CDD WTR SNW DPTH SPD SPD DIR MIN PSBL S-S WX SPD DR
================================================================================
1 90 63 77 0 0 12 0.00 0.0 0 3.1 9 40 M M 0 14 120
2 89 69 79 2 0 14 1.06 0.0 0 2.9 17 130 M M 1 13 23 130
3 86 71 79 2 0 14 0.06 0.0 0 3.1 14 320 M M 5 13 18 320
4 89 70 80 2 0 15 T 0.0 0 1.9 14 170 M M 4 12 18 170
5 92 70 81 3 0 16 0.01 0.0 0 3.3 30 20 M M 3 3 43 20
6 89 68 79 1 0 14 0.05 0.0 0 6.4 24 130 M M 2 8 30 130
7 82 73 78 0 0 13 2.20 0.0 0 13.1 24 60 M M 10 1 43 60
8 84 77 81 3 0 16 0.34 0.0 0 13.8 25 140 M M 8 1 39 140
9 90 75 83 5 0 18 0.24 0.0 0 9.2 22 150 M M 4 13 30 150
10 90 69 80 2 0 15 0.05 0.0 0 6.8 20 290 M M 4 13 29 290
11 85 64 75 -4 0 10 0.00 0.0 0 6.1 14 350 M M 1 21 340
12 87 63 75 -4 0 10 0.00 0.0 0 6.6 18 30 M M 0 28 40
13 90 63 77 -2 0 12 T 0.0 0 5.0 14 150 M M 2 3 19 20
14 91 69 80 1 0 15 0.00 0.0 0 3.1 12 70 M M 2 17 70
15 92 68 80 1 0 15 0.00 0.0 0 3.2 10 20 M M 1 17 340
16 86 66 76 -3 0 11 0.00 0.0 0 3.5 14 360 M M 1 20 10
17 87 63 75 -4 0 10 0.00 0.0 0 2.0 10 40 M M 1 14 80
18 90 64 77 -3 0 12 0.00 0.0 0 1.8 9 190 M M 1 11 170
19 92 67 80 0 0 15 0.00 0.0 0 1.5 10 110 M M 1 13 70
20 94 68 81 1 0 16 0.00 0.0 0 3.0 13 200 M M 1 18 190
21 92 70 81 1 0 16 0.00 0.0 0 6.0 16 200 M M 1 24 190
22 85 73 79 -1 0 14 0.02 0.0 0 6.4 21 200 M M 3 1 31 190
23 93 72 83 3 0 18 0.20 0.0 0 7.4 17 240 M M 4 1 26 290
24 78 71 75 -5 0 10 0.58 0.0 0 3.8 13 220 M M 6 13 19 220
25 91 71 81 1 0 16 0.21 0.0 0 4.4 30 210 M M 2 138 43 220
26 89 71 80 -1 0 15 0.00 0.0 0 2.9 13 100 M M 2 19 110
27 90 73 82 1 0 17 0.00 0.0 0 5.1 15 190 M M 3 1 20 160
28 93 74 84 3 0 19 0.00 0.0 0 5.9 14 210 M M 2 20 210
29 91 75 83 2 0 18 0.10 0.0 0 4.8 17 200 M M 2 38 24 200
30 93 76 85 4 0 20 0.00 0.0 0 4.4 12 250 M M 1 1 17 180
================================================================================
SM 2670 2086 0 436 5.12 0.0 150.5 M 78
================================================================================
AV 89.0 69.5 5.0 FASTST M M 3 MAX(MPH)
MISC ----> # 30 20 # 43 20
================================================================================
NOTES:
# LAST OF SEVERAL OCCURRENCES
COLUMN 17 PEAK WIND IN M.P.H.
PRELIMINARY LOCAL CLIMATOLOGICAL DATA (WS FORM: F-6) , PAGE 2
STATION: HATTIESBURG
MONTH: JUNE
YEAR: 2020
LATITUDE: 31 16 N
LONGITUDE: 89 15 W
[TEMPERATURE DATA] [PRECIPITATION DATA] SYMBOLS USED IN COLUMN 16
AVERAGE MONTHLY: 79.3 TOTAL FOR MONTH: 5.12 1 = FOG OR MIST
DPTR FM NORMAL: 0.2 DPTR FM NORMAL: -0.38 2 = FOG REDUCING VISIBILITY
HIGHEST: 94 ON 20 GRTST 24HR 2.20 ON 7- 7 TO 1/4 MILE OR LESS
LOWEST: 63 ON 17,13 3 = THUNDER
SNOW, ICE PELLETS, HAIL 4 = ICE PELLETS
TOTAL MONTH: 0.0 INCH 5 = HAIL
GRTST 24HR 0.0 6 = FREEZING RAIN OR DRIZZLE
GRTST DEPTH: 0 7 = DUSTSTORM OR SANDSTORM:
VSBY 1/2 MILE OR LESS
8 = SMOKE OR HAZE
[NO. OF DAYS WITH] [WEATHER - DAYS WITH] 9 = BLOWING SNOW
X = TORNADO
MAX 32 OR BELOW: 0 0.01 INCH OR MORE: 13
MAX 90 OR ABOVE: 17 0.10 INCH OR MORE: 8
MIN 32 OR BELOW: 0 0.50 INCH OR MORE: 3
MIN 0 OR BELOW: 0 1.00 INCH OR MORE: 2
[HDD (BASE 65) ]
TOTAL THIS MO. 0 CLEAR (SCALE 0-3) 21
DPTR FM NORMAL 0 PTCLDY (SCALE 4-7) 8
TOTAL FM JUL 1 1541 CLOUDY (SCALE 8-10) 1
DPTR FM NORMAL -444
[CDD (BASE 65) ]
TOTAL THIS MO. 436
DPTR FM NORMAL 13 [PRESSURE DATA]
TOTAL FM JAN 1 959 HIGHEST SLP M ON M
DPTR FM NORMAL 121 LOWEST SLP 29.40 ON 8
[REMARKS]
#FINAL-06-20#