890
CXUS54 KOUN 010700
CF6HBR
PRELIMINARY LOCAL CLIMATOLOGICAL DATA (WS FORM: F-6)
STATION: HOBART
MONTH: SEPTEMBER
YEAR: 2020
LATITUDE: 35 0 N
LONGITUDE: 99 3 W
TEMPERATURE IN F: :PCPN: SNOW: WIND :SUNSHINE: SKY :PK WND
================================================================================
1 2 3 4 5 6A 6B 7 8 9 10 11 12 13 14 15 16 17 18
12Z AVG MX 2MIN
DY MAX MIN AVG DEP HDD CDD WTR SNW DPTH SPD SPD DIR MIN PSBL S-S WX SPD DR
================================================================================
1 80 72 76 -3 0 11 0.07 0.0 0 10.6 24 150 M M 3 13 30 150
2 88 67 78 -1 0 13 2.16 0.0 0 6.9 39 350 M M 5 13 49 320
3 93 64 79 1 0 14 0.00 0.0 0 5.0 10 170 M M 1 1 12 170
4 92 69 81 3 0 16 0.00 0.0 0 6.3 13 160 M M 1 12 20 200
5 90 70 80 2 0 15 0.00 0.0 0 7.9 17 210 M M 2 1 23 180
6 94 69 82 4 0 17 0.00 0.0 0 14.3 24 190 M M 0 36 200
7 95 70 83 6 0 18 0.00 0.0 0 16.1 26 190 M M 0 33 180
8 87 52 70 -7 0 5 2.64 0.0 0 16.5 48 330 M M 6 13 67 340
9 52 49 51 -25 14 0 0.99 M 0 16.5 25 10 M M 10 1 32 10
10 65 50 58 -18 7 0 0.02 0.0 0 11.0 21 360 M M 8 26 10
11 74 56 65 -11 0 0 0.01 0.0 0 4.6 13 200 M M 5 16 200
12 82 58 70 -5 0 5 0.00 0.0 0 6.0 10 180 M M 3 12 15 180
13 85 61 73 -2 0 8 0.00 0.0 0 5.0 12 80 M M 0 1 15 90
14 79 61 70 -4 0 5 0.00 0.0 0 8.1 16 60 M M 0 22 80
15 84 63 74 0 0 9 0.00 0.0 0 5.2 10 160 M M 1 8 12 160
16 87 62 75 1 0 10 0.00 0.0 0 4.2 12 110 M M 2 128 16 120
17 87 65 76 3 0 11 0.00 0.0 0 7.3 15 40 M M 3 19 50
18 82 57 70 -3 0 5 0.00 0.0 0 7.5 15 70 M M 0 1 19 60
19 80 56 68 -4 0 3 0.00 0.0 0 6.7 15 190 M M 0 18 19 180
20 81 54 68 -4 0 3 0.00 0.0 0 6.2 15 190 M M 0 18 18 200
21 82 56 69 -3 0 4 0.00 0.0 0 4.3 12 120 M M 3 1 15 110
22 80 57 69 -2 0 4 0.00 0.0 0 5.7 14 110 M M 6 1 17 110
23 79 58 69 -2 0 4 0.00 0.0 0 4.6 13 110 M M 7 16 120
24 88 54 71 1 0 6 0.00 0.0 0 7.3 16 180 M M 2 12 22 170
25 90 62 76 6 0 11 0.00 0.0 0 14.4 23 180 M M 0 29 180
26 91 65 78 9 0 13 0.00 0.0 0 16.2 25 190 M M 0 34 180
27 86 62 74 5 0 9 0.00 0.0 0 19.1 31 40 M M 5 8 54 30
28 76 47 62 -7 3 0 0.00 0.0 0 13.3 29 340 M M 1 36 350
29 85 42 64 -4 1 0 0.00 0.0 0 9.4 18 350 M M 0 8 31 310
30 95 48 72 4 0 7 0.00 0.0 0 7.2 17 80 M M 0 23 80
================================================================================
SM 2509 1776 25 226 5.89 0.0 273.4 M 74
================================================================================
AV 83.6 59.2 9.1 FASTST M M 2 MAX(MPH)
MISC ----> # 48 330 # 67 340
================================================================================
NOTES:
# LAST OF SEVERAL OCCURRENCES
COLUMN 17 PEAK WIND IN M.P.H.
PRELIMINARY LOCAL CLIMATOLOGICAL DATA (WS FORM: F-6) , PAGE 2
STATION: HOBART
MONTH: SEPTEMBER
YEAR: 2020
LATITUDE: 35 0 N
LONGITUDE: 99 3 W
[TEMPERATURE DATA] [PRECIPITATION DATA] SYMBOLS USED IN COLUMN 16
AVERAGE MONTHLY: 71.4 TOTAL FOR MONTH: 5.89 1 = FOG OR MIST
DPTR FM NORMAL: -2.3 DPTR FM NORMAL: 2.80 2 = FOG REDUCING VISIBILITY
HIGHEST: 95 ON 30, 7 GRTST 24HR 2.64 ON 8- 8 TO 1/4 MILE OR LESS
LOWEST: 42 ON 29 3 = THUNDER
SNOW, ICE PELLETS, HAIL 4 = ICE PELLETS
TOTAL MONTH: 0.0 INCH 5 = HAIL
GRTST 24HR 0.0 6 = FREEZING RAIN OR DRIZZLE
GRTST DEPTH: 0 7 = DUSTSTORM OR SANDSTORM:
VSBY 1/2 MILE OR LESS
8 = SMOKE OR HAZE
[NO. OF DAYS WITH] [WEATHER - DAYS WITH] 9 = BLOWING SNOW
X = TORNADO
MAX 32 OR BELOW: 0 0.01 INCH OR MORE: 6
MAX 90 OR ABOVE: 8 0.10 INCH OR MORE: 3
MIN 32 OR BELOW: 0 0.50 INCH OR MORE: 3
MIN 0 OR BELOW: 0 1.00 INCH OR MORE: 2
[HDD (BASE 65) ]
TOTAL THIS MO. 25 CLEAR (SCALE 0-3) 21
DPTR FM NORMAL 4 PTCLDY (SCALE 4-7) 8
TOTAL FM JUL 1 25 CLOUDY (SCALE 8-10) 1
DPTR FM NORMAL 4
[CDD (BASE 65) ]
TOTAL THIS MO. 226
DPTR FM NORMAL -56 [PRESSURE DATA]
TOTAL FM JAN 1 2231 HIGHEST SLP M ON M
DPTR FM NORMAL 229 LOWEST SLP 29.68 ON M
[REMARKS]
#FINAL-09-20#