000
CXUS54 KHGX 011510
CF6HGX
PRELIMINARY LOCAL CLIMATOLOGICAL DATA (WS FORM: F-6)
STATION: DICKINSON WFO
MONTH: DECEMBER
YEAR: 2023
LATITUDE: 29 28 N
LONGITUDE: 95 5 W
TEMPERATURE IN F: :PCPN: SNOW: WIND :SUNSHINE: SKY :PK WND
================================================================================
1 2 3 4 5 6A 6B 7 8 9 10 11 12 13 14 15 16 17 18
12Z AVG MX 2MIN
DY MAX MIN AVG DEP HDD CDD WTR SNW DPTH SPD SPD DIR MIN PSBL S-S WX SPD DR
================================================================================
1 74 63 69 10 0 4 0.05 0.0 0 M M M M M M M M
2 66 57 62 3 3 0 0.01 0.0 0 M M M M M M M M
3 71 50 61 2 4 0 0.00 0.0 0 M M M M M M M M
4 71 47 59 1 6 0 0.00 0.0 0 M M M M M M M M
5 66 46 56 -2 9 0 0.00 0.0 0 M M M M M M M M
6 64 45 55 -3 10 0 0.00 0.0 0 M M M M M M M M
7 70 43 57 -1 8 0 0.00 0.0 0 M M M M M M M M
8 77 63 70 12 0 5 0.02 0.0 0 M M M M M M M M
9 81 57 69 11 0 4 0.44 0.0 0 M M M M M M M M
10 60 40 50 -7 15 0 0.02 0.0 0 M M M M M M M M
11 63 35 49 -8 16 0 0.00 0.0 0 M M M M M M M M
12 64 41 53 -4 12 0 0.00 0.0 0 M M M M M M M M
13 62 49 56 -1 9 0 T 0.0 0 M M M M M M M M
14 65 54 60 3 5 0 0.00 0.0 0 M M M M M M M M
15 65 57 61 4 4 0 0.59 0.0 0 M M M M M M 1 M M
16 63 49 56 0 9 0 0.76 0.0 0 M M M M M 0 M M
17 67 40 54 -2 11 0 0.00 0.0 0 M M M M M M M M
18 73 44 59 3 6 0 0.00 0.0 0 M M M M M M M M
19 64 42 53 -3 12 0 0.00 0.0 0 M M M M M M M M
20 66 56 61 5 4 0 0.00 0.0 0 M M M M M M M M
21 63 58 61 5 4 0 T 0.0 0 M M M M M M M M
22 71 59 65 9 0 0 0.00 0.0 0 M M M M M M 1 M M
23 74 62 68 12 0 3 0.17 0.0 0 M M M M M M M M
24 70 55 63 8 2 0 0.96 0.0 0 M M M M M M 1 M M
25 58 47 53 -2 12 0 0.00 0.0 0 M M M M M M M M
26 57 44 51 -4 14 0 0.00 0.0 0 M M M M M M M M
27 43 67 55 0 10 0 0.00 0.0 0 M M M M M M M M
28 57 38 48 -7 17 0 0.00 0.0 0 M M M M M M M M
29 55 34 45 -10 20 0 0.00 0.0 0 M M M M M M M M
30 67 34 51 -4 14 0 0.00 0.0 0 M M M M M M M M
31 73 41 57 2 8 0 0.00 0.0 0 M M M M M M 1 M M
================================================================================
SM 2040 1517 244 16 3.02 0.0 M M 0
================================================================================
AV 65.8 48.9 M FASTST M M 0 MAX(MPH)
MISC ----> M M M M
================================================================================
NOTES:
# LAST OF SEVERAL OCCURRENCES
COLUMN 17 PEAK WIND IN M.P.H.
PRELIMINARY LOCAL CLIMATOLOGICAL DATA (WS FORM: F-6) , PAGE 2
STATION: DICKINSON WFO
MONTH: DECEMBER
YEAR: 2023
LATITUDE: 29 28 N
LONGITUDE: 95 5 W
[TEMPERATURE DATA] [PRECIPITATION DATA] SYMBOLS USED IN COLUMN 16
AVERAGE MONTHLY: 57.4 TOTAL FOR MONTH: 3.02 1 = FOG OR MIST
DPTR FM NORMAL: 0.8 DPTR FM NORMAL: -1.51 2 = FOG REDUCING VISIBILITY
HIGHEST: 81 ON 9 GRTST 24HR 0.96 ON 24-24 TO 1/4 MILE OR LESS
LOWEST: 34 ON 30,29 3 = THUNDER
SNOW, ICE PELLETS, HAIL 4 = ICE PELLETS
TOTAL MONTH: 0.0 INCH 5 = HAIL
GRTST 24HR 0.0 6 = FREEZING RAIN OR DRIZZLE
GRTST DEPTH: 0 7 = DUSTSTORM OR SANDSTORM:
VSBY 1/2 MILE OR LESS
8 = SMOKE OR HAZE
[NO. OF DAYS WITH] [WEATHER - DAYS WITH] 9 = BLOWING SNOW
X = TORNADO
MAX 32 OR BELOW: 0 0.01 INCH OR MORE: 9
MAX 90 OR ABOVE: 0 0.10 INCH OR MORE: 5
MIN 32 OR BELOW: 0 0.50 INCH OR MORE: 3
MIN 0 OR BELOW: 0 1.00 INCH OR MORE: 0
[HDD (BASE 65) ]
TOTAL THIS MO. 244 CLEAR (SCALE 0-3) 1
DPTR FM NORMAL -50 PTCLDY (SCALE 4-7) 0
TOTAL FM JUL 1 441 CLOUDY (SCALE 8-10) 30
DPTR FM NORMAL -17
[CDD (BASE 65) ]
TOTAL THIS MO. 16
DPTR FM NORMAL -18 [PRESSURE DATA]
TOTAL FM JAN 1 3697 HIGHEST SLP M ON M
DPTR FM NORMAL 497 LOWEST SLP M ON M
[REMARKS]
#FINAL-12-23#