000
CXUS56 KLOX 011155
CF6HHR
PRELIMINARY LOCAL CLIMATOLOGICAL DATA (WS FORM: F-6)
STATION: HAWTHORNE AIRPORT CA
MONTH: OCTOBER
YEAR: 2022
LATITUDE: 33 55 N
LONGITUDE: 118 20 W
TEMPERATURE IN F: :PCPN: SNOW: WIND :SUNSHINE: SKY :PK WND
================================================================================
1 2 3 4 5 6A 6B 7 8 9 10 11 12 13 14 15 16 17 18
12Z AVG MX 2MIN
DY MAX MIN AVG DEP HDD CDD WTR SNW DPTH SPD SPD DIR MIN PSBL S-S WX SPD DR
================================================================================
1 76 67 72 2 0 7 0.00 M M 6.2 15 260 M M 7 21 270
2 76 67 72 2 0 7 0.00 M M 4.3 16 260 M M 5 22 260
3 76 66 71 1 0 6 0.00 M M 4.8 16 260 M M 0 22 260
4 80 66 73 3 0 8 0.00 M M 3.4 16 260 M M 0 19 260
5 77 67 72 2 0 7 0.00 M M 4.1 14 260 M M 5 8 20 280
6 76 68 72 3 0 7 0.00 M M 3.9 13 260 M M 8 8 18 250
7 78 68 73 4 0 8 0.00 M M 4.6 14 240 M M 5 8 21 260
8 77 67 72 3 0 7 0.00 M M 4.6 13 270 M M 5 18 21 280
9 75 66 71 2 0 6 0.00 M M 4.0 15 260 M M 6 18 17 260
10 76 65 71 2 0 6 T M M 4.0 14 250 M M 6 8 17 250
11 76 68 72 3 0 7 0.00 M M 4.5 14 260 M M 7 21 270
12 76 66 71 2 0 6 0.26 M M 5.9 18 260 M M 7 138 25 260
13 72 67 70 1 0 5 0.00 M M 4.1 12 260 M M 10 8 16 260
14 71 66 69 1 0 4 0.00 M M 4.2 10 260 M M 10 14 270
15 73 64 69 1 0 4 0.02 M M 4.2 13 240 M M 9 13 17 270
16 74 64 69 1 0 4 0.00 M M 4.2 14 260 M M 2 18 260
17 76 62 69 1 0 4 0.00 M M 3.7 16 270 M M 0 8 19 260
18 86 64 75 7 0 10 0.00 M M 3.1 13 270 M M 0 17 270
19 94 66 80 12 0 15 0.00 M M 2.5 15 250 M M 0 8 22 230
20 88 69 79 11 0 14 0.00 M M 3.5 15 250 M M 0 8 20 260
21 79 67 73 5 0 8 0.00 M M 5.3 14 260 M M 6 18 19 260
22 70 64 67 0 0 2 T M M 6.4 14 260 M M 10 8 20 250
23 73 59 66 -1 0 1 0.00 M M 4.1 17 260 M M 1 24 250
24 77 57 67 0 0 2 0.00 M M 3.1 13 270 M M 0 20 270
25 77 57 67 0 0 2 0.00 M M 3.0 13 250 M M 0 8 17 260
26 73 58 66 -1 0 1 0.00 M M 3.5 14 250 M M 0 20 250
27 77 59 68 1 0 3 0.00 M M 2.4 15 260 M M 2 8 19 260
28 75 58 67 0 0 2 0.00 M M 2.8 14 260 M M 0 8 19 260
29 75 56 66 0 0 1 0.00 M M 2.4 13 260 M M 0 8 18 270
30 79 58 69 3 0 4 0.00 M M 1.9 12 250 M M 1 16 270
31 77 58 68 2 0 3 0.00 M M 2.1 16 270 M M 0 18 260
================================================================================
SM 2385 1974 0 171 0.28 M 120.8 M 112
================================================================================
AV 76.9 63.7 3.9 FASTST M M 4 MAX(MPH)
MISC ----> 18 260 25 260
================================================================================
NOTES:
# LAST OF SEVERAL OCCURRENCES
COLUMN 17 PEAK WIND IN M.P.H.
PRELIMINARY LOCAL CLIMATOLOGICAL DATA (WS FORM: F-6) , PAGE 2
STATION: HAWTHORNE AIRPORT CA
MONTH: OCTOBER
YEAR: 2022
LATITUDE: 33 55 N
LONGITUDE: 118 20 W
[TEMPERATURE DATA] [PRECIPITATION DATA] SYMBOLS USED IN COLUMN 16
AVERAGE MONTHLY: 70.3 TOTAL FOR MONTH: 0.28 1 = FOG OR MIST
DPTR FM NORMAL: 2.2 DPTR FM NORMAL: -0.20 2 = FOG REDUCING VISIBILITY
HIGHEST: 94 ON 19 GRTST 24HR 0.26 ON 12-12 TO 1/4 MILE OR LESS
LOWEST: 56 ON 29 3 = THUNDER
SNOW, ICE PELLETS, HAIL 4 = ICE PELLETS
TOTAL MONTH: M 5 = HAIL
GRTST 24HR M ON M 6 = FREEZING RAIN OR DRIZZLE
GRTST DEPTH: M ON M 7 = DUSTSTORM OR SANDSTORM:
VSBY 1/2 MILE OR LESS
8 = SMOKE OR HAZE
[NO. OF DAYS WITH] [WEATHER - DAYS WITH] 9 = BLOWING SNOW
X = TORNADO
MAX 32 OR BELOW: 0 0.01 INCH OR MORE: 2
MAX 90 OR ABOVE: 1 0.10 INCH OR MORE: 1
MIN 32 OR BELOW: 0 0.50 INCH OR MORE: 0
MIN 0 OR BELOW: 0 1.00 INCH OR MORE: 0
[HDD (BASE 65) ]
TOTAL THIS MO. 0 CLEAR (SCALE 0-3) 16
DPTR FM NORMAL -23 PTCLDY (SCALE 4-7) 10
TOTAL FM JUL 1 0 CLOUDY (SCALE 8-10) 5
DPTR FM NORMAL -21
[CDD (BASE 65) ]
TOTAL THIS MO. 171
DPTR FM NORMAL 51 [PRESSURE DATA]
TOTAL FM JAN 1 1428 HIGHEST SLP 30.17 ON 28
DPTR FM NORMAL 542 LOWEST SLP 29.73 ON 22
[REMARKS]
#FINAL-10-22#