000
CXUS56 KPQR 011612
CF6HIO
PRELIMINARY LOCAL CLIMATOLOGICAL DATA (WS FORM: F-6)
STATION: HILLSBORO OR
MONTH: MARCH
YEAR: 2022
LATITUDE: 45 32 N
LONGITUDE: 122 57 W
TEMPERATURE IN F: :PCPN: SNOW: WIND :SUNSHINE: SKY :PK WND
================================================================================
1 2 3 4 5 6A 6B 7 8 9 10 11 12 13 14 15 16 17 18
12Z AVG MX 2MIN
DY MAX MIN AVG DEP HDD CDD WTR SNW DPTH SPD SPD DIR MIN PSBL S-S WX SPD DR
================================================================================
1 58 50 54 10 11 0 0.18 M M 8.0 14 170 M M 10 1 18 180
2 53 47 50 6 15 0 0.17 M M 3.6 8 240 M M 10 1 M M
3 53 36 45 1 20 0 0.03 M M 5.0 16 310 M M 4 1 21 310
4 51 37 44 -1 21 0 0.02 M M 5.3 15 330 M M 7 1 20 330
5 56 29 43 -2 22 0 0.00 M M 3.7 16 350 M M 1 1 21 350
6 53 30 42 -3 23 0 0.00 M M 1.5 8 50 M M 4 1 9 50
7 52 29 41 -4 24 0 0.00 M M 1.4 7 40 M M 4 128 9 40
8 52 32 42 -3 23 0 T M M 3.1 14 280 M M 9 1 18 280
9 52 33 43 -2 22 0 0.03 M M 6.5 15 30 M M 6 1 21 60
10 51 24 38 -8 27 0 0.00 M M 2.3 7 250 M M 2 10 240
11 58 29 44 -2 21 0 0.00 M M 1.0 8 160 M M 2 10 140
12 58 28 43 -3 22 0 0.10 M M 6.1 21 170 M M 5 12 29 210
13 54 42 48 2 17 0 0.21 M M 12.7 22 160 M M 10 1 27 160
14 54 45 50 4 15 0 0.19 M M 5.9 15 220 M M 10 1 18 230
15 57 39 48 2 17 0 0.18 M M 8.3 22 240 M M 7 18 30 240
16 55 33 44 -2 21 0 0.00 M M 2.2 10 150 M M 5 14 160
17 50 35 43 -3 22 0 T M M 1.9 12 150 M M 5 1 14 150
18 58 43 51 4 14 0 T M M 5.1 16 170 M M 9 1 21 170
19 53 35 44 -3 21 0 0.20 M M 7.8 25 320 M M 7 1 32 300
20 49 33 41 -6 24 0 0.06 M M 3.9 14 160 M M 9 1 18 180
21 51 42 47 0 18 0 0.49 M M 7.4 14 170 M M 10 1 17 180
22 67 47 57 10 8 0 0.01 M M 2.3 9 320 M M 7 12 11 320
23 60 35 48 1 17 0 0.06 M M 5.6 18 320 M M 8 128 23 320
24 63 30 47 0 18 0 0.00 M M 2.0 8 300 M M 1 1 13 230
25 61 41 51 4 14 0 0.00 M M 2.0 7 350 M M 3 10 280
26 63 46 55 8 10 0 0.01 M M 2.9 8 30 M M 7 1 11 70
27 68 44 56 9 9 0 0.00 M M 2.3 12 310 M M 2 1 14 310
28 61 44 53 5 12 0 T M M 6.0 15 290 M M 7 18 290
29 59 41 50 2 15 0 0.00 M M 3.0 16 290 M M 8 20 290
30 58 39 49 1 16 0 T M M 6.1 18 300 M M 6 18 24 300
31 55 37 46 -2 19 0 T M M 3.4 13 330 M M 7 16 340
================================================================================
SM 1743 1155 558 0 1.94 M 138.3 M 192
================================================================================
AV 56.2 37.3 4.5 FASTST M M 6 MAX(MPH)
MISC ----> 25 320 32 300
================================================================================
NOTES:
# LAST OF SEVERAL OCCURRENCES
COLUMN 17 PEAK WIND IN M.P.H.
PRELIMINARY LOCAL CLIMATOLOGICAL DATA (WS FORM: F-6) , PAGE 2
STATION: HILLSBORO OR
MONTH: MARCH
YEAR: 2022
LATITUDE: 45 32 N
LONGITUDE: 122 57 W
[TEMPERATURE DATA] [PRECIPITATION DATA] SYMBOLS USED IN COLUMN 16
AVERAGE MONTHLY: 46.7 TOTAL FOR MONTH: 1.94 1 = FOG OR MIST
DPTR FM NORMAL: 0.5 DPTR FM NORMAL: -1.76 2 = FOG REDUCING VISIBILITY
HIGHEST: 68 ON 27 GRTST 24HR 0.66 ON 28- 1 TO 1/4 MILE OR LESS
LOWEST: 24 ON 10 3 = THUNDER
SNOW, ICE PELLETS, HAIL 4 = ICE PELLETS
TOTAL MONTH: M 5 = HAIL
GRTST 24HR M ON M 6 = FREEZING RAIN OR DRIZZLE
GRTST DEPTH: M ON M 7 = DUSTSTORM OR SANDSTORM:
VSBY 1/2 MILE OR LESS
8 = SMOKE OR HAZE
[NO. OF DAYS WITH] [WEATHER - DAYS WITH] 9 = BLOWING SNOW
X = TORNADO
MAX 32 OR BELOW: 0 0.01 INCH OR MORE: 15
MAX 90 OR ABOVE: 0 0.10 INCH OR MORE: 8
MIN 32 OR BELOW: 8 0.50 INCH OR MORE: 0
MIN 0 OR BELOW: 0 1.00 INCH OR MORE: 0
[HDD (BASE 65) ]
TOTAL THIS MO. 558 CLEAR (SCALE 0-3) 5
DPTR FM NORMAL -25 PTCLDY (SCALE 4-7) 18
TOTAL FM JUL 1 3899 CLOUDY (SCALE 8-10) 8
DPTR FM NORMAL -69
[CDD (BASE 65) ]
TOTAL THIS MO. 0
DPTR FM NORMAL 0 [PRESSURE DATA]
TOTAL FM JAN 1 0 HIGHEST SLP 30.58 ON 7
DPTR FM NORMAL 0 LOWEST SLP 29.60 ON 27
[REMARKS]
#FINAL-03-22#