000
CXUS53 KGID 010843
CF6HJH
PRELIMINARY LOCAL CLIMATOLOGICAL DATA (WS FORM: F-6)
STATION: HEBRON NE
MONTH: NOVEMBER
YEAR: 2021
LATITUDE: 40 9 N
LONGITUDE: 97 35 W
TEMPERATURE IN F: :PCPN: SNOW: WIND :SUNSHINE: SKY :PK WND
================================================================================
1 2 3 4 5 6A 6B 7 8 9 10 11 12 13 14 15 16 17 18
12Z AVG MX 2MIN
DY MAX MIN AVG DEP HDD CDD WTR SNW DPTH SPD SPD DIR MIN PSBL S-S WX SPD DR
================================================================================
1 43 37 40 M 25 0 0.04 M M 3.0 10 20 M M 10 16 20
2 47 35 41 M 24 0 0.00 M M 1.7 6 200 M M 10 1 M M
3 48 41 45 M 20 0 0.00 M M 7.0 14 200 M M 10 20 200
4 56 37 47 M 18 0 0.00 M M 7.9 13 210 M M 2 18 200
5 64 42 53 M 12 0 0.00 M M 9.9 17 200 M M 1 1 27 200
6 71 44 58 M 7 0 0.00 M M 7.5 14 190 M M 0 18 200
7 71 41 56 M 9 0 0.00 M M 5.7 12 200 M M 0 22 190
8 63 37 50 M 15 0 0.00 M M 6.5 17 20 M M 5 1 24 20
9 63 38 51 M 14 0 0.00 M M 4.8 13 70 M M 4 17 60
10 63 42 53 M 12 0 0.10 M M 6.4 16 320 M M 8 25 320
11 55 38 47 M 18 0 0.00 M M 12.9 21 290 M M 1 31 300
12 43 25 34 M 31 0 0.00 M M 16.7 29 340 M M 5 38 320
13 48 20 34 M 31 0 0.04 M M 5.3 17 360 M M 4 32 0
14 57 40 49 M 16 0 0.00 M M 6.1 14 200 M M 5 22 200
15 78 42 60 M 5 0 0.00 M M 5.5 14 210 M M 0 21 210
16 72 36 54 M 11 0 0.00 M M 4.5 18 20 M M 0 24 20
17 52 27 40 M 25 0 0.00 M M 10.4 21 340 M M 1 28 360
18 49 22 36 M 29 0 0.00 M M 5.2 10 300 M M 0 16 320
19 55 33 44 M 21 0 0.00 M M 13.6 23 190 M M 0 33 190
20 57 28 43 M 22 0 0.00 M M 2.5 7 330 M M 2 M M
21 54 26 40 M 25 0 0.00 M M 6.5 18 350 M M 0 23 350
22 55 25 40 M 25 0 0.00 M M 2.9 13 190 M M 2 17 190
23 72 30 51 M 14 0 0.00 M M 11.5 21 190 M M 0 28 220
24 58 34 46 M 19 0 0.00 M M 12.2 23 350 M M 3 32 360
25 38 25 32 M 33 0 0.00 M M 8.3 21 340 M M 2 28 340
26 68 30 49 M 16 0 0.00 M M 6.4 13 200 M M 0 20 200
27 65 35 50 M 15 0 0.00 M M 9.0 23 350 M M 0 33 350
28 53 26 40 M 25 0 0.00 M M 5.0 13 220 M M 0 18 200
29 73 35 54 M 11 0 0.00 M M 5.0 9 300 M M 0 M M
30 58 32 45 M 20 0 0.00 M M 2.8 9 200 M M 1 M M
================================================================================
SM 1749 1003 568 0 0.18 M 212.7 M 76
================================================================================
AV 58.3 33.4 7.1 FASTST M M 3 MAX(MPH)
MISC ----> 29 340 M M
================================================================================
NOTES:
# LAST OF SEVERAL OCCURRENCES
COLUMN 17 PEAK WIND IN M.P.H.
PRELIMINARY LOCAL CLIMATOLOGICAL DATA (WS FORM: F-6) , PAGE 2
STATION: HEBRON NE
MONTH: NOVEMBER
YEAR: 2021
LATITUDE: 40 9 N
LONGITUDE: 97 35 W
[TEMPERATURE DATA] [PRECIPITATION DATA] SYMBOLS USED IN COLUMN 16
AVERAGE MONTHLY: 45.9 TOTAL FOR MONTH: 0.18 1 = FOG OR MIST
DPTR FM NORMAL: M DPTR FM NORMAL: M 2 = FOG REDUCING VISIBILITY
HIGHEST: 78 ON 15 GRTST 24HR 0.10 ON 10-10 TO 1/4 MILE OR LESS
LOWEST: 20 ON 13 3 = THUNDER
SNOW, ICE PELLETS, HAIL 4 = ICE PELLETS
TOTAL MONTH: M 5 = HAIL
GRTST 24HR M ON M 6 = FREEZING RAIN OR DRIZZLE
GRTST DEPTH: M ON M 7 = DUSTSTORM OR SANDSTORM:
VSBY 1/2 MILE OR LESS
8 = SMOKE OR HAZE
[NO. OF DAYS WITH] [WEATHER - DAYS WITH] 9 = BLOWING SNOW
X = TORNADO
MAX 32 OR BELOW: 0 0.01 INCH OR MORE: 3
MAX 90 OR ABOVE: 0 0.10 INCH OR MORE: 1
MIN 32 OR BELOW: 12 0.50 INCH OR MORE: 0
MIN 0 OR BELOW: 0 1.00 INCH OR MORE: 0
[HDD (BASE 65) ]
TOTAL THIS MO. 568 CLEAR (SCALE 0-3) 21
DPTR FM NORMAL M PTCLDY (SCALE 4-7) 6
TOTAL FM JUL 1 859 CLOUDY (SCALE 8-10) 3
DPTR FM NORMAL M
[CDD (BASE 65) ]
TOTAL THIS MO. 0
DPTR FM NORMAL M [PRESSURE DATA]
TOTAL FM JAN 1 1400 HIGHEST SLP M ON M
DPTR FM NORMAL 1389 LOWEST SLP M ON M
[REMARKS]
#FINAL-11-21#