000
CXHW50 PHFO 011616
CLMHNL
CLIMATE REPORT
NATIONAL WEATHER SERVICE HONOLULU HI
616 AM HST SAT JUL 01 2023
...................................
...THE HONOLULU HI CLIMATE SUMMARY FOR THE MONTH OF JUNE 2023...
CLIMATE NORMAL PERIOD 1991 TO 2020
CLIMATE RECORD PERIOD 1940 TO 2023
WEATHER OBSERVED NORMAL DEPART LAST YEAR`S
VALUE DATE(S) VALUE FROM VALUE DATE(S)
NORMAL
................................................................
TEMPERATURE (F)
RECORD
HIGH 92 06/19/2019
06/10/2019
06/11/1996
LOW 65 06/02/1982
06/07/1979
06/16/1971
HIGHEST 89 06/12 87 2 88 06/20
06/20
06/21
06/26
06/30
LOWEST 70 06/03 72 -2 69 06/05
AVG. MAXIMUM 87.3 86.9 0.4 86.9
AVG. MINIMUM 73.9 73.8 0.1 73.2
MEAN 80.6 80.3 0.3 80.1
DAYS MAX >= 93 0 0
DAYS MAX >= 90 0 0
DAYS MAX <= 80 0 0
DAYS MIN >= 72 27 23
DAYS MIN <= 60 0 0
DAYS MIN <= 55 0 0
PRECIPITATION (INCHES)
RECORD
MAXIMUM 5.68 2019
MINIMUM T 1959
TOTALS 0.39 0.50 -0.11 0.01
DAILY AVG. 0.01 0.02 -0.01 0.00
DAYS >= .01 8 6.3 1.7 1
DAYS >= .10 1 0.7 0.3 0
DAYS >= .50 0 0.1 -0.1 0
DAYS >= 1.00 0 0.1 -0.1 0
GREATEST
24 HR. TOTAL 0.13 06/29 TO 06/30 0.01
SNOWFALL (INCHES)
RECORDS
TOTAL MM
TOTALS MM MM MM MM
SINCE 7/1 MM MM MM MM
SNOWDEPTH AVG. MM MM
DAYS >= 1.0 MM MM MM MM
GREATEST
SNOW DEPTH MM MM MM
24 HR TOTAL MM MM
DEGREE DAYS
HEATING TOTAL 0 0 0 0
SINCE 7/1 0 0 0 MM
COOLING TOTAL 476 460 16 462
SINCE 1/1 2219 2029 190 MM
................................................................
WIND (MPH)
AVERAGE WIND SPEED 12.1
HIGHEST WIND SPEED/DIRECTION 28/060 DATE 06/26
HIGHEST GUST SPEED/DIRECTION 35/030 DATE 06/09
35/020 06/28
SKY COVER
POSSIBLE SUNSHINE (PERCENT) MM
AVERAGE SKY COVER 0.43
NUMBER OF DAYS FAIR 9
NUMBER OF DAYS PC 21
NUMBER OF DAYS CLOUDY 0
AVERAGE RH (PERCENT) 67
WEATHER CONDITIONS. NUMBER OF DAYS WITH
THUNDERSTORM 0 MIXED PRECIP 0
HEAVY RAIN 1 RAIN 0
LIGHT RAIN 13 FREEZING RAIN 0
LT FREEZING RAIN 0 HAIL 0
HEAVY SNOW 0 SNOW 0
LIGHT SNOW 0 SLEET 0
FOG 6 FOG W/VIS <= 1/4 MILE 0
HAZE 3
- INDICATES NEGATIVE NUMBERS.
R INDICATES RECORD WAS SET OR TIED.
MM INDICATES DATA IS MISSING.
T INDICATES TRACE AMOUNT.
$$