654
CXUS55 KSEW 010930
CF6HQM
PRELIMINARY LOCAL CLIMATOLOGICAL DATA (WS FORM: F-6)
STATION: HOQUIAM WA AIRPORT
MONTH: JULY
YEAR: 2020
LATITUDE: 46 58 N
LONGITUDE: 123 56 W
TEMPERATURE IN F: :PCPN: SNOW: WIND :SUNSHINE: SKY :PK WND
================================================================================
1 2 3 4 5 6A 6B 7 8 9 10 11 12 13 14 15 16 17 18
12Z AVG MX 2MIN
DY MAX MIN AVG DEP HDD CDD WTR SNW DPTH SPD SPD DIR MIN PSBL S-S WX SPD DR
================================================================================
1 57 53 55 -4 10 0 0.25 0.0 0 10.8 18 240 M M 10 1 21 240
2 60 53 57 -2 8 0 0.00 0.0 0 8.2 15 260 M M 10 1 17 260
3 61 53 57 -2 8 0 0.01 0.0 0 6.2 14 260 M M 7 1 16 260
4 63 49 56 -3 9 0 0.00 0.0 0 5.0 13 260 M M 7 15 260
5 65 48 57 -2 8 0 0.00 0.0 0 6.0 16 280 M M 3 1 20 280
6 63 51 57 -2 8 0 0.03 0.0 0 7.8 16 250 M M 7 1 18 260
7 64 55 60 1 5 0 0.07 0.0 0 6.8 15 240 M M 9 1 17 250
8 66 57 62 3 3 0 T 0.0 0 6.4 17 260 M M 5 18 250
9 65 54 60 0 5 0 0.05 0.0 0 7.4 17 260 M M 6 1 22 270
10 67 56 62 2 3 0 0.00 0.0 0 5.6 14 270 M M 7 16 260
11 63 51 57 -3 8 0 0.08 0.0 0 8.3 17 220 M M 6 1 20 240
12 65 54 60 0 5 0 0.01 0.0 0 10.2 20 280 M M 4 1 24 290
13 68 48 58 -2 7 0 0.00 0.0 0 5.9 17 290 M M 0 22 270
14 72 48 60 0 5 0 0.00 0.0 0 5.9 18 330 M M 0 18 24 330
15 69 52 61 1 4 0 0.00 0.0 0 7.9 21 290 M M 5 1 25 290
16 67 57 62 2 3 0 0.00 0.0 0 8.8 17 260 M M 10 1 21 260
17 66 53 60 0 5 0 0.00 0.0 0 11.0 21 260 M M 5 24 280
18 69 51 60 0 5 0 0.00 0.0 0 7.3 20 250 M M 4 1 22 260
19 64 53 59 -1 6 0 0.00 0.0 0 7.8 18 250 M M 6 12 21 250
20 73 53 63 3 2 0 0.00 0.0 0 7.2 17 250 M M 4 128 19 250
21 66 55 61 1 4 0 0.00 0.0 0 10.7 18 250 M M 9 1 20 260
22 66 56 61 1 4 0 T 0.0 0 10.9 17 260 M M 10 1 22 260
23 63 56 60 0 5 0 0.00 0.0 0 11.0 20 260 M M 9 1 23 250
24 65 54 60 0 5 0 0.00 0.0 0 11.7 22 290 M M 6 1 26 290
25 68 49 59 -1 6 0 0.00 0.0 0 6.4 17 260 M M 2 1 20 250
26 86 50 68 7 0 3 0.00 0.0 0 5.4 14 260 M M 0 17 90
27 72 56 64 3 1 0 0.00 0.0 0 9.1 21 230 M M 2 1 22 250
28 67 54 61 0 4 0 0.00 0.0 0 10.7 21 260 M M 4 1 24 260
29 74 49 62 1 3 0 0.00 0.0 0 5.3 15 260 M M 2 12 17 280
30 78 49 64 3 1 0 0.00 0.0 0 8.1 20 260 M M 1 22 260
31 66 58 62 1 3 0 0.00 0.0 0 9.0 17 250 M M 10 1 20 250
================================================================================
SM 2078 1635 153 3 0.50 0.0 248.8 M 170
================================================================================
AV 67.0 52.7 8.0 FASTST M M 5 MAX(MPH)
MISC ----> # 22 290 # 26 290
================================================================================
NOTES:
# LAST OF SEVERAL OCCURRENCES
COLUMN 17 PEAK WIND IN M.P.H.
PRELIMINARY LOCAL CLIMATOLOGICAL DATA (WS FORM: F-6) , PAGE 2
STATION: HOQUIAM WA AIRPORT
MONTH: JULY
YEAR: 2020
LATITUDE: 46 58 N
LONGITUDE: 123 56 W
[TEMPERATURE DATA] [PRECIPITATION DATA] SYMBOLS USED IN COLUMN 16
AVERAGE MONTHLY: 59.9 TOTAL FOR MONTH: 0.50 1 = FOG OR MIST
DPTR FM NORMAL: -0.0 DPTR FM NORMAL: -0.64 2 = FOG REDUCING VISIBILITY
HIGHEST: 86 ON 26 GRTST 24HR 0.25 ON 1- 1 TO 1/4 MILE OR LESS
LOWEST: 48 ON 14,13 3 = THUNDER
SNOW, ICE PELLETS, HAIL 4 = ICE PELLETS
TOTAL MONTH: 0.0 INCH 5 = HAIL
GRTST 24HR 0.0 6 = FREEZING RAIN OR DRIZZLE
GRTST DEPTH: 0 7 = DUSTSTORM OR SANDSTORM:
VSBY 1/2 MILE OR LESS
8 = SMOKE OR HAZE
[NO. OF DAYS WITH] [WEATHER - DAYS WITH] 9 = BLOWING SNOW
X = TORNADO
MAX 32 OR BELOW: 0 0.01 INCH OR MORE: 7
MAX 90 OR ABOVE: 0 0.10 INCH OR MORE: 1
MIN 32 OR BELOW: 0 0.50 INCH OR MORE: 0
MIN 0 OR BELOW: 0 1.00 INCH OR MORE: 0
[HDD (BASE 65) ]
TOTAL THIS MO. 153 CLEAR (SCALE 0-3) 8
DPTR FM NORMAL -11 PTCLDY (SCALE 4-7) 15
TOTAL FM JUL 1 153 CLOUDY (SCALE 8-10) 8
DPTR FM NORMAL -11
[CDD (BASE 65) ]
TOTAL THIS MO. 3
DPTR FM NORMAL -3 [PRESSURE DATA]
TOTAL FM JAN 1 12 HIGHEST SLP M ON M
DPTR FM NORMAL 3 LOWEST SLP 29.88 ON 22
[REMARKS]
#FINAL-07-20#