000
CXUS54 KLZK 020417
CF6HRO
PRELIMINARY LOCAL CLIMATOLOGICAL DATA (WS FORM: F-6)
STATION: HARRISON
MONTH: NOVEMBER
YEAR: 2021
LATITUDE: 36 15 N
LONGITUDE: 93 9 W
TEMPERATURE IN F: :PCPN: SNOW: WIND :SUNSHINE: SKY :PK WND
================================================================================
1 2 3 4 5 6A 6B 7 8 9 10 11 12 13 14 15 16 17 18
12Z AVG MX 2MIN
DY MAX MIN AVG DEP HDD CDD WTR SNW DPTH SPD SPD DIR MIN PSBL S-S WX SPD DR
================================================================================
1 49 38 44 -10 21 0 0.22 0.0 0 4.4 10 30 M M 7 1 15 20
2 47 39 43 -10 22 0 0.08 0.0 0 4.0 10 50 M M 10 1 13 50
3 50 38 44 -9 21 0 0.07 0.0 0 4.4 12 140 M M 6 16 140
4 55 31 43 -10 22 0 0.00 0.0 0 3.3 12 160 M M 2 12 14 170
5 54 30 42 -10 23 0 0.00 0.0 0 3.0 9 110 M M 0 12 110
6 62 30 46 -6 19 0 0.00 0.0 0 2.0 7 120 M M 0 10 250
7 72 35 54 2 11 0 0.00 0.0 M 6.7 17 170 M M 0 23 160
8 76 41 59 8 6 0 0.00 0.0 M 5.8 15 170 M M 0 20 170
9 71 48 60 9 5 0 0.00 0.0 M 4.7 12 160 M M 3 14 160
10 70 54 62 12 3 0 0.21 0.0 0 10.4 22 170 M M 6 1 30 180
11 60 46 53 3 12 0 0.21 0.0 0 7.9 17 290 M M 3 13 28 280
12 52 34 43 -7 22 0 0.24 0.0 0 10.4 20 300 M M 5 1 31 290
13 51 27 39 -10 26 0 0.00 0.0 0 6.3 13 320 M M 0 18 300
14 59 37 48 -1 17 0 0.00 0.0 0 6.2 16 290 M M 0 22 350
15 71 33 52 3 13 0 0.00 0.0 0 5.5 15 280 M M 0 20 170
16 76 50 63 15 2 0 T 0.0 0 11.1 22 180 M M 1 32 160
17 72 44 58 10 7 0 0.06 M M 9.2 18 240 M M 6 26 330
18 52 30 41 -7 24 0 0.00 0.0 M 6.9 16 320 M M 1 24 290
19 54 24 39 -8 26 0 0.00 0.0 M 8.6 20 150 M M 0 23 150
20 63 41 52 5 13 0 0.00 0.0 0 9.1 18 150 M M 4 22 150
21 59 43 51 5 14 0 T 0.0 0 6.3 12 310 M M 5 8 17 350
22 55 31 43 -3 22 0 0.00 0.0 0 3.0 9 320 M M 0 14 320
23 63 32 48 2 17 0 0.00 0.0 0 10.9 22 150 M M 0 8 27 150
24 62 47 55 10 10 0 0.02 0.0 0 12.6 22 170 M M 5 33 160
25 57 28 43 -2 22 0 0.30 0.0 0 10.3 21 320 M M 5 1 27 320
26 57 22 40 -5 25 0 0.00 0.0 0 5.4 13 260 M M 0 18 240
27 69 45 57 13 8 0 0.00 0.0 0 7.2 18 250 M M 0 25 250
28 57 36 47 3 18 0 0.00 0.0 0 5.0 10 310 M M 0 17 330
29 68 31 50 6 15 0 0.00 0.0 0 6.0 17 250 M M 0 24 250
30 70 49 60 16 5 0 0.00 0.0 0 5.6 10 130 M M 0 15 260
================================================================================
SM 1833 1114 471 0 1.41 0.0 202.2 M 69
================================================================================
AV 61.1 37.1 6.7 FASTST M M 2 MAX(MPH)
MISC ----> # 22 150 33 160
================================================================================
NOTES:
# LAST OF SEVERAL OCCURRENCES
COLUMN 17 PEAK WIND IN M.P.H.
PRELIMINARY LOCAL CLIMATOLOGICAL DATA (WS FORM: F-6) , PAGE 2
STATION: HARRISON
MONTH: NOVEMBER
YEAR: 2021
LATITUDE: 36 15 N
LONGITUDE: 93 9 W
[TEMPERATURE DATA] [PRECIPITATION DATA] SYMBOLS USED IN COLUMN 16
AVERAGE MONTHLY: 49.1 TOTAL FOR MONTH: 1.41 1 = FOG OR MIST
DPTR FM NORMAL: 0.6 DPTR FM NORMAL: -2.55 2 = FOG REDUCING VISIBILITY
HIGHEST: 76 ON 8,16 GRTST 24HR 0.40 ON 10-11 TO 1/4 MILE OR LESS
LOWEST: 22 ON 26 3 = THUNDER
SNOW, ICE PELLETS, HAIL 4 = ICE PELLETS
TOTAL MONTH: 0.0 INCH 5 = HAIL
GRTST 24HR 0.0 6 = FREEZING RAIN OR DRIZZLE
GRTST DEPTH: 0 7 = DUSTSTORM OR SANDSTORM:
VSBY 1/2 MILE OR LESS
8 = SMOKE OR HAZE
[NO. OF DAYS WITH] [WEATHER - DAYS WITH] 9 = BLOWING SNOW
X = TORNADO
MAX 32 OR BELOW: 0 0.01 INCH OR MORE: 9
MAX 90 OR ABOVE: 0 0.10 INCH OR MORE: 5
MIN 32 OR BELOW: 11 0.50 INCH OR MORE: 0
MIN 0 OR BELOW: 0 1.00 INCH OR MORE: 0
[HDD (BASE 65) ]
TOTAL THIS MO. 471 CLEAR (SCALE 0-3) 20
DPTR FM NORMAL -29 PTCLDY (SCALE 4-7) 9
TOTAL FM JUL 1 625 CLOUDY (SCALE 8-10) 1
DPTR FM NORMAL -123
[CDD (BASE 65) ]
TOTAL THIS MO. 0
DPTR FM NORMAL -4 [PRESSURE DATA]
TOTAL FM JAN 1 1509 HIGHEST SLP 30.52 ON 19
DPTR FM NORMAL 36 LOWEST SLP 29.74 ON 11
[REMARKS]
#FINAL-11-21#