000
CXUS53 KGID 012354
CF6HSI
PRELIMINARY LOCAL CLIMATOLOGICAL DATA (WS FORM: F-6)
STATION: HASTINGS NE
MONTH: JANUARY
YEAR: 2022
LATITUDE: 40 35 N
LONGITUDE: 98 26 W
TEMPERATURE IN F: :PCPN: SNOW: WIND :SUNSHINE: SKY :PK WND
================================================================================
1 2 3 4 5 6A 6B 7 8 9 10 11 12 13 14 15 16 17 18
12Z AVG MX 2MIN
DY MAX MIN AVG DEP HDD CDD WTR SNW DPTH SPD SPD DIR MIN PSBL S-S WX SPD DR
================================================================================
1 6 -5 1 -25 64 0 0.13 2.3 T 18.3 28 10 M M 5 189 38 10
2 25 -10 8 -18 57 0 0.00 0.0 2 5.8 10 260 M M 0 14 250
3 44 14 29 3 36 0 0.00 0.0 2 9.0 18 210 M M 0 27 210
4 58 15 37 11 28 0 0.00 0.0 T 16.9 32 340 M M 0 50 280
5 15 4 10 -16 55 0 0.00 0.0 0 17.8 30 320 M M 4 39 340
6 11 -2 5 -21 60 0 T T 0 11.1 23 340 M M 3 8 31 320
7 21 5 13 -13 52 0 0.00 0.0 0 12.1 22 180 M M 1 33 180
8 48 15 32 6 33 0 0.00 0.0 0 13.3 30 360 M M 1 18 41 10
9 36 5 21 -5 44 0 0.00 0.0 0 8.3 21 360 M M 0 29 10
10 53 18 36 10 29 0 0.00 0.0 0 6.2 12 220 M M 0 18 230
11 58 27 43 17 22 0 0.00 0.0 0 8.8 21 350 M M 0 32 340
12 60 28 44 18 21 0 0.00 0.0 0 11.1 18 300 M M 0 25 320
13 60 27 44 18 21 0 0.00 0.0 0 9.5 21 350 M M 0 8 26 340
14 45 17 31 5 34 0 0.08 0.5 0 18.8 38 350 M M 6 1 56 360
15 26 10 18 -8 47 0 0.06 1.1 1 14.3 35 360 M M 5 1 46 350
16 53 13 33 7 32 0 0.00 0.0 1 12.8 28 350 M M 1 36 350
17 56 22 39 13 26 0 0.00 0.0 0 7.7 21 240 M M 0 35 240
18 66 28 47 21 18 0 0.00 0.0 0 9.8 23 10 M M 0 31 360
19 28 2 15 -11 50 0 T T 0 17.5 30 10 M M 5 40 360
20 18 -6 6 -20 59 0 0.00 0.0 0 6.2 13 180 M M 3 18 180
21 31 6 19 -7 46 0 0.00 0.0 0 11.1 21 210 M M 3 34 200
22 48 17 33 7 32 0 0.00 0.0 0 10.3 20 250 M M 1 29 240
23 54 24 39 13 26 0 0.00 0.0 0 9.0 17 260 M M 6 23 260
24 47 14 31 5 34 0 0.00 0.0 0 12.9 25 350 M M 5 39 360
25 18 7 13 -14 52 0 0.01 0.1 0 5.0 12 10 M M 7 18 16 350
26 37 13 25 -2 40 0 0.00 0.0 T 11.5 23 210 M M 2 38 190
27 44 18 31 4 34 0 T T 0 10.8 23 340 M M 3 31 320
28 44 17 31 4 34 0 0.00 0.0 0 5.4 12 210 M M 4 17 220
29 62 24 43 16 22 0 0.00 0.0 0 12.7 23 320 M M 0 31 300
30 52 18 35 8 30 0 0.00 0.0 0 6.4 17 210 M M 0 24 210
31 61 19 40 13 25 0 0.00 0.0 0 6.9 18 200 M M 0 8 29 200
================================================================================
SM 1285 404 1163 0 0.28 4.0 337.3 M 65
================================================================================
AV 41.5 13.0 10.9 FASTST M M 2 MAX(MPH)
MISC ----> 38 350 56 360
================================================================================
NOTES:
# LAST OF SEVERAL OCCURRENCES
COLUMN 17 PEAK WIND IN M.P.H.
PRELIMINARY LOCAL CLIMATOLOGICAL DATA (WS FORM: F-6) , PAGE 2
STATION: HASTINGS NE
MONTH: JANUARY
YEAR: 2022
LATITUDE: 40 35 N
LONGITUDE: 98 26 W
[TEMPERATURE DATA] [PRECIPITATION DATA] SYMBOLS USED IN COLUMN 16
AVERAGE MONTHLY: 27.2 TOTAL FOR MONTH: 0.28 1 = FOG OR MIST
DPTR FM NORMAL: 0.8 DPTR FM NORMAL: -0.27 2 = FOG REDUCING VISIBILITY
HIGHEST: 66 ON 18 GRTST 24HR 0.13 ON 1- 1 TO 1/4 MILE OR LESS
LOWEST: -10 ON 2 3 = THUNDER
SNOW, ICE PELLETS, HAIL 4 = ICE PELLETS
TOTAL MONTH: 4.0 INCHES 5 = HAIL
GRTST 24HR 2.3 ON 1- 1 6 = FREEZING RAIN OR DRIZZLE
GRTST DEPTH: 2 ON 3, 2 7 = DUSTSTORM OR SANDSTORM:
VSBY 1/2 MILE OR LESS
8 = SMOKE OR HAZE
[NO. OF DAYS WITH] [WEATHER - DAYS WITH] 9 = BLOWING SNOW
X = TORNADO
MAX 32 OR BELOW: 10 0.01 INCH OR MORE: 4
MAX 90 OR ABOVE: 0 0.10 INCH OR MORE: 1
MIN 32 OR BELOW: 31 0.50 INCH OR MORE: 0
MIN 0 OR BELOW: 4 1.00 INCH OR MORE: 0
[HDD (BASE 65) ]
TOTAL THIS MO. 1163 CLEAR (SCALE 0-3) 22
DPTR FM NORMAL -33 PTCLDY (SCALE 4-7) 9
TOTAL FM JUL 1 3051 CLOUDY (SCALE 8-10) 0
DPTR FM NORMAL -486
[CDD (BASE 65) ]
TOTAL THIS MO. 0
DPTR FM NORMAL 0 [PRESSURE DATA]
TOTAL FM JAN 1 0 HIGHEST SLP 30.80 ON 20
DPTR FM NORMAL 0 LOWEST SLP 29.50 ON 4
[REMARKS]
#FINAL-01-22#