000
CXUS53 KGID 010959
CLMHSI
CLIMATE REPORT
NATIONAL WEATHER SERVICE HASTINGS NE
459 AM CDT SAT APR 01 2023
...................................
...THE HASTINGS NE CLIMATE SUMMARY FOR THE MONTH OF MARCH 2023...
CLIMATE NORMAL PERIOD 1991 TO 2020
CLIMATE RECORD PERIOD 1894 TO 2023
WEATHER OBSERVED NORMAL DEPART LAST YEAR`S
VALUE DATE(S) VALUE FROM VALUE DATE(S)
NORMAL
................................................................
TEMPERATURE (F)
RECORD
HIGH 90 03/23/1910
LOW -13 03/11/1948
HIGHEST 74 03/30 78 -4 83 03/29
LOWEST 10 03/28 8 2 3 03/12
AVG. MAXIMUM 48.2 52.8 -4.6 54.4
AVG. MINIMUM 25.0 29.0 -4.0 25.5
MEAN 36.6 40.9 -4.3 39.9
DAYS MAX >= 90 0 0.0 0.0 0
DAYS MAX <= 32 2 3.0 -1.0 4
DAYS MIN <= 32 28 20.7 7.3 24
DAYS MIN <= 0 0 0.4 -0.4 0
PRECIPITATION (INCHES)
RECORD
MAXIMUM 8.16 2021
MINIMUM T 1936
TOTALS 0.99 1.33 -0.34 1.06
DAILY AVG. 0.03 0.04 -0.01 0.03
DAYS >= .01 6 7.4 -1.4 9
DAYS >= .10 4 3.2 0.8 3
DAYS >= .50 1 0.8 0.2 0
DAYS >= 1.00 0 0.2 -0.2 0
GREATEST
24 HR. TOTAL 0.51 03/25 TO 03/25
SNOWFALL (INCHES)
RECORDS
TOTAL 28.5 1906
TOTALS 3.6 3.8 -0.2 3.5
SINCE 7/1 27.9 26.9 1.0 MM
DAYS >= 1.0 2 MM MM 1
GREATEST
SNOW DEPTH 2 03/26 2 03/10
24 HR TOTAL 1.2 03/26 TO 03/26
DEGREE DAYS
HEATING TOTAL 876 748 128 769
SINCE 7/1 5427 5259 168 MM
COOLING TOTAL 0 1 -1 0
SINCE 1/1 0 1 -1 MM
................................................................
WIND (MPH)
AVERAGE WIND SPEED 12.3
HIGHEST WIND SPEED/DIRECTION 41/310 DATE 03/31
HIGHEST GUST SPEED/DIRECTION 55/310 DATE 03/31
SKY COVER
POSSIBLE SUNSHINE (PERCENT) MM
AVERAGE SKY COVER 0.38
NUMBER OF DAYS FAIR 17
NUMBER OF DAYS PC 10
NUMBER OF DAYS CLOUDY 4
AVERAGE RH (PERCENT) 67
WEATHER CONDITIONS. NUMBER OF DAYS WITH
THUNDERSTORM 0 MIXED PRECIP 0
HEAVY RAIN 0 RAIN 1
LIGHT RAIN 3 FREEZING RAIN 0
LT FREEZING RAIN 2 HAIL 0
HEAVY SNOW 0 SNOW 1
LIGHT SNOW 7 SLEET 0
FOG 13 FOG W/VIS <= 1/4 MILE 2
HAZE 1
- INDICATES NEGATIVE NUMBERS.
R INDICATES RECORD WAS SET OR TIED.
MM INDICATES DATA IS MISSING.
T INDICATES TRACE AMOUNT.
$$