000
CXUS54 KHUN 021707
CF6HSV
PRELIMINARY LOCAL CLIMATOLOGICAL DATA (WS FORM: F-6)
STATION: HUNTSVILLE
MONTH: JANUARY
YEAR: 2022
LATITUDE: 34 39 N
LONGITUDE: 86 46 W
TEMPERATURE IN F: :PCPN: SNOW: WIND :SUNSHINE: SKY :PK WND
================================================================================
1 2 3 4 5 6A 6B 7 8 9 10 11 12 13 14 15 16 17 18
12Z AVG MX 2MIN
DY MAX MIN AVG DEP HDD CDD WTR SNW DPTH SPD SPD DIR MIN PSBL S-S WX SPD DR
================================================================================
1 79 58 69 26 0 4 1.48 0.0 0 14.3 29 220 M M 8 13 38 310
2 60 31 46 3 19 0 0.70 2.9 0 10.1 23 330 M M 10 13 32 320
3 34 27 31 -12 34 0 0.02 0.3 3 10.5 23 330 M M 9 1 31 330
4 50 24 37 -6 28 0 0.00 0.0 2 8.2 18 170 M M 3 22 170
5 55 36 46 3 19 0 0.00 0.0 0 4.3 10 270 M M 4 1 14 270
6 40 24 32 -11 33 0 0.54 0.0 0 11.1 20 340 M M 8 12 24 330
7 34 22 28 -15 37 0 0.00 0.0 0 7.6 15 20 M M 7 19 220
8 54 24 39 -3 26 0 0.00 0.0 0 12.3 21 150 M M 2 M M
9 60 38 49 7 16 0 0.59 0.0 0 14.9 29 10 M M 10 1 38 10
10 46 28 37 -5 28 0 0.00 0.0 0 9.3 18 10 M M 0 27 330
11 48 28 38 -4 27 0 0.00 0.0 0 4.2 10 10 M M 0 14 20
12 56 26 41 -1 24 0 0.00 0.0 0 4.6 13 230 M M 3 15 220
13 57 36 47 5 18 0 0.00 0.0 0 5.6 16 290 M M 5 22 290
14 54 30 42 0 23 0 0.00 0.0 0 4.2 8 40 M M 5 12 40
15 47 39 43 1 22 0 0.42 0.0 0 10.1 22 90 M M 9 1 29 100
16 44 27 36 -6 29 0 1.32 T 0 13.1 25 80 M M 9 1 32 80
17 37 30 34 -8 31 0 0.00 0.0 0 9.0 17 290 M M 8 23 320
18 52 26 39 -3 26 0 0.00 0.0 0 5.1 13 160 M M 3 1 16 150
19 64 42 53 11 12 0 0.76 0.0 0 9.5 23 190 M M 8 13 29 350
20 45 26 36 -6 29 0 0.04 0.0 0 16.0 24 10 M M 10 1 30 10
21 32 23 28 -14 37 0 0.00 0.0 0 10.2 16 10 M M 7 19 20
22 37 18 28 -15 37 0 0.00 0.0 0 3.4 9 10 M M 2 11 10
23 50 20 35 -8 30 0 0.00 0.0 0 4.2 15 230 M M 1 19 220
24 60 26 43 0 22 0 0.00 0.0 0 6.2 15 220 M M 3 21 220
25 53 29 41 -2 24 0 0.00 0.0 0 9.8 20 20 M M 3 23 360
26 41 22 32 -11 33 0 0.00 0.0 0 9.7 17 30 M M 1 23 30
27 56 22 39 -4 26 0 0.00 0.0 0 2.7 10 170 M M 3 13 160
28 46 27 37 -6 28 0 T T 0 12.3 28 330 M M 8 18 38 330
29 36 20 28 -15 37 0 0.00 0.0 0 6.2 20 340 M M 1 25 340
30 59 23 41 -3 24 0 0.00 0.0 0 6.9 18 250 M M 1 23 290
31 60 25 43 -1 22 0 0.00 0.0 0 3.5 9 110 M M 3 12 120
================================================================================
SM 1546 877 801 4 5.87 3.2 259.1 M 154
================================================================================
AV 49.9 28.3 8.4 FASTST M M 5 MAX(MPH)
MISC ----> # 29 220 # 38 310
================================================================================
NOTES:
# LAST OF SEVERAL OCCURRENCES
COLUMN 17 PEAK WIND IN M.P.H.
PRELIMINARY LOCAL CLIMATOLOGICAL DATA (WS FORM: F-6) , PAGE 2
STATION: HUNTSVILLE
MONTH: JANUARY
YEAR: 2022
LATITUDE: 34 39 N
LONGITUDE: 86 46 W
[TEMPERATURE DATA] [PRECIPITATION DATA] SYMBOLS USED IN COLUMN 16
AVERAGE MONTHLY: 39.1 TOTAL FOR MONTH: 5.87 1 = FOG OR MIST
DPTR FM NORMAL: -3.6 DPTR FM NORMAL: 0.88 2 = FOG REDUCING VISIBILITY
HIGHEST: 79 ON 1 GRTST 24HR 1.76 ON 15-16 TO 1/4 MILE OR LESS
LOWEST: 18 ON 22 3 = THUNDER
SNOW, ICE PELLETS, HAIL 4 = ICE PELLETS
TOTAL MONTH: 3.2 INCHES 5 = HAIL
GRTST 24HR 2.9 ON 2- 2 6 = FREEZING RAIN OR DRIZZLE
GRTST DEPTH: 3 ON 3 7 = DUSTSTORM OR SANDSTORM:
VSBY 1/2 MILE OR LESS
8 = SMOKE OR HAZE
[NO. OF DAYS WITH] [WEATHER - DAYS WITH] 9 = BLOWING SNOW
X = TORNADO
MAX 32 OR BELOW: 1 0.01 INCH OR MORE: 9
MAX 90 OR ABOVE: 0 0.10 INCH OR MORE: 7
MIN 32 OR BELOW: 25 0.50 INCH OR MORE: 6
MIN 0 OR BELOW: 0 1.00 INCH OR MORE: 2
[HDD (BASE 65) ]
TOTAL THIS MO. 801 CLEAR (SCALE 0-3) 9
DPTR FM NORMAL 109 PTCLDY (SCALE 4-7) 14
TOTAL FM JUL 1 1725 CLOUDY (SCALE 8-10) 8
DPTR FM NORMAL -89
[CDD (BASE 65) ]
TOTAL THIS MO. 4
DPTR FM NORMAL 3 [PRESSURE DATA]
TOTAL FM JAN 1 4 HIGHEST SLP 30.60 ON 11
DPTR FM NORMAL 3 LOWEST SLP 29.57 ON 1
[REMARKS]
#FINAL-01-22#