000
CXUS54 KHUN 032139
CF6HSV
PRELIMINARY LOCAL CLIMATOLOGICAL DATA (WS FORM: F-6)
STATION: HUNTSVILLE
MONTH: DECEMBER
YEAR: 2023
LATITUDE: 34 39 N
LONGITUDE: 86 46 W
TEMPERATURE IN F: :PCPN: SNOW: WIND :SUNSHINE: SKY :PK WND
================================================================================
1 2 3 4 5 6A 6B 7 8 9 10 11 12 13 14 15 16 17 18
12Z AVG MX 2MIN
DY MAX MIN AVG DEP HDD CDD WTR SNW DPTH SPD SPD DIR MIN PSBL S-S WX SPD DR
================================================================================
1 61 47 54 6 11 0 0.17 0.0 0 8.1 16 170 M M 10 128 25 150
2 66 58 62 14 3 0 2.08 0.0 0 3.5 10 20 M M 10 123 15 110
3 64 44 54 6 11 0 0.00 0.0 0 5.7 14 290 M M 6 1 20 310
4 59 38 49 1 16 0 0.00 0.0 0 8.1 21 270 M M 1 28 260
5 60 33 47 0 18 0 0.00 0.0 0 8.1 23 330 M M 2 33 330
6 53 33 43 -4 22 0 0.00 0.0 0 7.2 18 30 M M 3 25 360
7 60 31 46 -1 19 0 0.00 0.0 0 4.6 12 180 M M 3 18 170
8 64 39 52 5 13 0 T 0.0 0 8.3 17 160 M M 6 23 140
9 71 57 64 17 1 0 0.75 0.0 0 10.7 23 190 M M 9 13 31 180
10 58 32 45 -1 20 0 0.38 0.0 0 10.3 23 360 M M 5 13 30 10
11 50 27 39 -7 26 0 0.00 0.0 0 3.8 10 320 M M 0 14 320
12 57 28 43 -3 22 0 0.00 0.0 0 2.3 7 100 M M 4 9 140
13 60 31 46 0 19 0 0.00 0.0 0 2.7 10 40 M M 5 18 100
14 64 35 50 4 15 0 0.00 0.0 0 4.4 15 110 M M 1 19 110
15 62 37 50 4 15 0 0.00 0.0 0 8.2 20 120 M M 0 24 120
16 60 43 52 7 13 0 0.02 0.0 0 10.9 18 130 M M 8 1 26 130
17 53 42 48 3 17 0 0.30 0.0 0 6.1 15 330 M M 9 12 20 320
18 52 32 42 -3 23 0 0.00 0.0 0 8.8 21 290 M M 1 32 290
19 46 24 35 -10 30 0 0.00 0.0 0 4.5 13 50 M M 1 17 50
20 53 27 40 -5 25 0 0.00 0.0 0 3.8 9 140 M M 5 14 180
21 57 29 43 -1 22 0 0.00 0.0 0 2.9 7 100 M M 7 10 140
22 62 37 50 6 15 0 0.00 0.0 0 4.0 9 140 M M 4 12 220
23 67 42 55 11 10 0 0.00 0.0 0 5.4 13 140 M M 7 16 140
24 67 49 58 14 7 0 T 0.0 0 11.8 23 120 M M 8 30 120
25 65 50 58 14 7 0 1.33 0.0 0 9.8 23 120 M M 9 1 38 120
26 56 37 47 3 18 0 0.00 0.0 0 5.6 13 290 M M 6 1 18 300
27 58 32 45 1 20 0 T 0.0 0 5.0 20 240 M M 4 1 26 240
28 46 32 39 -5 26 0 0.00 0.0 0 6.6 15 290 M M 6 21 290
29 42 36 39 -4 26 0 0.01 T 0 8.6 16 260 M M 10 1 23 260
30 42 31 37 -6 28 0 0.00 0.0 0 5.7 12 260 M M 8 15 260
31 60 29 45 2 20 0 0.00 0.0 0 7.2 17 230 M M 1 23 230
================================================================================
SM 1795 1142 538 0 5.04 T 202.7 M 159
================================================================================
AV 57.9 36.8 6.5 FASTST M M 5 MAX(MPH)
MISC ----> # 23 330 38 120
================================================================================
NOTES:
# LAST OF SEVERAL OCCURRENCES
COLUMN 17 PEAK WIND IN M.P.H.
PRELIMINARY LOCAL CLIMATOLOGICAL DATA (WS FORM: F-6) , PAGE 2
STATION: HUNTSVILLE
MONTH: DECEMBER
YEAR: 2023
LATITUDE: 34 39 N
LONGITUDE: 86 46 W
[TEMPERATURE DATA] [PRECIPITATION DATA] SYMBOLS USED IN COLUMN 16
AVERAGE MONTHLY: 47.4 TOTAL FOR MONTH: 5.04 1 = FOG OR MIST
DPTR FM NORMAL: 1.9 DPTR FM NORMAL: -0.83 2 = FOG REDUCING VISIBILITY
HIGHEST: 71 ON 9 GRTST 24HR 2.08 ON 2- 2 TO 1/4 MILE OR LESS
LOWEST: 24 ON 19 3 = THUNDER
SNOW, ICE PELLETS, HAIL 4 = ICE PELLETS
TOTAL MONTH: T 5 = HAIL
GRTST 24HR T ON 29-29 6 = FREEZING RAIN OR DRIZZLE
GRTST DEPTH: 0 7 = DUSTSTORM OR SANDSTORM:
VSBY 1/2 MILE OR LESS
8 = SMOKE OR HAZE
[NO. OF DAYS WITH] [WEATHER - DAYS WITH] 9 = BLOWING SNOW
X = TORNADO
MAX 32 OR BELOW: 0 0.01 INCH OR MORE: 8
MAX 90 OR ABOVE: 0 0.10 INCH OR MORE: 6
MIN 32 OR BELOW: 13 0.50 INCH OR MORE: 3
MIN 0 OR BELOW: 0 1.00 INCH OR MORE: 2
[HDD (BASE 65) ]
TOTAL THIS MO. 538 CLEAR (SCALE 0-3) 9
DPTR FM NORMAL -71 PTCLDY (SCALE 4-7) 15
TOTAL FM JUL 1 964 CLOUDY (SCALE 8-10) 7
DPTR FM NORMAL -158
[CDD (BASE 65) ]
TOTAL THIS MO. 0
DPTR FM NORMAL -3 [PRESSURE DATA]
TOTAL FM JAN 1 2019 HIGHEST SLP 30.67 ON 14
DPTR FM NORMAL -88 LOWEST SLP 29.81 ON 2
[REMARKS]
#FINAL-12-23#