000
CXUS51 KRLX 010938
CF6HTS
PRELIMINARY LOCAL CLIMATOLOGICAL DATA (WS FORM: F-6)
STATION: HUNTINGTON WV
MONTH: NOVEMBER
YEAR: 2022
LATITUDE: 38 22 N
LONGITUDE: 82 33 W
TEMPERATURE IN F: :PCPN: SNOW: WIND :SUNSHINE: SKY :PK WND
================================================================================
1 2 3 4 5 6A 6B 7 8 9 10 11 12 13 14 15 16 17 18
12Z AVG MX 2MIN
DY MAX MIN AVG DEP HDD CDD WTR SNW DPTH SPD SPD DIR MIN PSBL S-S WX SPD DR
================================================================================
1 67 50 59 7 6 0 0.00 0.0 0 3.8 12 350 M M 8 8 15 300
2 65 46 56 5 9 0 0.00 0.0 0 1.8 8 50 M M 3 12 10 60
3 74 44 59 8 6 0 0.00 0.0 0 2.8 8 100 M M 3 12 12 210
4 77 53 65 15 0 0 0.00 0.0 0 5.3 13 170 M M 0 18 180
5 82 58 70 20 0 5 T 0.0 0 9.8 23 170 M M 2 34 170
6 79 63 71 21 0 6 T 0.0 0 6.9 16 210 M M 7 24 190
7 74 54 64 15 1 0 0.00 0.0 0 5.1 10 360 M M 2 1 16 40
8 65 46 56 7 9 0 0.00 0.0 0 7.9 14 30 M M 0 22 30
9 75 39 57 8 8 0 0.00 0.0 0 5.5 9 110 M M 0 12 120
10 74 43 59 11 6 0 T 0.0 0 5.4 12 100 M M 1 16 100
11 63 56 60 12 5 0 1.49 0.0 0 6.8 14 310 M M 10 1 22 310
12 56 33 45 -3 20 0 0.15 0.0 0 7.1 14 290 M M 10 1 20 300
13 39 32 36 -11 29 0 T T 0 5.7 12 300 M M 10 18 260
14 45 25 35 -12 30 0 0.00 0.0 0 4.0 14 80 M M 2 12 19 80
15 44 33 39 -8 26 0 0.47 0.0 0 4.4 12 250 M M 7 1 16 240
16 44 34 39 -7 26 0 0.04 T 0 7.8 14 280 M M 10 1 22 250
17 36 27 32 -14 33 0 0.02 T 0 7.9 14 250 M M 8 1 20 240
18 35 26 31 -15 34 0 0.01 T 0 8.1 22 250 M M 6 30 260
19 40 21 31 -14 34 0 0.00 0.0 0 7.7 17 230 M M 1 23 240
20 36 22 29 -16 36 0 0.00 0.0 0 6.2 16 300 M M 1 25 260
21 52 18 35 -10 30 0 0.00 0.0 0 4.7 15 220 M M 0 21 210
22 56 23 40 -4 25 0 0.00 0.0 0 3.2 10 200 M M 0 14 200
23 62 26 44 0 21 0 0.00 0.0 0 2.3 7 90 M M 0 10 240
24 67 30 49 5 16 0 0.00 0.0 0 1.1 8 220 M M 3 8 11 220
25 58 36 47 3 18 0 0.01 0.0 0 5.4 15 310 M M 6 1 20 310
26 58 28 43 0 22 0 0.00 0.0 0 1.9 8 120 M M 0 18 11 130
27 67 43 55 12 10 0 0.39 0.0 0 9.6 35 240 M M 9 1 54 240
28 49 42 46 3 19 0 0.01 0.0 0 4.6 16 280 M M 10 1 24 310
29 65 35 50 8 15 0 0.01 0.0 0 5.3 21 200 M M 2 1 28 200
30 59 32 46 4 19 0 0.58 0.0 0 13.4 28 280 M M 5 1 48 290
================================================================================
SM 1763 1118 513 11 3.18 T 171.5 M 126
================================================================================
AV 58.8 37.3 5.7 FASTST M M 4 MAX(MPH)
MISC ----> 35 240 54 240
================================================================================
NOTES:
# LAST OF SEVERAL OCCURRENCES
COLUMN 17 PEAK WIND IN M.P.H.
PRELIMINARY LOCAL CLIMATOLOGICAL DATA (WS FORM: F-6) , PAGE 2
STATION: HUNTINGTON WV
MONTH: NOVEMBER
YEAR: 2022
LATITUDE: 38 22 N
LONGITUDE: 82 33 W
[TEMPERATURE DATA] [PRECIPITATION DATA] SYMBOLS USED IN COLUMN 16
AVERAGE MONTHLY: 48.0 TOTAL FOR MONTH: 3.18 1 = FOG OR MIST
DPTR FM NORMAL: 1.4 DPTR FM NORMAL: 0.11 2 = FOG REDUCING VISIBILITY
HIGHEST: 82 ON 5 GRTST 24HR 1.49 ON 11-11 TO 1/4 MILE OR LESS
LOWEST: 18 ON 21 3 = THUNDER
SNOW, ICE PELLETS, HAIL 4 = ICE PELLETS
TOTAL MONTH: T 5 = HAIL
GRTST 24HR T ON 13-13 6 = FREEZING RAIN OR DRIZZLE
GRTST DEPTH: 0 7 = DUSTSTORM OR SANDSTORM:
VSBY 1/2 MILE OR LESS
8 = SMOKE OR HAZE
[NO. OF DAYS WITH] [WEATHER - DAYS WITH] 9 = BLOWING SNOW
X = TORNADO
MAX 32 OR BELOW: 0 0.01 INCH OR MORE: 11
MAX 90 OR ABOVE: 0 0.10 INCH OR MORE: 5
MIN 32 OR BELOW: 12 0.50 INCH OR MORE: 2
MIN 0 OR BELOW: 0 1.00 INCH OR MORE: 1
[HDD (BASE 65) ]
TOTAL THIS MO. 513 CLEAR (SCALE 0-3) 17
DPTR FM NORMAL -41 PTCLDY (SCALE 4-7) 7
TOTAL FM JUL 1 888 CLOUDY (SCALE 8-10) 6
DPTR FM NORMAL 27
[CDD (BASE 65) ]
TOTAL THIS MO. 11
DPTR FM NORMAL 9 [PRESSURE DATA]
TOTAL FM JAN 1 1277 HIGHEST SLP 30.57 ON 8
DPTR FM NORMAL 43 LOWEST SLP 29.43 ON 27
[REMARKS]
#FINAL-11-22#