000
CXUS51 KRLX 020309
CF6HTS
PRELIMINARY LOCAL CLIMATOLOGICAL DATA (WS FORM: F-6)
STATION: HUNTINGTON WV
MONTH: DECEMBER
YEAR: 2023
LATITUDE: 38 22 N
LONGITUDE: 82 33 W
TEMPERATURE IN F: :PCPN: SNOW: WIND :SUNSHINE: SKY :PK WND
================================================================================
1 2 3 4 5 6A 6B 7 8 9 10 11 12 13 14 15 16 17 18
12Z AVG MX 2MIN
DY MAX MIN AVG DEP HDD CDD WTR SNW DPTH SPD SPD DIR MIN PSBL S-S WX SPD DR
================================================================================
1 56 42 49 7 16 0 0.18 0.0 0 4.7 14 190 M M 9 1 18 190
2 62 54 58 16 7 0 0.04 0.0 0 2.8 8 60 M M 10 1 10 60
3 62 45 54 13 11 0 0.06 0.0 0 7.0 23 230 M M 6 12 35 270
4 52 35 44 3 21 0 0.04 0.0 0 3.2 14 320 M M 4 18 17 320
5 47 33 40 -1 25 0 0.10 0.0 0 3.5 14 310 M M 7 1 23 310
6 44 34 39 -2 26 0 0.00 0.0 0 5.6 14 350 M M 8 17 350
7 56 32 44 4 21 0 0.00 0.0 0 8.1 18 230 M M 1 26 230
8 65 39 52 12 13 0 0.00 0.0 0 6.6 16 190 M M 1 20 180
9 65 52 59 19 6 0 0.13 0.0 0 7.2 16 230 M M 9 22 230
10 61 36 49 9 16 0 0.13 0.0 0 7.6 15 320 M M 10 1 20 320
11 38 27 33 -7 32 0 0.00 0.0 0 4.6 13 300 M M 8 17 300
12 53 25 39 0 26 0 0.00 0.0 0 5.9 15 230 M M 0 21 210
13 49 28 39 0 26 0 0.00 0.0 0 1.4 8 340 M M 0 10 360
14 53 22 38 -1 27 0 0.00 0.0 0 1.2 7 220 M M 0 9 230
15 57 23 40 1 25 0 0.00 0.0 0 2.4 8 50 M M 0 10 40
16 65 28 47 9 18 0 T 0.0 0 4.2 14 180 M M 1 18 190
17 56 46 51 13 14 0 0.26 0.0 0 4.6 13 330 M M 10 12 20 140
18 47 30 39 1 26 0 0.10 0.2 0 10.6 26 310 M M 10 189 38 320
19 39 23 31 -7 34 0 0.00 0.0 T 4.7 14 250 M M 6 20 250
20 50 19 35 -3 30 0 0.00 0.0 0 2.4 6 100 M M 0 7 50
21 55 24 40 3 25 0 0.00 0.0 0 2.6 9 200 M M 1 11 210
22 56 29 43 6 22 0 T 0.0 0 2.1 9 180 M M 4 12 180
23 61 39 50 13 15 0 T 0.0 0 3.4 13 210 M M 6 19 210
24 68 48 58 21 7 0 0.00 0.0 0 4.0 8 120 M M 6 11 210
25 63 42 53 16 12 0 0.30 0.0 0 7.1 15 90 M M 5 1 19 90
26 62 50 56 20 9 0 0.08 0.0 0 3.8 10 300 M M 8 1 14 300
27 53 42 48 12 17 0 0.43 0.0 0 2.3 12 330 M M 10 12 15 330
28 48 37 43 7 22 0 0.00 0.0 0 5.8 13 260 M M 9 12 18 260
29 38 31 35 -1 30 0 T T 0 5.6 12 220 M M 8 15 210
30 44 36 40 4 25 0 0.04 T 0 7.4 15 240 M M 10 19 230
31 52 36 44 8 21 0 T 0.0 0 9.8 17 260 M M 8 25 290
================================================================================
SM 1677 1087 625 0 1.89 0.2 152.2 M 175
================================================================================
AV 54.1 35.1 4.9 FASTST M M 6 MAX(MPH)
MISC ----> 26 310 38 320
================================================================================
NOTES:
# LAST OF SEVERAL OCCURRENCES
COLUMN 17 PEAK WIND IN M.P.H.
PRELIMINARY LOCAL CLIMATOLOGICAL DATA (WS FORM: F-6) , PAGE 2
STATION: HUNTINGTON WV
MONTH: DECEMBER
YEAR: 2023
LATITUDE: 38 22 N
LONGITUDE: 82 33 W
[TEMPERATURE DATA] [PRECIPITATION DATA] SYMBOLS USED IN COLUMN 16
AVERAGE MONTHLY: 44.6 TOTAL FOR MONTH: 1.89 1 = FOG OR MIST
DPTR FM NORMAL: 6.0 DPTR FM NORMAL: -1.68 2 = FOG REDUCING VISIBILITY
HIGHEST: 68 ON 24 GRTST 24HR 0.51 ON 26-27 TO 1/4 MILE OR LESS
LOWEST: 19 ON 20 3 = THUNDER
SNOW, ICE PELLETS, HAIL 4 = ICE PELLETS
TOTAL MONTH: 0.2 INCH 5 = HAIL
GRTST 24HR 0.2 ON 18-18 6 = FREEZING RAIN OR DRIZZLE
GRTST DEPTH: T 7 = DUSTSTORM OR SANDSTORM:
VSBY 1/2 MILE OR LESS
8 = SMOKE OR HAZE
[NO. OF DAYS WITH] [WEATHER - DAYS WITH] 9 = BLOWING SNOW
X = TORNADO
MAX 32 OR BELOW: 0 0.01 INCH OR MORE: 13
MAX 90 OR ABOVE: 0 0.10 INCH OR MORE: 8
MIN 32 OR BELOW: 13 0.50 INCH OR MORE: 0
MIN 0 OR BELOW: 0 1.00 INCH OR MORE: 0
[HDD (BASE 65) ]
TOTAL THIS MO. 625 CLEAR (SCALE 0-3) 9
DPTR FM NORMAL -195 PTCLDY (SCALE 4-7) 11
TOTAL FM JUL 1 1349 CLOUDY (SCALE 8-10) 11
DPTR FM NORMAL -332
[CDD (BASE 65) ]
TOTAL THIS MO. 0
DPTR FM NORMAL 0 [PRESSURE DATA]
TOTAL FM JAN 1 1121 HIGHEST SLP 30.79 ON 14
DPTR FM NORMAL -113 LOWEST SLP 29.68 ON 18
[REMARKS]
#FINAL-12-23#