000
CXUS51 KCAR 010700
CF6HUL
PRELIMINARY LOCAL CLIMATOLOGICAL DATA (WS FORM: F-6)
STATION: HOULTON ME
MONTH: DECEMBER
YEAR: 2021
LATITUDE: 46 7 N
LONGITUDE: 67 48 W
TEMPERATURE IN F: :PCPN: SNOW: WIND :SUNSHINE: SKY :PK WND
================================================================================
1 2 3 4 5 6A 6B 7 8 9 10 11 12 13 14 15 16 17 18
12Z AVG MX 2MIN
DY MAX MIN AVG DEP HDD CDD WTR SNW DPTH SPD SPD DIR MIN PSBL S-S WX SPD DR
================================================================================
1 32 10 21 -5 44 0 T M M 4.0 15 240 M M 6 22 240
2 45 10 28 2 37 0 0.25 M M 5.7 17 140 M M 9 1 28 140
3 41 17 29 3 36 0 0.06 M M 12.8 25 290 M M 10 1 39 290
4 22 8 15 -10 50 0 0.00 M M 4.7 17 290 M M 2 26 290
5 28 12 20 -5 45 0 0.00 M M 5.7 18 270 M M 4 24 260
6 53 17 35 11 30 0 0.62 M M 10.7 33 290 M M 10 168 47 290
7 40 22 31 7 34 0 0.03 M M 10.6 29 250 M M 3 1 44 260
8 22 12 17 -7 48 0 T M M 6.8 12 300 M M 6 18 300
9 19 9 14 -9 51 0 0.00 M M 8.4 15 360 M M 4 20 360
10 21 4 13 -10 52 0 0.01 M M 1.6 9 150 M M 6 1 14 140
11 50 11 31 9 34 0 0.45 M M 5.6 18 210 M M 8 146 26 130
12 53 32 43 21 22 0 0.28 M M 13.0 31 260 M M 5 1 44 260
13 44 31 38 16 27 0 0.00 M M 7.4 17 280 M M 6 22 280
14 41 15 28 7 37 0 0.00 M M 11.8 28 320 M M 2 38 320
15 27 15 21 0 44 0 T M M 5.3 13 130 M M 2 18 130
16 41 24 33 12 32 0 0.21 M M 5.4 13 150 M M 10 1 20 160
17 44 34 39 19 26 0 0.00 M M 12.1 29 280 M M 8 1 41 240
18 34 20 27 7 38 0 T M M 9.7 23 340 M M 3 1 32 320
19 25 10 18 -2 47 0 0.06 M M 6.4 14 350 M M 9 1 21 360
20 19 6 13 -6 52 0 0.00 M M 5.9 15 340 M M 5 19 360
21 35 13 24 5 41 0 T M M 7.8 22 290 M M 4 32 280
22 24 15 20 1 45 0 0.41 M M 6.5 16 120 M M 8 168 24 120
23 26 2 14 -4 51 0 T M M 12.3 25 290 M M 4 8 35 290
24 21 -7 7 -11 58 0 0.00 M M 7.3 23 280 M M 0 33 260
25 24 4 14 -4 51 0 0.00 M M 5.0 13 310 M M 1 21 310
26 28 11 20 2 45 0 0.00 M M 4.2 8 310 M M 0 11 340
27 25 4 15 -2 50 0 0.00 M M 7.6 17 340 M M 4 25 360
28 23 6 15 -2 50 0 0.19 M M 0.7 8 340 M M 6 12 12 330
29 25 17 21 4 44 0 T M M 3.7 12 10 M M 10 18 14 20
30 30 24 27 11 38 0 T M M 2.3 8 210 M M 10 18 11 210
31 36 26 31 15 34 0 T M M 3.1 12 150 M M 9 1 16 140
================================================================================
SM 998 434 1293 0 2.57 M 214.1 M 174
================================================================================
AV 32.2 14.0 6.9 FASTST M M 6 MAX(MPH)
MISC ----> 33 290 47 290
================================================================================
NOTES:
# LAST OF SEVERAL OCCURRENCES
COLUMN 17 PEAK WIND IN M.P.H.
PRELIMINARY LOCAL CLIMATOLOGICAL DATA (WS FORM: F-6) , PAGE 2
STATION: HOULTON ME
MONTH: DECEMBER
YEAR: 2021
LATITUDE: 46 7 N
LONGITUDE: 67 48 W
[TEMPERATURE DATA] [PRECIPITATION DATA] SYMBOLS USED IN COLUMN 16
AVERAGE MONTHLY: 23.1 TOTAL FOR MONTH: 2.57 1 = FOG OR MIST
DPTR FM NORMAL: 2.2 DPTR FM NORMAL: -0.80 2 = FOG REDUCING VISIBILITY
HIGHEST: 53 ON 12, 6 GRTST 24HR 0.73 ON 11-12 TO 1/4 MILE OR LESS
LOWEST: -7 ON 24 3 = THUNDER
SNOW, ICE PELLETS, HAIL 4 = ICE PELLETS
TOTAL MONTH: M 5 = HAIL
GRTST 24HR M ON M 6 = FREEZING RAIN OR DRIZZLE
GRTST DEPTH: M ON M 7 = DUSTSTORM OR SANDSTORM:
VSBY 1/2 MILE OR LESS
8 = SMOKE OR HAZE
[NO. OF DAYS WITH] [WEATHER - DAYS WITH] 9 = BLOWING SNOW
X = TORNADO
MAX 32 OR BELOW: 18 0.01 INCH OR MORE: 11
MAX 90 OR ABOVE: 0 0.10 INCH OR MORE: 7
MIN 32 OR BELOW: 30 0.50 INCH OR MORE: 1
MIN 0 OR BELOW: 1 1.00 INCH OR MORE: 0
[HDD (BASE 65) ]
TOTAL THIS MO. 1293 CLEAR (SCALE 0-3) 8
DPTR FM NORMAL -74 PTCLDY (SCALE 4-7) 15
TOTAL FM JUL 1 2978 CLOUDY (SCALE 8-10) 8
DPTR FM NORMAL -410
[CDD (BASE 65) ]
TOTAL THIS MO. 0
DPTR FM NORMAL 0 [PRESSURE DATA]
TOTAL FM JAN 1 329 HIGHEST SLP 30.66 ON 15
DPTR FM NORMAL 123 LOWEST SLP 29.17 ON 12
[REMARKS]
#FINAL-12-21#