000
CXUS55 KTFX 010919
CLMHVR
CLIMATE REPORT
NATIONAL WEATHER SERVICE GREAT FALLS MT
319 AM MDT MON MAY 01 2023
...................................
...THE HAVRE MT CLIMATE SUMMARY FOR THE MONTH OF APRIL 2023...
CLIMATE NORMAL PERIOD 1991 TO 2020
CLIMATE RECORD PERIOD 1880 TO 2023
WEATHER OBSERVED NORMAL DEPART LAST YEAR`S
VALUE DATE(S) VALUE FROM VALUE
NORMAL
..............................................................
TEMPERATURE (F)
RECORD
HIGH 95 04/29/1939
LOW -14 04/06/1975
04/22/1967
HIGHEST 76 04/10 64 12 79
04/30
LOWEST 14 04/04 25 -11 9
04/05
AVG. MAXIMUM 53.5 57.3 -3.8 51.7
AVG. MINIMUM 30.0 30.6 -0.6 24.4
MEAN 41.8 44.0 -2.2 38.1
DAYS MAX >= 90 0 0.0 0.0 0
DAYS MAX <= 32 2 0.8 1.2 3
DAYS MIN <= 32 18 17.7 0.3 26
DAYS MIN <= 0 0 0.1 -0.1 0
PRECIPITATION (INCHES)
RECORD
MAXIMUM 3.72 1955
MINIMUM 0.00
TOTALS 0.49 1.01 -0.52 0.29
DAYS >= .01 6 7.9 -1.9
DAYS >= .10 2 2.9 -0.9
DAYS >= .50 0 0.4 -0.4
DAYS >= 1.00 0 0.1 -0.1
GREATEST
24 HR. TOTAL 0.28 04/13 TO 04/13
SNOWFALL (INCHES)
RECORDS
TOTAL 32.9 1955
24 HR TOTAL 16.2
SNOW DEPTH 27 04/05/1955
TOTALS 1.0 2.7 -1.7 2.4
SINCE 7/1 65.9 40.6 25.3
SNOWDEPTH AVG. 0
DAYS >= TRACE 9 2.1 6.9
DAYS >= 1.0 0 1.2 -1.2
GREATEST
SNOW DEPTH 2 04/02 2
24 HR TOTAL 1.0
DEGREE DAYS
HEATING TOTAL 688 632 56 801
SINCE 7/1 8461 7692 769 MM
COOLING TOTAL 0 0 0 0
SINCE 1/1 0 0 0 MM
..............................................................
WIND (MPH)
AVERAGE WIND SPEED 10.2
HIGHEST WIND SPEED/DIRECTION 37/300 DATE 04/11
HIGHEST GUST SPEED/DIRECTION 49/230 DATE 04/02
49/320 04/27
SKY COVER
AVERAGE SKY COVER 0.44
AVERAGE RH (PERCENT) 64
WEATHER CONDITIONS. NUMBER OF DAYS WITH
THUNDERSTORM 0 MIXED PRECIP 0
HEAVY RAIN 0 RAIN 0
LIGHT RAIN 4 FREEZING RAIN 0
LT FREEZING RAIN 0 HAIL 0
HEAVY SNOW 0 SNOW 0
LIGHT SNOW 8 SLEET 0
FOG 10 FOG W/VIS <= 1/4 MILE 1
HAZE 4
- INDICATES NEGATIVE NUMBERS.
R INDICATES RECORD WAS SET OR TIED.
MM INDICATES DATA IS MISSING.
T INDICATES TRACE AMOUNT.
$$