000
CXUS52 KMFL 011030
CF6HWO
PRELIMINARY LOCAL CLIMATOLOGICAL DATA (WS FORM: F-6)
STATION: NORTH PERRY ARPT
MONTH: MARCH
YEAR: 2023
LATITUDE: 26 0 N
LONGITUDE: 80 14 W
TEMPERATURE IN F: :PCPN: SNOW: WIND :SUNSHINE: SKY :PK WND
================================================================================
1 2 3 4 5 6A 6B 7 8 9 10 11 12 13 14 15 16 17 18
12Z AVG MX 2MIN
DY MAX MIN AVG DEP HDD CDD WTR SNW DPTH SPD SPD DIR MIN PSBL S-S WX SPD DR
================================================================================
1 86 60 73 1 0 8 0.00 M M 4.2 14 140 M M 0 17 140
2 84 63 74 2 0 9 0.00 M M 6.1 18 140 M M 2 24 150
3 87 71 79 7 0 14 0.00 0.0 0 10.9 25 190 M M 3 33 190
4 89 72 81 9 0 16 0.00 0.0 0 8.3 18 230 M M 3 24 240
5 90 65 78 6 0 13 0.00 0.0 0 3.8 15 100 M M 0 18 90
6 91 69 80 8 0 15 0.00 0.0 0 4.6 14 310 M M 3 17 310
7 91 69 80 8 0 15 0.00 0.0 0 5.5 14 300 M M 3 18 310
8 88 70 79 7 0 14 0.00 0.0 0 10.0 20 40 M M 4 26 50
9 80 69 75 3 0 10 0.00 M M 9.9 20 50 M M 3 27 80
10 82 62 72 0 0 7 0.00 M M 6.5 17 140 M M 2 24 120
11 86 67 77 5 0 12 0.00 M M 8.1 14 270 M M 4 17 280
12 M M M M M M 0.00 M M M M M M M M M M
13 89 70 80 8 0 15 T 0.0 0 10.4 25 250 M M 1 33 250
14 84 69 77 5 0 12 0.00 0.0 0 7.5 12 50 M M 3 M M
15 77 62 70 -2 0 5 0.02 0.0 0 9.0 22 20 M M 5 3 26 10
16 76 58 67 -6 0 2 0.00 0.0 0 9.9 21 70 M M 4 28 80
17 81 66 74 1 0 9 0.00 0.0 0 8.7 17 140 M M 1 23 160
18 87 63 75 2 0 10 0.00 0.0 0 6.5 20 150 M M 2 26 160
19 80 61 71 -2 0 6 0.09 M M 8.5 18 350 M M 6 22 350
20 77 58 68 -5 0 3 0.23 0.0 0 12.1 21 330 M M 9 26 330
21 79 58 69 -4 0 4 0.00 M M 9.0 17 80 M M 3 23 80
22 81 62 72 -1 0 7 0.00 0.0 M 9.0 20 110 M M 4 25 90
23 82 70 76 3 0 11 0.00 0.0 0 11.0 18 90 M M 4 25 90
24 84 66 75 2 0 10 T 0.0 0 8.1 17 120 M M 4 23 120
25 87 72 80 6 0 15 0.00 0.0 0 8.7 18 160 M M 3 23 130
26 88 72 80 6 0 15 0.00 0.0 0 8.9 17 150 M M 1 22 130
27 88 70 79 5 0 14 0.05 0.0 0 6.8 18 130 M M 3 3 24 140
28 90 71 81 7 0 16 0.80 0.0 0 5.8 22 310 M M 7 1 28 320
29 87 70 79 5 0 14 0.89 0.0 0 4.6 15 80 M M 4 13 19 80
30 81 70 76 2 0 11 0.07 0.0 0 10.2 21 70 M M 6 28 40
31 83 72 78 4 0 13 0.00 0.0 0 13.9 23 100 M M 2 29 90
================================================================================
SM 2535 1997 0 325 2.15 0.0 246.5 M 99
================================================================================
AV 84.5 66.6 8.2 FASTST M M 3 MAX(MPH)
MISC ----> # 25 190 # 33 190
================================================================================
NOTES:
# LAST OF SEVERAL OCCURRENCES
COLUMN 17 PEAK WIND IN M.P.H.
PRELIMINARY LOCAL CLIMATOLOGICAL DATA (WS FORM: F-6) , PAGE 2
STATION: NORTH PERRY ARPT
MONTH: MARCH
YEAR: 2023
LATITUDE: 26 0 N
LONGITUDE: 80 14 W
[TEMPERATURE DATA] [PRECIPITATION DATA] SYMBOLS USED IN COLUMN 16
AVERAGE MONTHLY: 75.5 TOTAL FOR MONTH: 2.15 1 = FOG OR MIST
DPTR FM NORMAL: 2.8 DPTR FM NORMAL: -0.53 2 = FOG REDUCING VISIBILITY
HIGHEST: 91 ON 7, 6 GRTST 24HR 1.42 ON 28-29 TO 1/4 MILE OR LESS
LOWEST: 58 ON 21,20 3 = THUNDER
SNOW, ICE PELLETS, HAIL 4 = ICE PELLETS
TOTAL MONTH: 0.0 INCH 5 = HAIL
GRTST 24HR 0.0 6 = FREEZING RAIN OR DRIZZLE
GRTST DEPTH: 0 7 = DUSTSTORM OR SANDSTORM:
VSBY 1/2 MILE OR LESS
8 = SMOKE OR HAZE
[NO. OF DAYS WITH] [WEATHER - DAYS WITH] 9 = BLOWING SNOW
X = TORNADO
MAX 32 OR BELOW: 0 0.01 INCH OR MORE: 7
MAX 90 OR ABOVE: 4 0.10 INCH OR MORE: 3
MIN 32 OR BELOW: 0 0.50 INCH OR MORE: 2
MIN 0 OR BELOW: 0 1.00 INCH OR MORE: 0
[HDD (BASE 65) ]
TOTAL THIS MO. 0 CLEAR (SCALE 0-3) 16
DPTR FM NORMAL -10 PTCLDY (SCALE 4-7) 13
TOTAL FM JUL 1 81 CLOUDY (SCALE 8-10) 2
DPTR FM NORMAL -33
[CDD (BASE 65) ]
TOTAL THIS MO. 325
DPTR FM NORMAL 77 [PRESSURE DATA]
TOTAL FM JAN 1 803 HIGHEST SLP 30.28 ON 22
DPTR FM NORMAL 236 LOWEST SLP 29.84 ON 3
[REMARKS]
#FINAL-03-23#