000
CXUS52 KMFL 011030
CF6HWO
PRELIMINARY LOCAL CLIMATOLOGICAL DATA (WS FORM: F-6)
STATION: NORTH PERRY ARPT
MONTH: SEPTEMBER
YEAR: 2021
LATITUDE: 26 0 N
LONGITUDE: 80 14 W
TEMPERATURE IN F: :PCPN: SNOW: WIND :SUNSHINE: SKY :PK WND
================================================================================
1 2 3 4 5 6A 6B 7 8 9 10 11 12 13 14 15 16 17 18
12Z AVG MX 2MIN
DY MAX MIN AVG DEP HDD CDD WTR SNW DPTH SPD SPD DIR MIN PSBL S-S WX SPD DR
================================================================================
1 93 77 85 1 0 20 0.22 M M 4.0 17 140 M M 2 3 20 140
2 91 74 83 -1 0 18 0.78 0.0 0 2.8 23 260 M M 2 13 29 260
3 87 75 81 -3 0 16 0.61 0.0 0 5.5 25 260 M M 2 13 32 250
4 91 74 83 -1 0 18 T M M 3.6 22 230 M M 2 3 28 230
5 91 75 83 -1 0 18 0.41 0.0 0 3.5 18 310 M M 1 13 23 260
6 93 76 85 1 0 20 0.01 0.0 0 5.0 15 140 M M 2 38 19 200
7 91 76 84 0 0 19 0.07 0.0 0 3.7 17 310 M M 2 13 20 290
8 89 76 83 -1 0 18 0.02 0.0 0 2.9 16 110 M M 1 3 20 110
9 93 75 84 0 0 19 0.40 0.0 M 4.4 22 300 M M 2 3 29 310
10 91 76 84 0 0 19 0.14 0.0 M 4.5 14 140 M M 2 3 17 110
11 91 74 83 0 0 18 0.00 M M 5.5 14 90 M M 0 18 90
12 90 78 84 1 0 19 0.11 M M 8.5 23 60 M M 1 3 28 70
13 87 76 82 -1 0 17 0.36 M M 6.1 22 120 M M 3 13 31 120
14 89 74 82 -1 0 17 0.59 M M 6.6 15 90 M M 3 18 99
15 89 74 82 -1 0 17 0.67 M M 3.5 22 140 M M 2 138 26 140
16 86 75 81 -2 0 16 0.10 0.0 0 4.0 17 200 M M 3 3 21 210
17 90 75 83 0 0 18 0.05 0.0 0 4.4 16 170 M M 3 3 20 160
18 90 74 82 -1 0 17 0.96 0.0 0 3.3 13 260 M M 4 13 16 260
19 89 77 83 0 0 18 T 0.0 0 3.4 14 180 M M 4 3 18 170
20 90 76 83 0 0 18 T M M 5.0 16 120 M M 2 3 20 120
21 86 75 81 -2 0 16 0.88 M M 4.0 17 140 M M 3 138 21 200
22 87 74 81 -2 0 16 0.48 M M 4.6 25 250 M M 2 13 36 240
23 89 73 81 -2 0 16 1.79 0.0 0 2.7 22 50 M M 3 13 29 50
24 89 75 82 -1 0 17 T 0.0 0 3.0 14 10 M M 3 3 17 360
25 91 74 83 0 0 18 0.13 0.0 0 3.9 17 10 M M 3 3 20 30
26 88 75 82 0 0 17 0.02 0.0 0 8.0 18 60 M M 2 24 60
27 87 71 79 -3 0 14 0.00 0.0 0 7.4 17 50 M M 2 22 50
28 88 71 80 -2 0 15 0.00 0.0 0 6.8 18 60 M M 1 23 70
29 87 72 80 -2 0 15 0.00 M M 6.3 16 80 M M 2 20 80
30 88 73 81 -1 0 16 0.14 M M 7.9 20 60 M M 3 1 23 60
================================================================================
SM 2681 2240 0 520 8.94 0.0 144.8 M 67
================================================================================
AV 89.4 74.7 4.8 FASTST M M 2 MAX(MPH)
MISC ----> # 25 260 36 240
================================================================================
NOTES:
# LAST OF SEVERAL OCCURRENCES
COLUMN 17 PEAK WIND IN M.P.H.
PRELIMINARY LOCAL CLIMATOLOGICAL DATA (WS FORM: F-6) , PAGE 2
STATION: NORTH PERRY ARPT
MONTH: SEPTEMBER
YEAR: 2021
LATITUDE: 26 0 N
LONGITUDE: 80 14 W
[TEMPERATURE DATA] [PRECIPITATION DATA] SYMBOLS USED IN COLUMN 16
AVERAGE MONTHLY: 82.0 TOTAL FOR MONTH: 8.94 1 = FOG OR MIST
DPTR FM NORMAL: -1.2 DPTR FM NORMAL: 0.96 2 = FOG REDUCING VISIBILITY
HIGHEST: 93 ON 9, 6 GRTST 24HR 1.79 ON 23-23 TO 1/4 MILE OR LESS
LOWEST: 71 ON 28,27 3 = THUNDER
SNOW, ICE PELLETS, HAIL 4 = ICE PELLETS
TOTAL MONTH: 0.0 INCH 5 = HAIL
GRTST 24HR 0.0 6 = FREEZING RAIN OR DRIZZLE
GRTST DEPTH: 0 7 = DUSTSTORM OR SANDSTORM:
VSBY 1/2 MILE OR LESS
8 = SMOKE OR HAZE
[NO. OF DAYS WITH] [WEATHER - DAYS WITH] 9 = BLOWING SNOW
X = TORNADO
MAX 32 OR BELOW: 0 0.01 INCH OR MORE: 22
MAX 90 OR ABOVE: 14 0.10 INCH OR MORE: 17
MIN 32 OR BELOW: 0 0.50 INCH OR MORE: 7
MIN 0 OR BELOW: 0 1.00 INCH OR MORE: 1
[HDD (BASE 65) ]
TOTAL THIS MO. 0 CLEAR (SCALE 0-3) 23
DPTR FM NORMAL 0 PTCLDY (SCALE 4-7) 7
TOTAL FM JUL 1 0 CLOUDY (SCALE 8-10) 0
DPTR FM NORMAL 0
[CDD (BASE 65) ]
TOTAL THIS MO. 520
DPTR FM NORMAL -24 [PRESSURE DATA]
TOTAL FM JAN 1 3571 HIGHEST SLP 30.18 ON 12
DPTR FM NORMAL -96 LOWEST SLP 29.84 ON 23
[REMARKS]
#FINAL-09-21#