000
CXUS52 KMFL 011030
CF6HWO
PRELIMINARY LOCAL CLIMATOLOGICAL DATA (WS FORM: F-6)
STATION: NORTH PERRY ARPT
MONTH: JUNE
YEAR: 2021
LATITUDE: 26 0 N
LONGITUDE: 80 14 W
TEMPERATURE IN F: :PCPN: SNOW: WIND :SUNSHINE: SKY :PK WND
================================================================================
1 2 3 4 5 6A 6B 7 8 9 10 11 12 13 14 15 16 17 18
12Z AVG MX 2MIN
DY MAX MIN AVG DEP HDD CDD WTR SNW DPTH SPD SPD DIR MIN PSBL S-S WX SPD DR
================================================================================
1 86 73 80 -2 0 15 0.02 M M 9.1 23 100 M M 4 3 28 100
2 86 72 79 -3 0 14 0.64 M M 9.1 21 100 M M 4 1 25 100
3 84 72 78 -4 0 13 1.14 M M 9.0 28 110 M M 5 13 34 130
4 87 74 81 -1 0 16 0.15 M M 8.8 18 120 M M 3 1 23 120
5 87 76 82 0 0 17 0.10 M M 11.2 18 110 M M 3 23 120
6 89 77 83 1 0 18 0.68 M M 13.6 22 120 M M 5 1 25 100
7 88 79 84 2 0 19 0.00 M M 13.0 21 110 M M 3 25 120
8 87 74 81 -1 0 16 0.08 M M 11.0 20 100 M M 4 25 110
9 88 77 83 1 0 18 0.00 0.0 0 10.2 16 90 M M 2 20 90
10 89 78 84 1 0 19 0.00 0.0 0 10.5 16 110 M M 1 23 130
11 91 77 84 1 0 19 T 0.0 0 8.0 18 120 M M 3 25 130
12 90 76 83 0 0 18 0.30 0.0 0 5.8 23 250 M M 3 13 32 250
13 92 77 85 2 0 20 0.01 0.0 0 8.1 17 250 M M 2 3 22 270
14 86 72 79 -4 0 14 1.24 M M 6.1 33 220 M M 5 13 51 220
15 90 71 81 -2 0 16 1.43 M M 6.6 31 170 M M 3 13 45 170
16 83 70 77 -6 0 12 1.02 M M 3.3 18 130 M M 4 13 23 150
17 85 70 78 -5 0 13 T M M 5.3 13 60 M M 2 16 80
18 87 71 79 -4 0 14 0.24 M M 8.2 26 140 M M 4 13 33 130
19 88 79 84 1 0 19 0.00 M M 8.8 15 130 M M 2 20 140
20 90 74 82 -1 0 17 0.25 M M 5.5 18 290 M M 4 3 25 300
21 91 77 84 1 0 19 0.00 0.0 0 6.6 16 150 M M 1 20 130
22 91 72 82 -2 0 17 0.04 0.0 0 10.6 24 280 M M 3 3 30 280
23 90 74 82 -2 0 17 T 0.0 0 7.0 22 320 M M 2 3 27 320
24 83 73 78 -6 0 13 1.30 M M 5.0 15 130 M M 3 13 19 130
25 82 74 78 -6 0 13 0.70 0.0 0 7.1 21 160 M M 2 13 27 160
26 87 77 82 -2 0 17 0.16 0.0 0 9.5 23 100 M M 3 13 26 100
27 88 77 83 -1 0 18 0.04 M M 11.1 18 70 M M 2 23 80
28 86 74 80 -4 0 15 0.64 M M 6.5 18 170 M M 3 138 24 170
29 84 71 78 -6 0 13 1.11 0.0 0 5.8 21 140 M M 4 13 26 120
30 79 72 76 -8 0 11 1.56 0.0 0 3.5 18 130 M M 4 13 27 60
================================================================================
SM 2614 2230 0 480 12.85 0.0 243.9 M 93
================================================================================
AV 87.1 74.3 8.1 FASTST M M 3 MAX(MPH)
MISC ----> 33 220 51 220
================================================================================
NOTES:
# LAST OF SEVERAL OCCURRENCES
COLUMN 17 PEAK WIND IN M.P.H.
PRELIMINARY LOCAL CLIMATOLOGICAL DATA (WS FORM: F-6) , PAGE 2
STATION: NORTH PERRY ARPT
MONTH: JUNE
YEAR: 2021
LATITUDE: 26 0 N
LONGITUDE: 80 14 W
[TEMPERATURE DATA] [PRECIPITATION DATA] SYMBOLS USED IN COLUMN 16
AVERAGE MONTHLY: 80.7 TOTAL FOR MONTH: 12.85 1 = FOG OR MIST
DPTR FM NORMAL: -2.3 DPTR FM NORMAL: 4.13 2 = FOG REDUCING VISIBILITY
HIGHEST: 92 ON 13 GRTST 24HR 2.06 ON 29-30 TO 1/4 MILE OR LESS
LOWEST: 70 ON 17,16 3 = THUNDER
SNOW, ICE PELLETS, HAIL 4 = ICE PELLETS
TOTAL MONTH: 0.0 INCH 5 = HAIL
GRTST 24HR 0.0 6 = FREEZING RAIN OR DRIZZLE
GRTST DEPTH: 0 7 = DUSTSTORM OR SANDSTORM:
VSBY 1/2 MILE OR LESS
8 = SMOKE OR HAZE
[NO. OF DAYS WITH] [WEATHER - DAYS WITH] 9 = BLOWING SNOW
X = TORNADO
MAX 32 OR BELOW: 0 0.01 INCH OR MORE: 22
MAX 90 OR ABOVE: 8 0.10 INCH OR MORE: 17
MIN 32 OR BELOW: 0 0.50 INCH OR MORE: 11
MIN 0 OR BELOW: 0 1.00 INCH OR MORE: 7
[HDD (BASE 65) ]
TOTAL THIS MO. 0 CLEAR (SCALE 0-3) 16
DPTR FM NORMAL 0 PTCLDY (SCALE 4-7) 14
TOTAL FM JUL 1 92 CLOUDY (SCALE 8-10) 0
DPTR FM NORMAL -28
[CDD (BASE 65) ]
TOTAL THIS MO. 480
DPTR FM NORMAL -58 [PRESSURE DATA]
TOTAL FM JAN 1 1960 HIGHEST SLP 30.19 ON 8
DPTR FM NORMAL 47 LOWEST SLP 29.85 ON 13
[REMARKS]
#FINAL-06-21#