000
CXUS54 KHGX 011510
CF6IAH
PRELIMINARY LOCAL CLIMATOLOGICAL DATA (WS FORM: F-6)
STATION: HOUSTON INTERCONTINENTAL
MONTH: JANUARY
YEAR: 2023
LATITUDE: 29 58 N
LONGITUDE: 95 21 W
TEMPERATURE IN F: :PCPN: SNOW: WIND :SUNSHINE: SKY :PK WND
================================================================================
1 2 3 4 5 6A 6B 7 8 9 10 11 12 13 14 15 16 17 18
12Z AVG MX 2MIN
DY MAX MIN AVG DEP HDD CDD WTR SNW DPTH SPD SPD DIR MIN PSBL S-S WX SPD DR
================================================================================
1 79 59 69 15 0 4 0.00 0.0 0 6.4 16 160 M M 8 128 22 150
2 76 71 74 20 0 9 0.13 0.0 0 11.6 20 160 M M 10 13 29 170
3 78 58 68 15 0 3 0.12 0.0 0 7.4 20 170 M M 6 1 31 180
4 72 48 60 7 5 0 0.00 0.0 0 4.5 13 290 M M 3 21 300
5 72 43 58 5 7 0 0.00 0.0 0 3.5 13 10 M M 1 18 360
6 79 47 63 10 2 0 0.00 0.0 0 7.3 20 160 M M 1 26 150
7 81 57 69 16 0 4 0.35 0.0 0 5.1 15 120 M M 7 13 19 250
8 70 50 60 7 5 0 0.16 0.0 0 8.6 17 360 M M 5 13 23 350
9 68 45 57 4 8 0 0.00 0.0 0 5.9 14 150 M M 3 1 18 140
10 76 58 67 14 0 2 0.00 0.0 0 5.6 13 250 M M 5 12 20 190
11 80 63 72 19 0 7 0.00 0.0 0 10.9 18 210 M M 8 28 240
12 71 50 61 8 4 0 0.03 0.0 0 14.4 25 330 M M 4 34 330
13 63 42 53 0 12 0 0.00 0.0 0 9.5 21 350 M M 1 31 40
14 62 34 48 -5 17 0 0.00 0.0 0 6.8 16 140 M M 1 21 130
15 73 43 58 5 7 0 T 0.0 0 10.2 24 160 M M 7 34 150
16 76 63 70 16 0 5 T 0.0 0 6.5 15 170 M M 8 18 28 200
17 80 63 72 18 0 7 0.00 0.0 0 7.8 16 140 M M 9 18 24 130
18 79 51 65 11 0 0 T 0.0 0 7.7 24 340 M M 7 18 33 320
19 72 46 59 5 6 0 0.00 0.0 0 6.7 17 10 M M 3 28 10
20 53 48 51 -3 14 0 0.10 0.0 0 9.7 16 60 M M 10 21 80
21 53 48 51 -3 14 0 0.12 0.0 0 8.2 22 110 M M 10 1 28 110
22 61 40 51 -3 14 0 0.00 0.0 0 8.1 17 340 M M 3 24 290
23 59 35 47 -7 18 0 0.00 0.0 0 7.5 16 40 M M 3 23 50
24 60 45 53 -1 12 0 4.05 0.0 0 14.6 33 120 M M 8 123 47 120
25 52 38 45 -9 20 0 0.00 0.0 0 10.4 22 310 M M 5 34 300
26 58 35 47 -7 18 0 0.00 0.0 0 3.9 15 350 M M 1 1 19 350
27 56 34 45 -9 20 0 0.00 0.0 0 4.7 12 130 M M 7 15 130
28 70 55 63 8 2 0 0.17 0.0 0 10.3 21 170 M M 10 1 32 160
29 74 51 63 8 2 0 1.33 0.0 0 6.8 16 330 M M 10 123 24 290
30 51 36 44 -11 21 0 0.02 0.0 0 11.5 16 350 M M 10 12 25 10
31 43 36 40 -15 25 0 T 0.0 0 11.9 17 360 M M 10 1 24 20
================================================================================
SM 2097 1492 253 41 6.58 0.0 254.0 M 184
================================================================================
AV 67.6 48.1 8.2 FASTST M M 6 MAX(MPH)
MISC ----> 33 120 47 120
================================================================================
NOTES:
# LAST OF SEVERAL OCCURRENCES
COLUMN 17 PEAK WIND IN M.P.H.
PRELIMINARY LOCAL CLIMATOLOGICAL DATA (WS FORM: F-6) , PAGE 2
STATION: HOUSTON INTERCONTINENTAL
MONTH: JANUARY
YEAR: 2023
LATITUDE: 29 58 N
LONGITUDE: 95 21 W
[TEMPERATURE DATA] [PRECIPITATION DATA] SYMBOLS USED IN COLUMN 16
AVERAGE MONTHLY: 57.9 TOTAL FOR MONTH: 6.58 1 = FOG OR MIST
DPTR FM NORMAL: 4.1 DPTR FM NORMAL: 2.82 2 = FOG REDUCING VISIBILITY
HIGHEST: 81 ON 7 GRTST 24HR 4.05 ON 24-24 TO 1/4 MILE OR LESS
LOWEST: 34 ON 27,14 3 = THUNDER
SNOW, ICE PELLETS, HAIL 4 = ICE PELLETS
TOTAL MONTH: 0.0 INCH 5 = HAIL
GRTST 24HR 0.0 6 = FREEZING RAIN OR DRIZZLE
GRTST DEPTH: 0 7 = DUSTSTORM OR SANDSTORM:
VSBY 1/2 MILE OR LESS
8 = SMOKE OR HAZE
[NO. OF DAYS WITH] [WEATHER - DAYS WITH] 9 = BLOWING SNOW
X = TORNADO
MAX 32 OR BELOW: 0 0.01 INCH OR MORE: 11
MAX 90 OR ABOVE: 0 0.10 INCH OR MORE: 9
MIN 32 OR BELOW: 0 0.50 INCH OR MORE: 2
MIN 0 OR BELOW: 0 1.00 INCH OR MORE: 2
[HDD (BASE 65) ]
TOTAL THIS MO. 253 CLEAR (SCALE 0-3) 8
DPTR FM NORMAL -113 PTCLDY (SCALE 4-7) 14
TOTAL FM JUL 1 802 CLOUDY (SCALE 8-10) 9
DPTR FM NORMAL -70
[CDD (BASE 65) ]
TOTAL THIS MO. 41
DPTR FM NORMAL 24 [PRESSURE DATA]
TOTAL FM JAN 1 41 HIGHEST SLP 30.46 ON 26
DPTR FM NORMAL 24 LOWEST SLP 29.55 ON 24
[REMARKS]
#FINAL-01-23#