000
CXUS53 KUNR 010930
CF6ICR
PRELIMINARY LOCAL CLIMATOLOGICAL DATA (WS FORM: F-6)
STATION: WINNER REGIONAL AIRPORT SD
MONTH: JUNE
YEAR: 2021
LATITUDE: 43 23 N
LONGITUDE: 99 50 W
TEMPERATURE IN F: :PCPN: SNOW: WIND :SUNSHINE: SKY :PK WND
================================================================================
1 2 3 4 5 6A 6B 7 8 9 10 11 12 13 14 15 16 17 18
12Z AVG MX 2MIN
DY MAX MIN AVG DEP HDD CDD WTR SNW DPTH SPD SPD DIR MIN PSBL S-S WX SPD DR
================================================================================
1 81 53 67 2 0 2 0.00 M M 11.3 18 200 M M 2 27 190
2 85 56 71 6 0 6 0.00 M M 9.1 18 200 M M 1 8 25 210
3 92 60 76 10 0 11 0.00 M M 7.0 13 270 M M 0 8 20 280
4 99 64 82 16 0 17 0.00 M M 8.9 20 200 M M 0 29 200
5 100 67 84 18 0 19 0.00 M M 15.9 25 190 M M 0 38 180
6 91 64 78 11 0 13 0.00 M M 17.9 32 200 M M 0 46 190
7 98 59 79 12 0 14 0.00 M M 13.2 28 170 M M 0 37 150
8 94 71 83 16 0 18 0.00 M M 16.5 26 140 M M 0 38 140
9 93 65 79 11 0 14 0.40 M M 13.9 28 50 M M 2 13 50 50
10 99 74 87 19 0 22 0.00 M M 15.4 25 150 M M 1 37 160
11 85 55 70 2 0 5 0.50 M M 16.0 40 310 M M 1 13 57 320
12 88 52 70 1 0 5 0.00 M M 11.6 22 170 M M 0 29 170
13 97 68 83 14 0 18 0.00 M M 13.2 24 200 M M 0 3 32 200
14 89 65 77 8 0 12 0.90 M M 10.3 31 330 M M 1 3 40 320
15 92 64 78 8 0 13 0.00 M M 14.3 26 120 M M 0 35 140
16 102 68 85 15 0 20 0.00 M M 14.9 25 190 M M 0 35 180
17 90 60 75 5 0 10 0.00 M M 6.3 15 30 M M 0 22 20
18 93 61 77 6 0 12 T M M 5.1 17 40 M M 2 23 40
19 87 55 71 0 0 6 0.01 M M 10.4 25 300 M M 1 3 35 310
20 77 55 66 -5 0 1 0.01 M M 14.0 29 330 M M 5 41 330
21 79 49 64 -8 1 0 0.00 M M 7.9 21 330 M M 1 31 300
22 90 51 71 -1 0 6 0.00 M M 7.2 14 100 M M 0 19 100
23 107 58 83 11 0 18 0.03 M M 10.2 30 190 M M 0 38 42 200
24 87 62 75 2 0 10 0.02 M M 9.7 16 80 M M 1 24 220
25 78 59 69 -4 0 4 T M M 5.9 17 10 M M 5 22 10
26 80 63 72 -1 0 7 0.05 M M 8.9 20 40 M M 8 3 29 320
27 81 60 71 -3 0 6 0.08 M M 5.6 17 320 M M 5 3 23 320
28 85 57 71 -3 0 6 0.00 M M 6.5 25 330 M M 2 33 320
29 87 54 71 -3 0 6 0.00 M M 4.6 12 130 M M 1 16 20
30 92 63 78 4 0 13 0.00 M M 8.4 15 140 M M 1 23 190
================================================================================
SM 2698 1812 1 314 2.00 M 320.1 M 40
================================================================================
AV 89.9 60.4 10.7 FASTST M M 1 MAX(MPH)
MISC ----> 40 310 57 320
================================================================================
NOTES:
# LAST OF SEVERAL OCCURRENCES
COLUMN 17 PEAK WIND IN M.P.H.
PRELIMINARY LOCAL CLIMATOLOGICAL DATA (WS FORM: F-6) , PAGE 2
STATION: WINNER REGIONAL AIRPORT SD
MONTH: JUNE
YEAR: 2021
LATITUDE: 43 23 N
LONGITUDE: 99 50 W
[TEMPERATURE DATA] [PRECIPITATION DATA] SYMBOLS USED IN COLUMN 16
AVERAGE MONTHLY: 75.2 TOTAL FOR MONTH: 2.00 1 = FOG OR MIST
DPTR FM NORMAL: 5.4 DPTR FM NORMAL: -1.72 2 = FOG REDUCING VISIBILITY
HIGHEST: 107 ON 23 GRTST 24HR 0.90 ON 14-14 TO 1/4 MILE OR LESS
LOWEST: 49 ON 21 3 = THUNDER
SNOW, ICE PELLETS, HAIL 4 = ICE PELLETS
TOTAL MONTH: M 5 = HAIL
GRTST 24HR M ON M 6 = FREEZING RAIN OR DRIZZLE
GRTST DEPTH: M ON M 7 = DUSTSTORM OR SANDSTORM:
VSBY 1/2 MILE OR LESS
8 = SMOKE OR HAZE
[NO. OF DAYS WITH] [WEATHER - DAYS WITH] 9 = BLOWING SNOW
X = TORNADO
MAX 32 OR BELOW: 0 0.01 INCH OR MORE: 9
MAX 90 OR ABOVE: 16 0.10 INCH OR MORE: 3
MIN 32 OR BELOW: 0 0.50 INCH OR MORE: 2
MIN 0 OR BELOW: 0 1.00 INCH OR MORE: 0
[HDD (BASE 65) ]
TOTAL THIS MO. 1 CLEAR (SCALE 0-3) 26
DPTR FM NORMAL -38 PTCLDY (SCALE 4-7) 4
TOTAL FM JUL 1 6085 CLOUDY (SCALE 8-10) 0
DPTR FM NORMAL -334
[CDD (BASE 65) ]
TOTAL THIS MO. 314
DPTR FM NORMAL 130 [PRESSURE DATA]
TOTAL FM JAN 1 344 HIGHEST SLP 30.18 ON 29
DPTR FM NORMAL 114 LOWEST SLP 29.44 ON 6
[REMARKS]
#FINAL-06-21#