000
CXUS55 KVEF 010910
CF6IGM
PRELIMINARY LOCAL CLIMATOLOGICAL DATA (WS FORM: F-6)
STATION: KINGMAN AZ
MONTH: JULY
YEAR: 2022
LATITUDE: 35 16 N
LONGITUDE: 113 57 W
TEMPERATURE IN F: :PCPN: SNOW: WIND :SUNSHINE: SKY :PK WND
================================================================================
1 2 3 4 5 6A 6B 7 8 9 10 11 12 13 14 15 16 17 18
12Z AVG MX 2MIN
DY MAX MIN AVG DEP HDD CDD WTR SNW DPTH SPD SPD DIR MIN PSBL S-S WX SPD DR
================================================================================
1 99 74 87 4 0 22 0.00 M M 12.5 25 170 M M 0 37 170
2 99 74 87 4 0 22 0.00 M M 14.8 30 190 M M 0 38 210
3 98 72 85 2 0 20 0.00 M M 16.1 35 160 M M 0 8 45 160
4 95 68 82 -1 0 17 0.00 M M 16.6 32 160 M M 0 42 160
5 95 72 84 0 0 19 0.00 M M 15.0 30 190 M M 0 38 190
6 97 69 83 -1 0 18 0.00 M M 12.8 31 180 M M 0 8 48 220
7 98 68 83 -1 0 18 0.00 M M 13.7 29 200 M M 0 43 220
8 102 68 85 1 0 20 0.00 M M 12.3 28 190 M M 0 37 190
9 104 73 89 5 0 24 0.00 M M 12.7 29 190 M M 0 38 200
10 103 72 88 4 0 23 0.00 M M 11.8 28 190 M M 0 41 170
11 106 76 91 7 0 26 0.00 M M 9.4 24 180 M M 0 33 180
12 106 78 92 8 0 27 0.00 M M 12.7 28 80 M M 0 8 37 90
13 102 77 90 6 0 25 T M M 11.1 33 90 M M 1 3 42 90
14 97 70 84 -1 0 19 0.07 M M 14.0 40 110 M M 2 3 50 100
15 101 69 85 0 0 20 0.00 M M 6.1 21 180 M M 0 3 29 180
16 106 74 90 5 0 25 T M M 7.0 26 160 M M 0 3 35 20
17 105 81 93 8 0 28 0.01 M M 9.6 25 110 M M 1 3 31 110
18 102 76 89 4 0 24 0.01 M M 13.8 29 100 M M 2 3 37 100
19 104 78 91 6 0 26 0.00 M M 9.0 32 70 M M 0 38 39 70
20 104 78 91 6 0 26 0.00 M M 10.2 18 170 M M 0 24 170
21 104 75 90 5 0 25 0.00 M M 9.5 24 180 M M 0 31 180
22 107 77 92 7 0 27 0.00 M M 10.9 25 170 M M 0 34 180
23 98 82 90 5 0 25 0.00 M M 12.4 29 200 M M 1 37 190
24 95 71 83 -2 0 18 0.02 M M 12.8 38 50 M M 3 38 46 60
25 85 69 77 -8 0 12 0.11 M M 9.2 31 310 M M 2 38 38 310
26 89 66 78 -7 0 13 0.24 M M 6.3 24 240 M M 2 3 32 240
27 89 70 80 -5 0 15 T M M 9.8 30 100 M M 2 38 39 100
28 92 69 81 -4 0 16 1.00 M M 8.3 24 190 M M 4 123 35 220
29 89 69 79 -6 0 14 T M M 5.8 24 120 M M 2 38 30 130
30 86 69 78 -7 0 13 0.08 M M 7.6 22 130 M M 2 3 27 130
31 88 69 79 -6 0 14 0.23 M M 8.6 32 220 M M 2 13 38 210
================================================================================
SM 3045 2253 0 641 1.77 M 342.4 M 26
================================================================================
AV 98.2 72.7 11.0 FASTST M M 1 MAX(MPH)
MISC ----> 40 110 50 100
================================================================================
NOTES:
# LAST OF SEVERAL OCCURRENCES
COLUMN 17 PEAK WIND IN M.P.H.
PRELIMINARY LOCAL CLIMATOLOGICAL DATA (WS FORM: F-6) , PAGE 2
STATION: KINGMAN AZ
MONTH: JULY
YEAR: 2022
LATITUDE: 35 16 N
LONGITUDE: 113 57 W
[TEMPERATURE DATA] [PRECIPITATION DATA] SYMBOLS USED IN COLUMN 16
AVERAGE MONTHLY: 85.5 TOTAL FOR MONTH: 1.77 1 = FOG OR MIST
DPTR FM NORMAL: 1.2 DPTR FM NORMAL: 0.91 2 = FOG REDUCING VISIBILITY
HIGHEST: 107 ON 22 GRTST 24HR 1.00 ON 28-28 TO 1/4 MILE OR LESS
LOWEST: 66 ON 26 3 = THUNDER
SNOW, ICE PELLETS, HAIL 4 = ICE PELLETS
TOTAL MONTH: M 5 = HAIL
GRTST 24HR M ON M 6 = FREEZING RAIN OR DRIZZLE
GRTST DEPTH: M ON M 7 = DUSTSTORM OR SANDSTORM:
VSBY 1/2 MILE OR LESS
8 = SMOKE OR HAZE
[NO. OF DAYS WITH] [WEATHER - DAYS WITH] 9 = BLOWING SNOW
X = TORNADO
MAX 32 OR BELOW: 0 0.01 INCH OR MORE: 9
MAX 90 OR ABOVE: 25 0.10 INCH OR MORE: 4
MIN 32 OR BELOW: 0 0.50 INCH OR MORE: 1
MIN 0 OR BELOW: 0 1.00 INCH OR MORE: 1
[HDD (BASE 65) ]
TOTAL THIS MO. 0 CLEAR (SCALE 0-3) 30
DPTR FM NORMAL 0 PTCLDY (SCALE 4-7) 1
TOTAL FM JUL 1 0 CLOUDY (SCALE 8-10) 0
DPTR FM NORMAL 0
[CDD (BASE 65) ]
TOTAL THIS MO. 641
DPTR FM NORMAL 41 [PRESSURE DATA]
TOTAL FM JAN 1 1349 HIGHEST SLP 30.01 ON 31
DPTR FM NORMAL 137 LOWEST SLP 29.62 ON 3
[REMARKS]
#FINAL-07-22#