000
CXUS55 KVEF 010910
CF6IGM
PRELIMINARY LOCAL CLIMATOLOGICAL DATA (WS FORM: F-6)
STATION: KINGMAN AZ
MONTH: JANUARY
YEAR: 2022
LATITUDE: 35 16 N
LONGITUDE: 113 57 W
TEMPERATURE IN F: :PCPN: SNOW: WIND :SUNSHINE: SKY :PK WND
================================================================================
1 2 3 4 5 6A 6B 7 8 9 10 11 12 13 14 15 16 17 18
12Z AVG MX 2MIN
DY MAX MIN AVG DEP HDD CDD WTR SNW DPTH SPD SPD DIR MIN PSBL S-S WX SPD DR
================================================================================
1 38 26 32 -11 33 0 T M M 15.1 26 360 M M 2 34 350
2 43 21 32 -11 33 0 0.00 M M 4.8 10 40 M M 0 15 30
3 56 24 40 -3 25 0 0.00 M M 4.0 13 160 M M 0 15 160
4 56 30 43 0 22 0 0.00 M M 5.0 14 160 M M 0 15 160
5 61 28 45 2 20 0 0.00 M M 2.7 10 20 M M 0 8 17 30
6 63 31 47 4 18 0 0.00 M M 2.6 9 90 M M 0 11 40
7 65 36 51 8 14 0 0.00 M M 8.1 23 230 M M 0 33 230
8 61 35 48 4 17 0 0.00 M M 7.9 20 360 M M 0 23 10
9 60 32 46 2 19 0 0.00 M M 9.1 18 20 M M 0 25 30
10 60 29 45 1 20 0 0.00 M M 7.3 15 350 M M 0 21 30
11 59 27 43 -1 22 0 0.00 M M 6.5 15 30 M M 0 19 30
12 61 29 45 1 20 0 0.00 M M 5.9 13 40 M M 0 17 40
13 67 35 51 7 14 0 0.00 M M 5.6 16 250 M M 1 19 250
14 63 34 49 5 16 0 0.00 M M 11.8 31 350 M M 0 38 350
15 56 33 45 1 20 0 0.00 M M 8.5 15 360 M M 0 22 30
16 62 25 44 0 21 0 0.00 M M 2.7 9 20 M M 0 12 10
17 63 32 48 4 17 0 0.00 M M 4.6 20 230 M M 3 26 260
18 55 35 45 1 20 0 0.02 M M 6.3 16 120 M M 8 18 130
19 58 30 44 0 21 0 0.00 M M 5.1 13 20 M M 0 19 30
20 57 32 45 1 20 0 0.00 M M 7.8 18 20 M M 0 22 20
21 53 27 40 -5 25 0 T M M 7.1 25 50 M M 4 30 60
22 55 32 44 -1 21 0 0.00 M M 12.8 26 50 M M 7 33 40
23 60 33 47 2 18 0 0.00 M M 10.2 20 350 M M 0 27 360
24 61 32 47 2 18 0 0.00 M M 6.4 12 110 M M 0 14 30
25 56 32 44 -1 21 0 0.00 M M 12.7 30 350 M M 0 37 350
26 54 27 41 -4 24 0 0.00 M M 9.2 14 50 M M 0 19 10
27 57 24 41 -4 24 0 0.00 M M 10.5 26 360 M M 0 34 360
28 58 26 42 -3 23 0 0.00 M M 10.3 28 30 M M 0 35 30
29 60 27 44 -1 21 0 0.00 M M 6.4 17 30 M M 1 30 140
30 63 31 47 2 18 0 0.00 M M 5.1 14 320 M M 2 16 350
31 62 25 44 -1 21 0 0.00 M M 5.3 15 250 M M 0 18 250
================================================================================
SM 1803 920 646 0 0.02 M 227.4 M 28
================================================================================
AV 58.2 29.7 7.3 FASTST M M 1 MAX(MPH)
MISC ----> 31 350 38 350
================================================================================
NOTES:
# LAST OF SEVERAL OCCURRENCES
COLUMN 17 PEAK WIND IN M.P.H.
PRELIMINARY LOCAL CLIMATOLOGICAL DATA (WS FORM: F-6) , PAGE 2
STATION: KINGMAN AZ
MONTH: JANUARY
YEAR: 2022
LATITUDE: 35 16 N
LONGITUDE: 113 57 W
[TEMPERATURE DATA] [PRECIPITATION DATA] SYMBOLS USED IN COLUMN 16
AVERAGE MONTHLY: 43.9 TOTAL FOR MONTH: 0.02 1 = FOG OR MIST
DPTR FM NORMAL: -0.3 DPTR FM NORMAL: -0.96 2 = FOG REDUCING VISIBILITY
HIGHEST: 67 ON 13 GRTST 24HR 0.45 ON 31- 1 TO 1/4 MILE OR LESS
LOWEST: 21 ON 2 3 = THUNDER
SNOW, ICE PELLETS, HAIL 4 = ICE PELLETS
TOTAL MONTH: M 5 = HAIL
GRTST 24HR M ON M 6 = FREEZING RAIN OR DRIZZLE
GRTST DEPTH: M ON M 7 = DUSTSTORM OR SANDSTORM:
VSBY 1/2 MILE OR LESS
8 = SMOKE OR HAZE
[NO. OF DAYS WITH] [WEATHER - DAYS WITH] 9 = BLOWING SNOW
X = TORNADO
MAX 32 OR BELOW: 0 0.01 INCH OR MORE: 1
MAX 90 OR ABOVE: 0 0.10 INCH OR MORE: 0
MIN 32 OR BELOW: 24 0.50 INCH OR MORE: 0
MIN 0 OR BELOW: 0 1.00 INCH OR MORE: 0
[HDD (BASE 65) ]
TOTAL THIS MO. 646 CLEAR (SCALE 0-3) 28
DPTR FM NORMAL 0 PTCLDY (SCALE 4-7) 2
TOTAL FM JUL 1 1618 CLOUDY (SCALE 8-10) 1
DPTR FM NORMAL -247
[CDD (BASE 65) ]
TOTAL THIS MO. 0
DPTR FM NORMAL 0 [PRESSURE DATA]
TOTAL FM JAN 1 0 HIGHEST SLP 30.46 ON 10
DPTR FM NORMAL 0 LOWEST SLP 29.64 ON 1
[REMARKS]
#FINAL-01-22#