000
CXUS51 KPHI 010915
CF6ILG
PRELIMINARY LOCAL CLIMATOLOGICAL DATA (WS FORM: F-6)
STATION: WILMINGTON DE
MONTH: FEBRUARY
YEAR: 2020
LATITUDE: 39 40 N
LONGITUDE: 75 36 W
TEMPERATURE IN F: :PCPN: SNOW: WIND :SUNSHINE: SKY :PK WND
================================================================================
1 2 3 4 5 6A 6B 7 8 9 10 11 12 13 14 15 16 17 18
12Z AVG MX 2MIN
DY MAX MIN AVG DEP HDD CDD WTR SNW DPTH SPD SPD DIR MIN PSBL S-S WX SPD DR
================================================================================
1 46 31 39 6 26 0 0.08 0.0 0 3.7 7 270 M M 9 12 10 360
2 44 34 39 6 26 0 0.02 0.0 0 7.2 20 280 M M 7 18 24 270
3 64 32 48 15 17 0 0.00 0.0 0 5.3 15 250 M M 1 1 19 260
4 68 41 55 22 10 0 0.08 0.0 0 3.4 14 270 M M 7 22 280
5 54 37 46 13 19 0 0.14 0.0 0 8.2 18 10 M M 10 18 23 20
6 45 36 41 7 24 0 0.56 0.0 0 4.6 17 150 M M 10 1 22 150
7 61 33 47 13 18 0 0.38 T 0 17.6 38 280 M M 10 128 51 240
8 45 29 37 3 28 0 0.00 0.0 0 8.0 20 270 M M 3 25 250
9 49 28 39 5 26 0 0.00 0.0 0 5.8 17 170 M M 2 21 170
10 46 42 44 10 21 0 0.35 0.0 0 8.5 20 220 M M 10 1 27 230
11 54 45 50 16 15 0 0.55 0.0 0 6.1 21 310 M M 10 12 28 310
12 47 34 41 7 24 0 0.12 0.0 0 7.4 21 320 M M 4 1 27 320
13 51 37 44 9 21 0 0.20 0.0 0 9.1 25 300 M M 8 1 32 300
14 41 20 31 -4 34 0 0.00 0.0 0 14.8 28 320 M M 1 36 300
15 32 14 23 -12 42 0 0.00 0.0 0 7.2 15 150 M M 0 19 30
16 50 28 39 4 26 0 0.00 0.0 M 5.5 13 150 M M 3 14 150
17 53 34 44 9 21 0 0.00 0.0 0 5.3 12 160 M M 2 15 20
18 60 36 48 12 17 0 T 0.0 0 6.8 15 150 M M 5 18 150
19 53 32 43 7 22 0 T 0.0 0 12.3 25 300 M M 4 31 300
20 39 28 34 -2 31 0 0.00 0.0 0 7.0 17 360 M M 0 21 360
21 37 19 28 -8 37 0 0.00 0.0 0 8.6 20 20 M M 0 26 10
22 51 23 37 0 28 0 0.00 0.0 0 7.5 16 250 M M 0 22 300
23 58 23 41 4 24 0 0.00 0.0 0 4.6 18 180 M M 0 12 22 170
24 58 26 42 5 23 0 0.00 0.0 0 3.6 13 190 M M 2 18 17 180
25 51 44 48 11 17 0 0.25 0.0 0 4.9 13 200 M M 10 1 15 210
26 51 46 49 11 16 0 0.09 0.0 0 7.3 16 100 M M 10 1 21 100
27 48 31 40 2 25 0 0.12 0.0 0 19.7 35 290 M M 6 1 44 280
28 44 29 37 -1 28 0 T T 0 11.1 23 240 M M 5 31 280
29 38 25 32 -6 33 0 0.00 0.0 0 13.5 26 290 M M 5 33 300
================================================================================
SM 1438 917 699 0 2.94 T 234.6 M 144
================================================================================
AV 49.6 31.6 8.1 FASTST M M 5 MAX(MPH)
MISC ----> 38 280 51 240
================================================================================
NOTES:
# LAST OF SEVERAL OCCURRENCES
COLUMN 17 PEAK WIND IN M.P.H.
PRELIMINARY LOCAL CLIMATOLOGICAL DATA (WS FORM: F-6) , PAGE 2
STATION: WILMINGTON DE
MONTH: FEBRUARY
YEAR: 2020
LATITUDE: 39 40 N
LONGITUDE: 75 36 W
[TEMPERATURE DATA] [PRECIPITATION DATA] SYMBOLS USED IN COLUMN 16
AVERAGE MONTHLY: 40.6 TOTAL FOR MONTH: 2.94 1 = FOG OR MIST
DPTR FM NORMAL: 5.5 DPTR FM NORMAL: 0.26 2 = FOG REDUCING VISIBILITY
HIGHEST: 68 ON 4 GRTST 24HR 0.86 ON 10-11 TO 1/4 MILE OR LESS
LOWEST: 14 ON 15 3 = THUNDER
SNOW, ICE PELLETS, HAIL 4 = ICE PELLETS
TOTAL MONTH: T 5 = HAIL
GRTST 24HR T ON 7- 7 6 = FREEZING RAIN OR DRIZZLE
GRTST DEPTH: 0 7 = DUSTSTORM OR SANDSTORM:
VSBY 1/2 MILE OR LESS
8 = SMOKE OR HAZE
[NO. OF DAYS WITH] [WEATHER - DAYS WITH] 9 = BLOWING SNOW
X = TORNADO
MAX 32 OR BELOW: 1 0.01 INCH OR MORE: 13
MAX 90 OR ABOVE: 0 0.10 INCH OR MORE: 9
MIN 32 OR BELOW: 16 0.50 INCH OR MORE: 2
MIN 0 OR BELOW: 0 1.00 INCH OR MORE: 0
[HDD (BASE 65) ]
TOTAL THIS MO. 699 CLEAR (SCALE 0-3) 12
DPTR FM NORMAL -137 PTCLDY (SCALE 4-7) 9
TOTAL FM JUL 1 3139 CLOUDY (SCALE 8-10) 8
DPTR FM NORMAL -538
[CDD (BASE 65) ]
TOTAL THIS MO. 0
DPTR FM NORMAL 0 [PRESSURE DATA]
TOTAL FM JAN 1 0 HIGHEST SLP 30.69 ON 15
DPTR FM NORMAL 0 LOWEST SLP 28.89 ON 7
[REMARKS]
#FINAL-02-20#