000
CXUS52 KILM 011911
CLMILM
CLIMATE REPORT
NATIONAL WEATHER SERVICE WILMINGTON NC
311 PM EDT TUE AUG 01 2023
...................................
...THE WILMINGTON NORTH CAROLINA CLIMATE SUMMARY FOR THE MONTH OF JULY 2023...
CLIMATE NORMAL PERIOD 1991 TO 2020
CLIMATE RECORD PERIOD 1871 TO 2023
WEATHER OBSERVED NORMAL DEPART LAST YEAR`S
VALUE DATE(S) VALUE FROM VALUE DATE(S)
NORMAL
................................................................
TEMPERATURE (F)
RECORD
HIGH 103 07/12/1879
LOW 54 07/01/1919
HIGHEST 95 07/04 MM MM 96 07/27
07/05
07/20
07/28
LOWEST 70 07/01 MM MM 69 07/11
AVG. MAXIMUM 90.9 90.0 0.9 90.4
AVG. MINIMUM 74.8 73.0 1.8 75.7
MEAN 82.9 81.5 1.4 83.0
DAYS MAX >= 90 20 16.6 3.4 19
DAYS MAX <= 32 0 0.0 0.0 0
DAYS MIN <= 32 0 0.0 0.0 0
DAYS MIN <= 0 0 0.0 0.0 0
PRECIPITATION (INCHES)
RECORD
MAXIMUM 21.12 1886
MINIMUM 1.08 1900
TOTALS 6.94 6.86 0.08 7.59
DAILY AVG. 0.22 0.22 -0.00
DAYS >= .01 24 13.2 10.8
DAYS >= .10 13 8.6 4.4
DAYS >= .50 6 4.2 1.8
DAYS >= 1.00 1 2.2 -1.2
GREATEST
24 HR. TOTAL 1.51 07/21 TO 07/22
SNOWFALL (INCHES)
RECORDS
TOTAL MM MM
24 HR TOTAL MM
TOTALS 0.0 0.0 0.0 0.0
SINCE 7/1 0.0 0.0 0.0 MM
DAYS >= TRACE 0 0.0 0.0 0
DAYS >= 1.0 0 0.0 0.0 0
GREATEST
SNOW DEPTH 0 0 MM
24 HR TOTAL MM MM
STORM TOTAL 0.0
(MM/DD(HH))
DEGREE DAYS
HEATING TOTAL 0 0 0 0
SINCE 7/1 0 0 0
COOLING TOTAL 561 511 50 568
SINCE 1/1 1313 1220 93
FREEZE DATES
RECORD
EARLIEST 10/16/1876
LATEST 04/21/1983
EARLIEST 11/18
LATEST 03/14
................................................................
WIND (MPH)
AVERAGE WIND SPEED 6.0
RESULTANT WIND SPEED/DIRECTION 3/210
HIGHEST WIND SPEED/DIRECTION 25/150 DATE 07/05
HIGHEST GUST SPEED/DIRECTION 39/160 DATE 07/05
SKY COVER
AVERAGE SKY COVER 0.22
AVERAGE RH (PERCENT) 76
WEATHER CONDITIONS. NUMBER OF DAYS WITH
THUNDERSTORM 24 MIXED PRECIP 0
HEAVY RAIN 9 RAIN 15
LIGHT RAIN 25 FREEZING RAIN 0
LT FREEZING RAIN 0 HAIL 0
HEAVY SNOW 0 SNOW 0
LIGHT SNOW 0 SLEET 0
FOG 22 FOG W/VIS <= 1/4 MILE 1
HAZE 9
- INDICATES NEGATIVE NUMBERS.
R INDICATES RECORD WAS SET OR TIED.
MM INDICATES DATA IS MISSING.
T INDICATES TRACE AMOUNT.
$$