000
CXUS55 KLBF 011510
CF6IML
PRELIMINARY LOCAL CLIMATOLOGICAL DATA (WS FORM: F-6)
STATION: IMPERIAL
MONTH: DECEMBER
YEAR: 2021
LATITUDE: 40 31 N
LONGITUDE: 101 37 W
TEMPERATURE IN F: :PCPN: SNOW: WIND :SUNSHINE: SKY :PK WND
================================================================================
1 2 3 4 5 6A 6B 7 8 9 10 11 12 13 14 15 16 17 18
12Z AVG MX 2MIN
DY MAX MIN AVG DEP HDD CDD WTR SNW DPTH SPD SPD DIR MIN PSBL S-S WX SPD DR
================================================================================
1 70 32 51 18 14 0 0.00 M M 10.4 18 280 M M 0 33 260
2 77 35 56 24 9 0 0.00 M M 9.0 17 250 M M 0 8 31 250
3 59 30 45 13 20 0 0.00 M M 9.0 21 350 M M 0 28 360
4 56 22 39 7 26 0 0.00 M M 13.0 30 180 M M 0 39 180
5 54 23 39 7 26 0 0.00 M M 15.2 36 360 M M 1 45 350
6 33 10 22 -9 43 0 0.00 M M 9.7 20 180 M M 3 28 170
7 44 18 31 0 34 0 0.00 M M 8.3 23 30 M M 0 32 50
8 59 16 38 7 27 0 0.00 M M 7.8 22 180 M M 0 31 180
9 53 34 44 14 21 0 0.00 M M 10.6 17 90 M M 2 28 110
10 35 22 29 -1 36 0 T M M 14.9 25 360 M M 7 1 37 90
11 48 16 32 2 33 0 0.00 M M 10.7 17 240 M M 0 29 250
12 62 16 39 9 26 0 0.00 M M 4.3 17 340 M M 0 20 340
13 60 22 41 11 24 0 0.00 M M 4.5 15 130 M M 0 18 130
14 55 25 40 11 25 0 0.00 M M 4.1 15 260 M M 0 19 250
15 67 26 47 18 18 0 0.10 M M 19.2 53 330 M M 1 79 330
16 44 16 30 1 35 0 0.00 M M 11.1 23 170 M M 0 29 140
17 49 15 32 3 33 0 0.00 M M 14.2 28 330 M M 3 40 320
18 36 8 22 -7 43 0 0.00 M M 7.7 15 350 M M 0 19 350
19 64 15 40 11 25 0 0.00 M M 7.0 16 240 M M 0 21 250
20 35 17 26 -3 39 0 0.00 M M 9.0 23 10 M M 0 29 10
21 53 17 35 6 30 0 0.00 M M 10.0 18 280 M M 0 32 270
22 65 12 39 11 26 0 0.00 M M 6.9 13 280 M M 0 16 180
23 61 26 44 16 21 0 0.00 M M 8.1 18 180 M M 0 23 180
24 57 23 40 12 25 0 0.01 M M 7.2 18 10 M M 3 30 270
25 56 17 37 9 28 0 0.00 M M 5.9 21 320 M M 0 31 290
26 58 19 39 11 26 0 0.00 M M 11.2 35 320 M M 0 52 310
27 41 15 28 0 37 0 0.00 M M 12.3 35 320 M M 0 51 320
28 36 16 26 -2 39 0 0.00 M M 12.3 30 350 M M 3 38 350
29 33 3 18 -10 47 0 0.00 M M 3.3 16 170 M M 0 20 170
30 52 4 28 0 37 0 0.00 M M 6.5 14 210 M M 0 18 210
31 28 2 15 -13 50 0 T M M 14.0 26 20 M M 3 35 10
================================================================================
SM 1600 572 923 0 0.11 M 297.4 M 26
================================================================================
AV 51.6 18.5 9.6 FASTST M M 1 MAX(MPH)
MISC ----> 53 330 79 330
================================================================================
NOTES:
# LAST OF SEVERAL OCCURRENCES
COLUMN 17 PEAK WIND IN M.P.H.
PRELIMINARY LOCAL CLIMATOLOGICAL DATA (WS FORM: F-6) , PAGE 2
STATION: IMPERIAL
MONTH: DECEMBER
YEAR: 2021
LATITUDE: 40 31 N
LONGITUDE: 101 37 W
[TEMPERATURE DATA] [PRECIPITATION DATA] SYMBOLS USED IN COLUMN 16
AVERAGE MONTHLY: 35.0 TOTAL FOR MONTH: 0.11 1 = FOG OR MIST
DPTR FM NORMAL: 5.3 DPTR FM NORMAL: -0.12 2 = FOG REDUCING VISIBILITY
HIGHEST: 77 ON 2 GRTST 24HR 0.10 ON 15-15 TO 1/4 MILE OR LESS
LOWEST: 2 ON 31 3 = THUNDER
SNOW, ICE PELLETS, HAIL 4 = ICE PELLETS
TOTAL MONTH: M 5 = HAIL
GRTST 24HR M ON M 6 = FREEZING RAIN OR DRIZZLE
GRTST DEPTH: M ON M 7 = DUSTSTORM OR SANDSTORM:
VSBY 1/2 MILE OR LESS
8 = SMOKE OR HAZE
[NO. OF DAYS WITH] [WEATHER - DAYS WITH] 9 = BLOWING SNOW
X = TORNADO
MAX 32 OR BELOW: 1 0.01 INCH OR MORE: 2
MAX 90 OR ABOVE: 0 0.10 INCH OR MORE: 1
MIN 32 OR BELOW: 29 0.50 INCH OR MORE: 0
MIN 0 OR BELOW: 0 1.00 INCH OR MORE: 0
[HDD (BASE 65) ]
TOTAL THIS MO. 923 CLEAR (SCALE 0-3) 28
DPTR FM NORMAL -172 PTCLDY (SCALE 4-7) 3
TOTAL FM JUL 1 1944 CLOUDY (SCALE 8-10) 0
DPTR FM NORMAL -483
[CDD (BASE 65) ]
TOTAL THIS MO. 0
DPTR FM NORMAL 0 [PRESSURE DATA]
TOTAL FM JAN 1 1233 HIGHEST SLP 30.48 ON 18
DPTR FM NORMAL 218 LOWEST SLP 29.13 ON 15
[REMARKS]
#FINAL-12-21#