000
CXUS53 KDLH 012001
CLMINL
CLIMATE REPORT
NATIONAL WEATHER SERVICE DULUTH MN
301 PM CDT SAT JUL 01 2023
...................................
...THE INTERNATIONAL FALLS CLIMATE SUMMARY FOR THE MONTH OF JUNE 2023...
CLIMATE NORMAL PERIOD: 1991 TO 2020
CLIMATE RECORD PERIOD: 1895 TO 2023
WEATHER OBSERVED NORMAL DEPART LAST YEAR`S
VALUE DATE(S) VALUE FROM VALUE DATE(S)
NORMAL
................................................................
TEMPERATURE (F)
RECORD
HIGH 101 06/27/1912
LOW 23 06/01/1964
HIGHEST 91 06/20 MM MM 94 06/20
LOWEST 38 06/11 MM MM 36 06/04
06/16
06/05
AVG. MAXIMUM 78.6 73.5 5.1 73.6
AVG. MINIMUM 54.0 48.2 5.8 48.0
MEAN 66.3 60.8 5.5 60.8
DAYS MAX >= 90 2 1.0 1.0 2
DAYS MAX <= 32 0 0.0 0.0 0
DAYS MIN <= 32 0 0.6 -0.6 0
DAYS MIN <= 0 0 0.0 0.0 0
PRECIPITATION (INCHES)
RECORD
MAXIMUM 10.24 2014
MINIMUM 0.50 1917
TOTALS 2.79 3.78 -0.99 4.31
DAILY AVG. 0.09 0.13 -0.04 0.14
DAYS >= .01 11 13.8 -2.8 11
DAYS >= .10 5 7.9 -2.9 6
DAYS >= .50 1 2.5 -1.5 3
DAYS >= 1.00 1 0.7 0.3 2
GREATEST
24 HR. TOTAL 1.51 06/22 TO 06/22
SNOWFALL (INCHES)
RECORDS
TOTAL 0.3 1969
TOTALS 0.0 0.0 0.0 0.0
SINCE 7/1 84.6 73.0 11.6 MM
SNOWDEPTH AVG. 0 0
DAYS >= 1.0 0 0.0 0.0 0
GREATEST
SNOW DEPTH 0 0 MM
24 HR TOTAL 0.0
DEGREE DAYS
HEATING TOTAL 52 160 -108 164
SINCE 7/1 8452 10179 -1727 MM
COOLING TOTAL 100 35 65 45
SINCE 1/1 114 43 71 MM
................................................................
WIND (MPH)
AVERAGE WIND SPEED 5.7
HIGHEST WIND SPEED/DIRECTION 28/350 DATE 06/09
HIGHEST GUST SPEED/DIRECTION 39/350 DATE 06/09
SKY COVER
POSSIBLE SUNSHINE (PERCENT) MM
AVERAGE SKY COVER 0.37
NUMBER OF DAYS FAIR 19
NUMBER OF DAYS PC 6
NUMBER OF DAYS CLOUDY 5
AVERAGE RH (PERCENT) 68
WEATHER CONDITIONS. NUMBER OF DAYS WITH
THUNDERSTORM 7 MIXED PRECIP 0
HEAVY RAIN 3 RAIN 4
LIGHT RAIN 13 FREEZING RAIN 0
LT FREEZING RAIN 0 HAIL 0
HEAVY SNOW 0 SNOW 0
LIGHT SNOW 0 SLEET 0
FOG 15 FOG W/VIS <= 1/4 MILE 2
HAZE 11
- INDICATES NEGATIVE NUMBERS.
R INDICATES RECORD WAS SET OR TIED.
MM INDICATES DATA IS MISSING.
T INDICATES TRACE AMOUNT.
$$