000
CXUS56 KFGZ 010910
CF6INW
PRELIMINARY LOCAL CLIMATOLOGICAL DATA (WS FORM: F-6)
STATION: WINSLOW AZ AIRPORT
MONTH: NOVEMBER
YEAR: 2023
LATITUDE: 35 1 N
LONGITUDE: 110 44 W
TEMPERATURE IN F: :PCPN: SNOW: WIND :SUNSHINE: SKY :PK WND
================================================================================
1 2 3 4 5 6A 6B 7 8 9 10 11 12 13 14 15 16 17 18
12Z AVG MX 2MIN
DY MAX MIN AVG DEP HDD CDD WTR SNW DPTH SPD SPD DIR MIN PSBL S-S WX SPD DR
================================================================================
1 64 20 42 -9 23 0 0.00 M M 2.8 9 240 M M 0 8 11 50
2 70 25 48 -2 17 0 0.00 M M 3.1 8 230 M M 1 10 80
3 74 30 52 2 13 0 0.00 M M 3.9 12 130 M M 0 8 15 140
4 75 29 52 3 13 0 0.00 M M 3.6 10 120 M M 0 8 14 110
5 83 35 59 10 6 0 0.00 M M 10.5 25 240 M M 0 38 210
6 80 41 61 12 4 0 0.00 M M 10.7 26 230 M M 0 35 240
7 78 40 59 11 6 0 0.00 M M 11.7 29 220 M M 0 38 230
8 62 34 48 0 17 0 0.00 M M 7.4 18 310 M M 0 24 320
9 58 34 46 -1 19 0 0.00 M M 9.9 16 310 M M 0 22 320
10 59 25 42 -5 23 0 0.00 M M 5.2 12 10 M M 0 16 300
11 60 26 43 -3 22 0 0.00 M M 3.2 9 250 M M 0 12 360
12 62 20 41 -5 24 0 0.00 M M 3.0 9 290 M M 0 8 11 350
13 70 29 50 4 15 0 0.00 M M 7.2 15 90 M M 0 20 120
14 71 37 54 9 11 0 0.00 M M 6.9 14 110 M M 0 19 130
15 72 41 57 12 8 0 0.00 M M 5.6 13 130 M M 0 22 100
16 72 50 61 17 4 0 0.00 M M 8.0 22 230 M M 3 28 250
17 70 35 53 9 12 0 0.00 M M 4.8 13 210 M M 1 16 220
18 57 41 49 5 16 0 0.23 M M 5.1 14 110 M M 4 1 17 160
19 58 35 47 4 18 0 0.06 M M 10.0 35 270 M M 6 3 45 290
20 58 33 46 3 19 0 0.00 M M 12.9 23 340 M M 2 31 350
21 55 28 42 0 23 0 0.00 M M 4.1 10 280 M M 0 12 280
22 57 23 40 -2 25 0 0.00 M M 1.2 8 290 M M 0 8 230
23 60 27 44 3 21 0 0.00 M M 6.2 17 220 M M 0 21 230
24 57 34 46 5 19 0 T M M 13.4 33 220 M M 6 44 220
25 48 26 37 -4 28 0 T M M 5.1 12 10 M M 3 17 330
26 45 20 33 -7 32 0 0.00 M M 3.5 9 10 M M 1 13 20
27 46 24 35 -5 30 0 0.00 M M 4.5 9 360 M M 0 14 330
28 45 17 31 -8 34 0 0.00 M M 2.2 8 280 M M 1 14 20
29 53 27 40 1 25 0 T M M 2.7 13 320 M M 4 15 330
30 51 36 44 5 21 0 0.13 M M 7.6 22 250 M M 8 27 230
================================================================================
SM 1870 922 548 0 0.42 M 186.0 M 40
================================================================================
AV 62.3 30.7 6.2 FASTST M M 1 MAX(MPH)
MISC ----> 35 270 45 290
================================================================================
NOTES:
# LAST OF SEVERAL OCCURRENCES
COLUMN 17 PEAK WIND IN M.P.H.
PRELIMINARY LOCAL CLIMATOLOGICAL DATA (WS FORM: F-6) , PAGE 2
STATION: WINSLOW AZ AIRPORT
MONTH: NOVEMBER
YEAR: 2023
LATITUDE: 35 1 N
LONGITUDE: 110 44 W
[TEMPERATURE DATA] [PRECIPITATION DATA] SYMBOLS USED IN COLUMN 16
AVERAGE MONTHLY: 46.5 TOTAL FOR MONTH: 0.42 1 = FOG OR MIST
DPTR FM NORMAL: 1.9 DPTR FM NORMAL: -0.06 2 = FOG REDUCING VISIBILITY
HIGHEST: 83 ON 5 GRTST 24HR 0.23 ON 18-18 TO 1/4 MILE OR LESS
LOWEST: 17 ON 28 3 = THUNDER
SNOW, ICE PELLETS, HAIL 4 = ICE PELLETS
TOTAL MONTH: M 5 = HAIL
GRTST 24HR M ON M 6 = FREEZING RAIN OR DRIZZLE
GRTST DEPTH: M ON M 7 = DUSTSTORM OR SANDSTORM:
VSBY 1/2 MILE OR LESS
8 = SMOKE OR HAZE
[NO. OF DAYS WITH] [WEATHER - DAYS WITH] 9 = BLOWING SNOW
X = TORNADO
MAX 32 OR BELOW: 0 0.01 INCH OR MORE: 3
MAX 90 OR ABOVE: 0 0.10 INCH OR MORE: 2
MIN 32 OR BELOW: 16 0.50 INCH OR MORE: 0
MIN 0 OR BELOW: 0 1.00 INCH OR MORE: 0
[HDD (BASE 65) ]
TOTAL THIS MO. 548 CLEAR (SCALE 0-3) 25
DPTR FM NORMAL -64 PTCLDY (SCALE 4-7) 4
TOTAL FM JUL 1 733 CLOUDY (SCALE 8-10) 1
DPTR FM NORMAL -157
[CDD (BASE 65) ]
TOTAL THIS MO. 0
DPTR FM NORMAL 0 [PRESSURE DATA]
TOTAL FM JAN 1 1400 HIGHEST SLP M ON M
DPTR FM NORMAL 71 LOWEST SLP 29.74 ON 24
[REMARKS]
#FINAL-11-23#