000
CXUS55 KDVN 011000
CF6IOW
PRELIMINARY LOCAL CLIMATOLOGICAL DATA (WS FORM: F-6)
STATION: IOWA CITY IA
MONTH: MARCH
YEAR: 2023
LATITUDE: 41 37 N
LONGITUDE: 91 33 W
TEMPERATURE IN F: :PCPN: SNOW: WIND :SUNSHINE: SKY :PK WND
================================================================================
1 2 3 4 5 6A 6B 7 8 9 10 11 12 13 14 15 16 17 18
12Z AVG MX 2MIN
DY MAX MIN AVG DEP HDD CDD WTR SNW DPTH SPD SPD DIR MIN PSBL S-S WX SPD DR
================================================================================
1 58 32 45 12 20 0 0.00 M M 10.2 28 280 M M 2 18 37 270
2 43 31 37 4 28 0 0.00 M M 6.8 17 320 M M 6 26 340
3 48 26 37 3 28 0 0.00 M M 8.7 21 30 M M 1 1 27 30
4 50 24 37 3 28 0 0.01 M M 1.8 13 320 M M 4 1 18 280
5 53 23 38 4 27 0 0.01 M M 8.6 21 110 M M 5 13 33 110
6 50 39 45 10 20 0 0.00 M M 12.3 23 310 M M 7 18 32 330
7 49 34 42 7 23 0 0.00 M M 11.7 20 110 M M 4 31 60
8 45 36 41 5 24 0 T M M 10.2 20 130 M M 8 26 120
9 40 33 37 1 28 0 0.41 M M 8.9 18 120 M M 10 128 28 130
10 34 27 31 -6 34 0 0.00 M M 9.2 20 330 M M 9 27 310
11 37 31 34 -3 31 0 0.14 M M 7.7 17 100 M M 10 1 25 100
12 34 28 31 -7 34 0 T M M 12.3 25 280 M M 10 1 33 280
13 32 27 30 -8 35 0 0.00 M M 12.3 23 300 M M 10 31 300
14 39 18 29 -10 36 0 0.00 M M 5.2 12 190 M M 2 15 220
15 57 28 43 4 22 0 0.00 M M 12.5 24 170 M M 2 34 160
16 47 29 38 -2 27 0 0.17 M M 13.8 30 310 M M 10 1 42 330
17 31 14 23 -17 42 0 T M M 20.8 31 320 M M 7 45 320
18 25 10 18 -23 47 0 T M M 17.9 28 300 M M 8 8 39 300
19 41 10 26 -15 39 0 0.00 M M 10.6 17 220 M M 0 24 220
20 59 27 43 1 22 0 0.00 M M 11.2 22 240 M M 0 35 230
21 60 34 47 5 18 0 0.00 M M 8.9 21 170 M M 5 28 180
22 54 42 48 6 17 0 T M M 7.2 16 30 M M 10 1 21 40
23 46 35 41 -2 24 0 0.09 M M 8.9 20 320 M M 7 13 26 320
24 53 30 42 -1 23 0 0.05 M M 9.3 18 60 M M 3 27 60
25 55 33 44 0 21 0 0.45 M M 8.8 21 270 M M 6 1 27 310
26 45 33 39 -5 26 0 0.02 M M 9.4 18 80 M M 7 25 80
27 54 30 42 -2 23 0 0.00 M M 4.5 12 340 M M 1 15 350
28 51 31 41 -4 24 0 0.00 M M 7.0 20 280 M M 2 27 270
29 45 31 38 -7 27 0 0.00 M M 7.7 18 340 M M 1 28 350
30 66 32 49 3 16 0 0.01 M M 12.7 22 160 M M 6 3 33 180
31 73 37 55 9 10 0 0.22 M M 14.5 37 190 M M 6 13 56 190
================================================================================
SM 1474 895 824 0 1.58 M 311.6 M 169
================================================================================
AV 47.5 28.9 10.1 FASTST M M 5 MAX(MPH)
MISC ----> 37 190 56 190
================================================================================
NOTES:
# LAST OF SEVERAL OCCURRENCES
COLUMN 17 PEAK WIND IN M.P.H.
PRELIMINARY LOCAL CLIMATOLOGICAL DATA (WS FORM: F-6) , PAGE 2
STATION: IOWA CITY IA
MONTH: MARCH
YEAR: 2023
LATITUDE: 41 37 N
LONGITUDE: 91 33 W
[TEMPERATURE DATA] [PRECIPITATION DATA] SYMBOLS USED IN COLUMN 16
AVERAGE MONTHLY: 38.2 TOTAL FOR MONTH: 1.58 1 = FOG OR MIST
DPTR FM NORMAL: -1.3 DPTR FM NORMAL: -0.63 2 = FOG REDUCING VISIBILITY
HIGHEST: 73 ON 31 GRTST 24HR 0.50 ON 24-25 TO 1/4 MILE OR LESS
LOWEST: 10 ON 19,18 3 = THUNDER
SNOW, ICE PELLETS, HAIL 4 = ICE PELLETS
TOTAL MONTH: M 5 = HAIL
GRTST 24HR M ON M 6 = FREEZING RAIN OR DRIZZLE
GRTST DEPTH: M ON M 7 = DUSTSTORM OR SANDSTORM:
VSBY 1/2 MILE OR LESS
8 = SMOKE OR HAZE
[NO. OF DAYS WITH] [WEATHER - DAYS WITH] 9 = BLOWING SNOW
X = TORNADO
MAX 32 OR BELOW: 3 0.01 INCH OR MORE: 11
MAX 90 OR ABOVE: 0 0.10 INCH OR MORE: 5
MIN 32 OR BELOW: 21 0.50 INCH OR MORE: 0
MIN 0 OR BELOW: 0 1.00 INCH OR MORE: 0
[HDD (BASE 65) ]
TOTAL THIS MO. 824 CLEAR (SCALE 0-3) 10
DPTR FM NORMAL 32 PTCLDY (SCALE 4-7) 14
TOTAL FM JUL 1 5387 CLOUDY (SCALE 8-10) 7
DPTR FM NORMAL -151
[CDD (BASE 65) ]
TOTAL THIS MO. 0
DPTR FM NORMAL -2 [PRESSURE DATA]
TOTAL FM JAN 1 0 HIGHEST SLP 30.46 ON 14
DPTR FM NORMAL -2 LOWEST SLP 29.15 ON 31
[REMARKS]
#FINAL-03-23#