000
CXUS55 KPSR 011005
CF6IPL
PRELIMINARY LOCAL CLIMATOLOGICAL DATA (WS FORM: F-6)
STATION: IMPERIAL CA
MONTH: DECEMBER
YEAR: 2022
LATITUDE: 32 50 N
LONGITUDE: 115 35 W
TEMPERATURE IN F: :PCPN: SNOW: WIND :SUNSHINE: SKY :PK WND
================================================================================
1 2 3 4 5 6A 6B 7 8 9 10 11 12 13 14 15 16 17 18
12Z AVG MX 2MIN
DY MAX MIN AVG DEP HDD CDD WTR SNW DPTH SPD SPD DIR MIN PSBL S-S WX SPD DR
================================================================================
1 68 42 55 -2 10 0 0.00 M M 6.3 23 270 M M 0 31 270
2 67 50 59 2 6 0 0.00 M M 5.1 21 280 M M 0 29 280
3 64 48 56 -1 9 0 0.00 M M 4.5 12 140 M M 0 14 140
4 68 45 57 1 8 0 0.00 M M 1.8 6 60 M M 0 1 8 310
5 75 50 63 7 2 0 0.00 M M 10.7 25 260 M M 0 18 36 260
6 70 47 59 3 6 0 0.00 M M 8.0 16 290 M M 0 24 280
7 69 46 58 2 7 0 0.00 M M 7.0 16 260 M M 0 22 280
8 67 40 54 -2 11 0 0.00 M M 2.7 8 10 M M 0 10 90
9 67 38 53 -2 12 0 0.00 M M 2.9 8 270 M M 0 11 330
10 69 37 53 -2 12 0 0.00 M M 2.1 8 90 M M 0 13 130
11 71 43 57 2 8 0 0.00 M M 9.0 24 250 M M 4 8 30 250
12 62 41 52 -3 13 0 T M M 8.9 29 260 M M M 38 260
13 61 37 49 -6 16 0 0.00 M M 3.4 13 350 M M M 9 360
14 63 34 49 -6 16 0 0.00 M M 2.5 13 360 M M M 8 330
15 M M M M M M 0.00 M M 3.2 M M M M 0 M M
16 M M M M M M 0.00 M M 3.8 8 260 M M 0 M M
17 M M M M M M 0.00 M M 3.6 9 10 M M 0 13 340
18 M M M M M M T M M M M M M M M M M
19 M M M M M M 0.00 M M 2.1 7 270 M M 0 9 330
20 66 36 51 -3 14 0 0.00 M M 4.2 8 270 M M 0 13 330
21 72 39 56 2 9 0 0.00 M M 2.3 9 260 M M 0 10 80
22 70 39 55 1 10 0 0.00 M M 2.4 7 270 M M 0 9 70
23 71 41 56 2 9 0 0.00 M M 3.3 10 270 M M 0 11 260
24 77 43 60 6 5 0 0.00 M M 3.6 8 270 M M 0 8 11 270
25 79 45 62 8 3 0 0.00 M M 1.4 8 260 M M 0 8 13 260
26 78 45 62 8 3 0 0.00 M M 2.4 8 330 M M 0 14 20
27 70 47 59 5 6 0 0.00 M M 3.6 12 150 M M 1 14 150
28 72 55 64 10 1 0 0.05 M M 5.8 25 290 M M 2 34 290
29 68 54 61 7 4 0 0.00 M M 4.0 12 110 M M 3 18 14 210
30 66 48 57 3 8 0 0.00 M M 3.5 9 130 M M 1 12 13 130
31 67 49 58 4 7 0 0.00 M M 5.3 13 140 M M 5 12 15 140
================================================================================
SM 1797 1139 215 0 0.05 M 129.4 M 16
================================================================================
AV 69.1 43.8 4.3 FASTST M M 1 MAX(MPH)
MISC ----> 29 260 38 260
================================================================================
NOTES:
# LAST OF SEVERAL OCCURRENCES
COLUMN 17 PEAK WIND IN M.P.H.
PRELIMINARY LOCAL CLIMATOLOGICAL DATA (WS FORM: F-6) , PAGE 2
STATION: IMPERIAL CA
MONTH: DECEMBER
YEAR: 2022
LATITUDE: 32 50 N
LONGITUDE: 115 35 W
[TEMPERATURE DATA] [PRECIPITATION DATA] SYMBOLS USED IN COLUMN 16
AVERAGE MONTHLY: 56.5 TOTAL FOR MONTH: 0.05 1 = FOG OR MIST
DPTR FM NORMAL: 1.6 DPTR FM NORMAL: -0.29 2 = FOG REDUCING VISIBILITY
HIGHEST: 79 ON 25 GRTST 24HR 0.05 ON 28-28 TO 1/4 MILE OR LESS
LOWEST: 34 ON 14 3 = THUNDER
SNOW, ICE PELLETS, HAIL 4 = ICE PELLETS
TOTAL MONTH: M 5 = HAIL
GRTST 24HR M ON M 6 = FREEZING RAIN OR DRIZZLE
GRTST DEPTH: M ON M 7 = DUSTSTORM OR SANDSTORM:
VSBY 1/2 MILE OR LESS
8 = SMOKE OR HAZE
[NO. OF DAYS WITH] [WEATHER - DAYS WITH] 9 = BLOWING SNOW
X = TORNADO
MAX 32 OR BELOW: 0 0.01 INCH OR MORE: 1
MAX 90 OR ABOVE: 0 0.10 INCH OR MORE: 0
MIN 32 OR BELOW: 0 0.50 INCH OR MORE: 0
MIN 0 OR BELOW: 0 1.00 INCH OR MORE: 0
[HDD (BASE 65) ]
TOTAL THIS MO. 215 CLEAR (SCALE 0-3) 25
DPTR FM NORMAL -98 PTCLDY (SCALE 4-7) 2
TOTAL FM JUL 1 404 CLOUDY (SCALE 8-10) 4
DPTR FM NORMAL -26
[CDD (BASE 65) ]
TOTAL THIS MO. 0
DPTR FM NORMAL -1 [PRESSURE DATA]
TOTAL FM JAN 1 4533 HIGHEST SLP M ON M
DPTR FM NORMAL 371 LOWEST SLP 29.74 ON 28
[REMARKS]
#FINAL-12-22#