000
CXUS55 KPSR 011005
CF6IPL
PRELIMINARY LOCAL CLIMATOLOGICAL DATA (WS FORM: F-6)
STATION: IMPERIAL CA
MONTH: OCTOBER
YEAR: 2023
LATITUDE: 32 50 N
LONGITUDE: 115 35 W
TEMPERATURE IN F: :PCPN: SNOW: WIND :SUNSHINE: SKY :PK WND
================================================================================
1 2 3 4 5 6A 6B 7 8 9 10 11 12 13 14 15 16 17 18
12Z AVG MX 2MIN
DY MAX MIN AVG DEP HDD CDD WTR SNW DPTH SPD SPD DIR MIN PSBL S-S WX SPD DR
================================================================================
1 80 61 71 -10 0 6 0.00 0.0 0 10.3 24 270 M M 3 34 280
2 83 56 70 -11 0 5 0.00 0.0 0 5.0 14 10 M M 0 17 270
3 89 59 74 -6 0 9 0.00 M M 4.4 12 340 M M 0 15 360
4 94 61 78 -2 0 13 0.00 M M 5.4 14 10 M M 0 19 10
5 98 63 81 1 0 16 0.00 M M 5.4 12 30 M M 0 8 16 360
6 100 63 82 3 0 17 0.00 M M 5.2 9 260 M M 0 13 250
7 102 66 84 5 0 19 0.00 M M 3.3 9 280 M M 0 12 60
8 102 65 84 6 0 19 0.00 M M 3.6 10 80 M M 0 14 90
9 102 71 87 9 0 22 0.00 M M 6.1 18 250 M M 0 26 290
10 99 75 87 10 0 22 0.00 M M 14.2 25 260 M M 0 36 250
11 90 66 78 1 0 13 0.00 M M 10.7 25 270 M M 0 35 270
12 88 59 74 -3 0 9 0.00 M M 7.1 16 360 M M 0 23 350
13 88 57 73 -3 0 8 0.00 0.0 M 4.1 10 20 M M 0 15 360
14 90 57 74 -2 0 9 0.00 0.0 M 3.6 9 340 M M 0 13 300
15 95 57 76 0 0 11 0.00 0.0 M 5.0 9 360 M M 0 14 20
16 100 63 82 7 0 17 0.00 M M 5.3 12 340 M M 0 16 340
17 99 66 83 8 0 18 0.00 M M 3.9 9 100 M M 0 22 140
18 99 64 82 8 0 17 0.00 M M 3.3 8 270 M M 0 9 270
19 102 66 84 10 0 19 0.00 M M 3.9 8 270 M M 0 12 40
20 103 67 85 11 0 20 0.00 M M 4.5 13 260 M M 0 17 260
21 102 70 86 13 0 21 0.00 M M 8.1 16 330 M M 0 22 330
22 96 69 83 10 0 18 0.00 M M 14.8 41 270 M M 1 8 59 280
23 84 65 75 3 0 10 0.00 M M 14.4 37 270 M M 0 8 53 270
24 86 59 73 1 0 8 0.00 M M 4.1 9 280 M M 0 8 11 150
25 86 58 72 0 0 7 0.00 M M 4.7 10 280 M M 0 15 240
26 83 58 71 0 0 6 0.00 M M 1.2 7 270 M M 0 14 90
27 86 59 73 2 0 8 0.00 M M 5.2 15 290 M M 0 23 290
28 84 56 70 -1 0 5 0.00 M M 5.0 13 270 M M 0 18 280
29 75 51 63 -7 2 0 0.00 M M 9.5 21 360 M M 0 28 350
30 79 49 64 -6 1 0 0.00 M M 7.4 18 350 M M 0 23 350
31 81 46 64 -6 1 0 0.00 M M 5.6 10 260 M M 0 17 360
================================================================================
SM 2845 1902 4 372 0.00 0.0 194.3 M 4
================================================================================
AV 91.8 61.4 6.3 FASTST M M 0 MAX(MPH)
MISC ----> 41 270 59 280
================================================================================
NOTES:
# LAST OF SEVERAL OCCURRENCES
COLUMN 17 PEAK WIND IN M.P.H.
PRELIMINARY LOCAL CLIMATOLOGICAL DATA (WS FORM: F-6) , PAGE 2
STATION: IMPERIAL CA
MONTH: OCTOBER
YEAR: 2023
LATITUDE: 32 50 N
LONGITUDE: 115 35 W
[TEMPERATURE DATA] [PRECIPITATION DATA] SYMBOLS USED IN COLUMN 16
AVERAGE MONTHLY: 76.6 TOTAL FOR MONTH: 0.00 1 = FOG OR MIST
DPTR FM NORMAL: 1.4 DPTR FM NORMAL: -0.19 2 = FOG REDUCING VISIBILITY
HIGHEST: 103 ON 20 GRTST 24HR 0.00 ON 1- 1 TO 1/4 MILE OR LESS
LOWEST: 46 ON 31 3 = THUNDER
SNOW, ICE PELLETS, HAIL 4 = ICE PELLETS
TOTAL MONTH: 0.0 INCH 5 = HAIL
GRTST 24HR 0.0 6 = FREEZING RAIN OR DRIZZLE
GRTST DEPTH: 0 7 = DUSTSTORM OR SANDSTORM:
VSBY 1/2 MILE OR LESS
8 = SMOKE OR HAZE
[NO. OF DAYS WITH] [WEATHER - DAYS WITH] 9 = BLOWING SNOW
X = TORNADO
MAX 32 OR BELOW: 0 0.01 INCH OR MORE: 0
MAX 90 OR ABOVE: 17 0.10 INCH OR MORE: 0
MIN 32 OR BELOW: 0 0.50 INCH OR MORE: 0
MIN 0 OR BELOW: 0 1.00 INCH OR MORE: 0
[HDD (BASE 65) ]
TOTAL THIS MO. 4 CLEAR (SCALE 0-3) 30
DPTR FM NORMAL -3 PTCLDY (SCALE 4-7) 1
TOTAL FM JUL 1 4 CLOUDY (SCALE 8-10) 0
DPTR FM NORMAL -1
[CDD (BASE 65) ]
TOTAL THIS MO. 372
DPTR FM NORMAL 49 [PRESSURE DATA]
TOTAL FM JAN 1 3802 HIGHEST SLP M ON M
DPTR FM NORMAL -300 LOWEST SLP 29.45 ON 11
[REMARKS]
#FINAL-10-23#